000
CXUS51 KBTV 280700
CF6BTV
PRELIMINARY LOCAL CLIMATOLOGICAL DATA (WS FORM: F-6)

                                          STATION:   BURLINGTON VT
                                          MONTH:     MARCH
                                          YEAR:      2015
                                          LATITUDE:   44 28 N
                                          LONGITUDE:  73  9 W

  TEMPERATURE IN F:       :PCPN:    SNOW:  WIND      :SUNSHINE: SKY     :PK WND
================================================================================
1   2   3   4   5  6A  6B    7    8   9   10  11  12  13   14  15   16   17  18
                                     12Z  AVG MX 2MIN
DY MAX MIN AVG DEP HDD CDD  WTR  SNW DPTH SPD SPD DIR MIN PSBL S-S WX    SPD DR
================================================================================

 1  28  -2  13 -12  52   0    T  0.2    7  9.9 24 180   M    M   6 8      34 190
 2  30  14  22  -4  43   0 0.03  1.4    8 10.3 30 320   M    M   7 18     39 330
 3  27   0  14 -12  51   0 0.05  0.7    8 10.0 29 180   M    M   5        40 190
 4  40  27  34   8  31   0    T    T    9 10.7 29 190   M    M   9 8      37 190
 5  30  -2  14 -13  51   0 0.00  0.0    8 10.1 22 320   M    M   5        26 320
 6  24 -10   7 -20  58   0 0.00  0.0    8  7.1 15 170   M    M   1        21 180
 7  30  16  23  -4  42   0 0.00  0.0    7  9.2 18 190   M    M   7        24 190
 8  34  22  28   0  37   0 0.02  0.2    7  7.8 17 280   M    M   9 12     23 270
 9  42  27  35   7  30   0 0.02  0.4    7  8.8 20 310   M    M   6        27 280
10  49  31  40  12  25   0 0.00  0.0    7 12.5 25 190   M    M   8        34 180
11  50  36  43  14  22   0    T  0.0    5 11.4 28 320   M    M   5        35 330
12  35  17  26  -3  39   0    T    T    3 15.3 36 310   M    M   3        43 310
13  32  12  22  -8  43   0    T    T    2  2.8 13 210   M    M   5        17 240
14  42  30  36   6  29   0 0.11  0.0    2  6.2 17 170   M    M  10 1      23 170
15  38  21  30   0  35   0 0.17  1.4    2 11.3 26 330   M    M  10 189    35 360
16  40  13  27  -4  38   0 0.00  0.0    2  4.1 10 200   M    M   6 18     14 200
17  40  22  31   0  34   0 0.07  0.1    1 13.8 36 320   M    M   9 1      46 330
18  24  15  20 -12  45   0 0.00  0.0    1 17.0 29 320   M    M   5        37 330
19  29  11  20 -12  45   0 0.00  0.0    1  6.8 23 350   M    M   0        33 330
20  37  14  26  -6  39   0 0.00  0.0    0 10.4 24 180   M    M   6        32 180
21  41  22  32  -1  33   0 0.01    T    T 14.1 29 320   M    M   8        38 300
22  22  10  16 -17  49   0    T    T    T 14.4 25 340   M    M   5        32 310
23  23   8  16 -18  49   0    T    T    T 10.8 25 320   M    M   2        31 320
24  37   9  23 -11  42   0 0.00  0.0    T  2.8 12 330   M    M   1        18 290
25  49  18  34  -1  31   0    T    T    0  4.0 25 180   M    M   1 4      40 200
26  45  34  40   5  25   0 0.38  0.0    0  8.8 21 180   M    M   9 1      32 170
27  36  28  32  -4  33   0 0.04    T    M  6.5 16 360   M    M  10 1      23 360
================================================================================
SM  954  443      1051   0  0.90     4.4 256.9          M      158
================================================================================
AV 35.3 16.4                               9.5 FASTST   M    M   6    MAX(MPH)
                                 MISC ---->  # 36 310               # 46  330
================================================================================
NOTES:
# LAST OF SEVERAL OCCURRENCES

COLUMN 17 PEAK WIND IN M.P.H.

PRELIMINARY LOCAL CLIMATOLOGICAL DATA (WS FORM: F-6) , PAGE 2

                                          STATION:  BURLINGTON VT
                                          MONTH:    MARCH
                                          YEAR:     2015
                                          LATITUDE:   44 28 N
                                          LONGITUDE:  73  9 W

[TEMPERATURE DATA]      [PRECIPITATION DATA]       SYMBOLS USED IN COLUMN 16

AVERAGE MONTHLY: 25.9   TOTAL FOR MONTH:   0.90    1 = FOG OR MIST
DPTR FM NORMAL:  -4.3   DPTR FM NORMAL:   -1.01    2 = FOG REDUCING VISIBILITY
HIGHEST:    50 ON 11    GRTST 24HR  0.38 ON 26-26      TO 1/4 MILE OR LESS
LOWEST:    -10 ON  6                               3 = THUNDER
                        SNOW, ICE PELLETS, HAIL    4 = ICE PELLETS
                        TOTAL MONTH:   4.4 INCHES  5 = HAIL
                        GRTST 24HR   1.4 ON   M    6 = FREEZING RAIN OR DRIZZLE
                        GRTST DEPTH:   9 ON  4     7 = DUSTSTORM OR SANDSTORM:
                                                       VSBY 1/2 MILE OR LESS
                                                   8 = SMOKE OR HAZE
[NO. OF DAYS WITH]      [WEATHER - DAYS WITH]      9 = BLOWING SNOW
                                                   X = TORNADO
MAX 32 OR BELOW:  11    0.01 INCH OR MORE:  10
MAX 90 OR ABOVE:   0    0.10 INCH OR MORE:   3
MIN 32 OR BELOW:  25    0.50 INCH OR MORE:   0
MIN  0 OR BELOW:   4    1.00 INCH OR MORE:   0

[HDD (BASE 65) ]
TOTAL THIS MO.  1051    CLEAR  (SCALE 0-3)   6
DPTR FM NORMAL   110    PTCLDY (SCALE 4-7)  14
TOTAL FM JUL 1  6568    CLOUDY (SCALE 8-10)  7
DPTR FM NORMAL   217

[CDD (BASE 65) ]
TOTAL THIS MO.     0
DPTR FM NORMAL     0    [PRESSURE DATA]
TOTAL FM JAN 1     0    HIGHEST SLP M ON M
DPTR FM NORMAL     0    LOWEST  SLP 29.43 ON 17

[REMARKS]
