000
CXUS51 KBUF 291205
CF6BUF
PRELIMINARY LOCAL CLIMATOLOGICAL DATA (WS FORM: F-6)

                                          STATION:   BUFFALO NY
                                          MONTH:     APRIL
                                          YEAR:      2017
                                          LATITUDE:   42 55 N
                                          LONGITUDE:  78 44 W

  TEMPERATURE IN F:       :PCPN:    SNOW:  WIND      :SUNSHINE: SKY     :PK WND
================================================================================
1   2   3   4   5  6A  6B    7    8   9   10  11  12  13   14  15   16   17  18
                                     12Z  AVG MX 2MIN
DY MAX MIN AVG DEP HDD CDD  WTR  SNW DPTH SPD SPD DIR MIN PSBL S-S WX    SPD DR
================================================================================

 1  44  33  39  -1  26   0 0.01  0.0    0  9.5 16 240   M    M   8 1      20  20
 2  49  33  41   1  24   0 0.00  0.0    0 12.9 22 240   M    M   6        29 240
 3  69  40  55  14  10   0 0.43  0.0    0 10.1 23 110   M    M   9 1      29 100
 4  59  40  50   9  15   0 0.15  0.0    0 16.2 37 240   M    M  10 1      50 240
 5  52  40  46   4  19   0 0.00  0.0    0 11.3 24  50   M    M   9        29  60
 6  54  33  44   2  21   0 1.58  0.7    0 11.3 21 350   M    M  10 1      27 340
 7  38  32  35  -7  30   0 0.23  1.6    1 14.5 24 330   M    M   8 1      33 340
 8  47  31  39  -4  26   0 0.00  0.0    1 11.2 20 240   M    M   2        25 250
 9  69  35  52   9  13   0 0.00  0.0    0 10.5 21 220   M    M   5        27 200
10  75  58  67  23   0   2 0.06  0.0    0 14.4 30 250   M    M   8 3      39 240
11  67  45  56  12   9   0 0.01  0.0    0 10.2 22 230   M    M   9        28 230
12  48  38  43  -1  22   0 0.00  0.0    0 11.5 22 240   M    M   8        31 240
13  53  33  43  -2  22   0 0.00  0.0    0  2.6 10 220   M    M   6        14 240
14  63  39  51   6  14   0 0.00  0.0    0  7.5 15  30   M    M   4        19  50
15  73  45  59  13   6   0 0.07  0.0    0 10.4 26 240   M    M   6 1      35 240
16  73  48  61  15   4   0    T  0.0    0 17.0 40 260   M    M   6        53 260
17  57  38  48   1  17   0 0.00  0.0    0 10.4 18 240   M    M   5        23 240
18  60  33  47   0  18   0 0.00  0.0    0  7.1 14  30   M    M   4        18  30
19  62  49  56   9   9   0 0.37  0.0    0 11.5 26 190   M    M   9 1      34 190
20  54  44  49   1  16   0 1.95  0.0    0 12.7 24 340   M    M  10 13     28 340
21  53  44  49   1  16   0    T  0.0    0 12.1 25 250   M    M   9 128    35 240
22  54  39  47  -2  18   0 0.00  0.0    0  8.1 14 330   M    M   8        22 320
23  61  34  48  -1  17   0 0.00  0.0    0  7.8 15 260   M    M   1        19 250
24  63  38  51   2  14   0 0.00  0.0    0 11.9 21  60   M    M   4        25  50
25  64  46  55   5  10   0 0.36    M    0  8.3 17 130   M    M   9 1      23 120
26  75  53  64  14   1   0 0.00  0.0    0  5.4 12 360   M    M   6        14  30
27  85  52  69  19   0   4 0.09  0.0    0 12.6 30 260   M    M   6 13     39 240
28  62  48  55   4  10   0 0.00  0.0    0 12.2 24 220   M    M   7        30 220
================================================================================
SM 1683 1141       407   6  5.31     2.3 301.2          M      192
================================================================================
AV 60.1 40.8                              10.8 FASTST   M    M   7    MAX(MPH)
                                 MISC ---->  # 40 260               # 53  260
================================================================================
NOTES:
# LAST OF SEVERAL OCCURRENCES

COLUMN 17 PEAK WIND IN M.P.H.

PRELIMINARY LOCAL CLIMATOLOGICAL DATA (WS FORM: F-6) , PAGE 2

                                          STATION:  BUFFALO NY
                                          MONTH:    APRIL
                                          YEAR:     2017
                                          LATITUDE:   42 55 N
                                          LONGITUDE:  78 44 W

[TEMPERATURE DATA]      [PRECIPITATION DATA]       SYMBOLS USED IN COLUMN 16

AVERAGE MONTHLY: 50.4   TOTAL FOR MONTH:   5.31    1 = FOG OR MIST
DPTR FM NORMAL:   5.0   DPTR FM NORMAL:    2.50    2 = FOG REDUCING VISIBILITY
HIGHEST:    85 ON 27    GRTST 24HR  1.95 ON 20-20      TO 1/4 MILE OR LESS
LOWEST:     31 ON  8                               3 = THUNDER
                        SNOW, ICE PELLETS, HAIL    4 = ICE PELLETS
                        TOTAL MONTH:   2.3 INCHES  5 = HAIL
                        GRTST 24HR   1.6 ON   M    6 = FREEZING RAIN OR DRIZZLE
                        GRTST DEPTH:   1 ON  8, 7  7 = DUSTSTORM OR SANDSTORM:
                                                       VSBY 1/2 MILE OR LESS
                                                   8 = SMOKE OR HAZE
[NO. OF DAYS WITH]      [WEATHER - DAYS WITH]      9 = BLOWING SNOW
                                                   X = TORNADO
MAX 32 OR BELOW:   0    0.01 INCH OR MORE:  12
MAX 90 OR ABOVE:   0    0.10 INCH OR MORE:   7
MIN 32 OR BELOW:   2    0.50 INCH OR MORE:   2
MIN  0 OR BELOW:   0    1.00 INCH OR MORE:   2

[HDD (BASE 65) ]
TOTAL THIS MO.   407    CLEAR  (SCALE 0-3)   2
DPTR FM NORMAL  -140    PTCLDY (SCALE 4-7)  16
TOTAL FM JUL 1  5283    CLOUDY (SCALE 8-10) 10
DPTR FM NORMAL  -969

[CDD (BASE 65) ]
TOTAL THIS MO.     6
DPTR FM NORMAL     6    [PRESSURE DATA]
TOTAL FM JAN 1     6    HIGHEST SLP M ON M
DPTR FM NORMAL     6    LOWEST  SLP 29.19 ON  6

[REMARKS]
