000
CXUS55 KLOX 211155
CF6BUR
PRELIMINARY LOCAL CLIMATOLOGICAL DATA (WS FORM: F-6)

                                          STATION:   BOB HOPE AIRPORT (BURBANK) CA
                                          MONTH:     DECEMBER
                                          YEAR:      2014
                                          LATITUDE:   34 12 N
                                          LONGITUDE: 118 22 W

  TEMPERATURE IN F:       :PCPN:    SNOW:  WIND      :SUNSHINE: SKY     :PK WND
================================================================================
1   2   3   4   5  6A  6B    7    8   9   10  11  12  13   14  15   16   17  18
                                     12Z  AVG MX 2MIN
DY MAX MIN AVG DEP HDD CDD  WTR  SNW DPTH SPD SPD DIR MIN PSBL S-S WX    SPD DR
================================================================================

 1  66  54  60   5   5   0 0.00  0.0    0  1.2  8 330   M    M   1 1      10 320
 2  62  56  59   4   6   0 1.10  0.0    0  6.8 20 120   M    M   9 1      29 120
 3  67  58  63   8   2   0 0.04  0.0    0  5.9 16 110   M    M  10 1      22 120
 4  69  54  62   7   3   0 0.01  0.0    0  2.8 10 230   M    M   2 1      13 220
 5  68  53  61   6   4   0 0.00  0.0    0  0.7  6 250   M    M   0 8      10 350
 6  72  53  63   9   2   0 0.00  0.0    0  1.6  9 170   M    M   0        10 180
 7  74  51  63   9   2   0 0.00  0.0    0  2.3  9 250   M    M   0        12 270
 8  79  52  66  12   0   1 0.00  0.0    0  3.1 12 330   M    M   0        14 110
 9  76  50  63   9   2   0 0.00  0.0    0  2.2  9 130   M    M   0        13 130
10  73  50  62   8   3   0 0.00  0.0    0  1.8  7 160   M    M   0 18     16 250
11  66  58  62   8   3   0 0.01  0.0    0 11.4 25 110   M    M  10 18     33 120
12  62  50  56   2   9   0 1.22  0.0    0  8.4 30 120   M    M   7 1      40 120
13  64  44  54   0  11   0 0.00  0.0    0  6.1 17 320   M    M   0        21 330
14  64  42  53  -1  12   0 0.00  0.0    0  0.9  8 190   M    M   0        10 250
15  63  42  53  -1  12   0    T    M    0  2.7 14 140   M    M   2        18 150
16  58  53  56   2   9   0 0.70  0.0    0  2.7 20 110   M    M  10 18     23 110
17  62  48  55   1  10   0 0.28    M    0  2.7 16 120   M    M   4 13     20 150
18  63  45  54   0  11   0 0.00  0.0    0  1.2  8 210   M    M   4        10 290
19  64  45  55   1  10   0 0.00  0.0    0  2.1  9 210   M    M   0        12 230
20  63  47  55   1  10   0 0.00  0.0    0  2.1  9 120   M    M   0 8      14 120
================================================================================
SM 1335 1005       126   1  3.36     0.0  68.6          M       59
================================================================================
AV 66.8 50.2                               3.4 FASTST   M    M   3    MAX(MPH)
                                 MISC ---->  # 30 120               # 40  120
================================================================================
NOTES:
# LAST OF SEVERAL OCCURRENCES

COLUMN 17 PEAK WIND IN M.P.H.

PRELIMINARY LOCAL CLIMATOLOGICAL DATA (WS FORM: F-6) , PAGE 2

                                          STATION:  BOB HOPE AIRPORT (BURBANK) CA
                                          MONTH:    DECEMBER
                                          YEAR:     2014
                                          LATITUDE:   34 12 N
                                          LONGITUDE: 118 22 W

[TEMPERATURE DATA]      [PRECIPITATION DATA]       SYMBOLS USED IN COLUMN 16

AVERAGE MONTHLY: 58.5   TOTAL FOR MONTH:   3.36    1 = FOG OR MIST
DPTR FM NORMAL:   4.2   DPTR FM NORMAL:    2.02    2 = FOG REDUCING VISIBILITY
HIGHEST:    79 ON  8    GRTST 24HR  1.23 ON 11-12      TO 1/4 MILE OR LESS
LOWEST:     42 ON 15,14                            3 = THUNDER
                        SNOW, ICE PELLETS, HAIL    4 = ICE PELLETS
                        TOTAL MONTH:   0.0 INCH    5 = HAIL
                        GRTST 24HR     0.0         6 = FREEZING RAIN OR DRIZZLE
                        GRTST DEPTH:   0           7 = DUSTSTORM OR SANDSTORM:
                                                       VSBY 1/2 MILE OR LESS
                                                   8 = SMOKE OR HAZE
[NO. OF DAYS WITH]      [WEATHER - DAYS WITH]      9 = BLOWING SNOW
                                                   X = TORNADO
MAX 32 OR BELOW:   0    0.01 INCH OR MORE:   7
MAX 90 OR ABOVE:   0    0.10 INCH OR MORE:   4
MIN 32 OR BELOW:   0    0.50 INCH OR MORE:   3
MIN  0 OR BELOW:   0    1.00 INCH OR MORE:   2

[HDD (BASE 65) ]
TOTAL THIS MO.   126    CLEAR  (SCALE 0-3)  13
DPTR FM NORMAL   -88    PTCLDY (SCALE 4-7)   3
TOTAL FM JUL 1   186    CLOUDY (SCALE 8-10)  4
DPTR FM NORMAL  -256

[CDD (BASE 65) ]
TOTAL THIS MO.     1
DPTR FM NORMAL     1    [PRESSURE DATA]
TOTAL FM JAN 1  1956    HIGHEST SLP M ON M
DPTR FM NORMAL   711    LOWEST  SLP 29.73 ON 12

[REMARKS]
