000
CXUS51 KLWX 270620
CF6BWI
PRELIMINARY LOCAL CLIMATOLOGICAL DATA (WS FORM: F-6)

                                          STATION:   BALTIMORE MD
                                          MONTH:     MARCH
                                          YEAR:      2017
                                          LATITUDE:   39 10 N
                                          LONGITUDE:  76 40 W

  TEMPERATURE IN F:       :PCPN:    SNOW:  WIND      :SUNSHINE: SKY     :PK WND
================================================================================
1   2   3   4   5  6A  6B    7    8   9   10  11  12  13   14  15   16   17  18
                                     12Z  AVG MX 2MIN
DY MAX MIN AVG DEP HDD CDD  WTR  SNW DPTH SPD SPD DIR MIN PSBL S-S WX    SPD DR
================================================================================

 1  75  55  65  26   0   0 0.02  0.0    0 12.8 38 270   M    M   9 1      53 250
 2  62  35  49  10  16   0 0.01  0.0    0 19.9 36 290   M    M   4        49 290
 3  42  28  35  -5  30   0    T    T    0 15.0 31 300   M    M   5        43 290
 4  41  20  31  -9  34   0 0.00  0.0    0  9.2 24 290   M    M   2        31 300
 5  41  18  30 -10  35   0 0.00  0.0    0  4.9 14  20   M    M   2        18  30
 6  54  24  39  -1  26   0    T  0.0    0  3.9 13 130   M    M   7        17 100
 7  70  44  57  16   8   0 0.06  0.0    0  6.8 20 210   M    M   9 1      30 240
 8  66  48  57  16   8   0    T  0.0    0 15.0 37 290   M    M   5        51 300
 9  71  46  59  18   6   0 0.00  0.0    0 10.9 25 280   M    M   2        34 300
10  54  28  41  -1  24   0 0.13    T    0 13.6 36 310   M    M   7 1      46 300
11  37  20  29 -13  36   0 0.00  0.0    0 12.9 25 280   M    M   3        33 280
12  39  23  31 -11  34   0 0.00  0.0    0  7.3 21 290   M    M   6        26 300
13  40  21  31 -11  34   0 0.28  1.6    0  8.7 20  40   M    M   7 1246   23  40
14  36  23  30 -13  35   0 1.12  0.6    2 16.2 33 290   M    M   7 146    44 290
15  31  20  26 -17  39   0    T    T    2 21.2 39 270   M    M   8        53 270
16  39  23  31 -13  34   0 0.00  0.0    2 13.6 26 290   M    M   2        33 280
17  50  24  37  -7  28   0    T  0.0    1  7.3 15 240   M    M   5        20 230
18  55  38  47   3  18   0 0.14  0.0    0  9.5 22  60   M    M   8 1      27  50
19  51  33  42  -2  23   0 0.27  0.1    T  9.0 17 320   M    M   8 1      28 340
20  52  33  43  -2  22   0 0.00  0.0    0  5.1 14 280   M    M   6        22 330
21  62  44  53   8  12   0    T  0.0    0  5.7 16 280   M    M   9        20 340
22  53  31  42  -3  23   0 0.00  0.0    0 12.7 28 300   M    M   3        35 300
23  48  25  37  -9  28   0 0.00  0.0    0  4.8 12 130   M    M   1        18  10
24  61  30  46   0  19   0    T  0.0    0  7.1 17 220   M    M   7        26 240
25  80  50  65  19   0   0 0.00  0.0    0  8.2 24  90   M    M   9        29  80
26  51  44  48   1  17   0    T  0.0    0 12.9 20  60   M    M  10 1      24  70
================================================================================
SM 1361  828       589   0  2.03     2.3 274.2          M      151
================================================================================
AV 52.4 31.9                              10.5 FASTST   M    M   6    MAX(MPH)
                                 MISC ---->  # 39 270               # 53  250
================================================================================
NOTES:
# LAST OF SEVERAL OCCURRENCES

COLUMN 17 PEAK WIND IN M.P.H.

PRELIMINARY LOCAL CLIMATOLOGICAL DATA (WS FORM: F-6) , PAGE 2

                                          STATION:  BALTIMORE MD
                                          MONTH:    MARCH
                                          YEAR:     2017
                                          LATITUDE:   39 10 N
                                          LONGITUDE:  76 40 W

[TEMPERATURE DATA]      [PRECIPITATION DATA]       SYMBOLS USED IN COLUMN 16

AVERAGE MONTHLY: 42.1   TOTAL FOR MONTH:   2.03    1 = FOG OR MIST
DPTR FM NORMAL:  -0.6   DPTR FM NORMAL:   -1.20    2 = FOG REDUCING VISIBILITY
HIGHEST:    80 ON 25    GRTST 24HR  1.12 ON 14-14      TO 1/4 MILE OR LESS
LOWEST:     18 ON  5                               3 = THUNDER
                        SNOW, ICE PELLETS, HAIL    4 = ICE PELLETS
                        TOTAL MONTH:   2.3 INCHES  5 = HAIL
                        GRTST 24HR   1.6 ON   M    6 = FREEZING RAIN OR DRIZZLE
                        GRTST DEPTH:   2 ON 16,15  7 = DUSTSTORM OR SANDSTORM:
                                                       VSBY 1/2 MILE OR LESS
                                                   8 = SMOKE OR HAZE
[NO. OF DAYS WITH]      [WEATHER - DAYS WITH]      9 = BLOWING SNOW
                                                   X = TORNADO
MAX 32 OR BELOW:   1    0.01 INCH OR MORE:   8
MAX 90 OR ABOVE:   0    0.10 INCH OR MORE:   5
MIN 32 OR BELOW:  15    0.50 INCH OR MORE:   1
MIN  0 OR BELOW:   0    1.00 INCH OR MORE:   1

[HDD (BASE 65) ]
TOTAL THIS MO.   589    CLEAR  (SCALE 0-3)   6
DPTR FM NORMAL     9    PTCLDY (SCALE 4-7)  13
TOTAL FM JUL 1  3480    CLOUDY (SCALE 8-10)  7
DPTR FM NORMAL  -695

[CDD (BASE 65) ]
TOTAL THIS MO.     0
DPTR FM NORMAL     0    [PRESSURE DATA]
TOTAL FM JAN 1     0    HIGHEST SLP M ON M
DPTR FM NORMAL     0    LOWEST  SLP 29.52 ON 14

[REMARKS]
