000
CXUS55 KRIW 310901
CF6BYG
PRELIMINARY LOCAL CLIMATOLOGICAL DATA (WS FORM: F-6)

                                          STATION:   BUFFALO WY
                                          MONTH:     OCTOBER
                                          YEAR:      2014
                                          LATITUDE:   44 22 N
                                          LONGITUDE: 106 43 W

  TEMPERATURE IN F:       :PCPN:    SNOW:  WIND      :SUNSHINE: SKY     :PK WND
================================================================================
1   2   3   4   5  6A  6B    7    8   9   10  11  12  13   14  15   16   17  18
                                     12Z  AVG MX 2MIN
DY MAX MIN AVG DEP HDD CDD  WTR  SNW DPTH SPD SPD DIR MIN PSBL S-S WX    SPD DR
================================================================================

 1  52  36  44  -7  21   0 0.09  0.0    0 13.8 26 340   M    M   8        39 340
 2  55  30  43  -7  22   0    T    M    M 15.9 37 350   M    M   5 1      47 340
 3  51  22  37 -13  28   0 0.00  0.0    0  4.9 23 330   M    M   1        27 330
 4  68  38  53   3  12   0    T  0.0    0 11.3 36 350   M    M   3        47 350
 5  64  44  54   5  11   0 0.02  0.0    0 16.6 35 340   M    M   5        45 330
 6  70  41  56   7   9   0 0.00  0.0    0  9.8 26 330   M    M   1        38 330
 7  62  46  54   5  11   0    T  0.0    0  5.0 16 190   M    M   8 8      20 190
 8  74  48  61  13   4   0 0.00  0.0    0  7.3 21 350   M    M   1        27 340
 9  67  45  56   8   9   0 0.01  0.0    0  5.2 14 150   M    M   3        17 150
10  69  38  54   6  11   0    T  0.0    0  5.4 15 150   M    M   1        17 150
11  73  48  61  14   4   0 0.00  0.0    0  7.1 43 330   M    M   2        57 330
12  52  39  46  -1  19   0 0.08  0.0    0 22.5 39 330   M    M   7 13     52 330
13  59  32  46  -1  19   0    T  0.0    0  6.6 24 340   M    M   1        33 340
14  79  43  61  15   4   0 0.00  0.0    0  6.9 22 220   M    M   0        27 230
15  82  51  67  21   0   2 0.00    M    M 11.4 29 350   M    M   0        40 200
16  59  41  50   4  15   0 0.00    M    M 12.9 30 350   M    M   0        39 340
17  61  33  47   1  18   0 0.00    M    M  7.9 17 140   M    M   1        22 140
18  73  36  55  10  10   0 0.00    M    M  4.6 16 310   M    M   0 8      17 310
19  72  43  58  13   7   0 0.00  0.0    0  7.5 15 150   M    M   0        19 170
20  79  45  62  17   3   0 0.00  0.0    0  6.0 14 180   M    M   0        17 190
21  77  45  61  17   4   0    T    M    0 12.0 29 230   M    M   1        37 210
22  60  33  47   3  18   0 0.00  0.0    0  7.1 20 320   M    M   0        28 340
23  70  37  54  10  11   0 0.00  0.0    0  5.6 14 110   M    M   0        17  90
24  68  37  53   9  12   0 0.00  0.0    0  5.7 15 340   M    M   1        24 340
25  80  35  58  15   7   0 0.00  0.0    0  9.3 21 170   M    M   0        27 180
26  67  36  52   9  13   0 0.00  0.0    0 14.1 36 260   M    M   0        45 240
27  50  33  42  -1  23   0 0.01    M    M 11.3 29 350   M    M   6 1      39 340
28  48  24  36  -6  29   0 0.00  0.0    0  7.1 15 160   M    M   0        20 170
29  64  36  50   8  15   0 0.00  0.0    0  9.3 29 310   M    M   2        35 310
30  58  34  46   4  19   0 0.00  0.0    0  7.4 22 150   M    M   0        26 160
================================================================================
SM 1963 1149       388   2  0.21     0.0 277.5          M       57
================================================================================
AV 65.4 38.3                               9.2 FASTST   M    M   2    MAX(MPH)
                                 MISC ---->  # 43 330               # 57  330
================================================================================
NOTES:
# LAST OF SEVERAL OCCURRENCES

COLUMN 17 PEAK WIND IN M.P.H.

PRELIMINARY LOCAL CLIMATOLOGICAL DATA (WS FORM: F-6) , PAGE 2

                                          STATION:  BUFFALO WY
                                          MONTH:    OCTOBER
                                          YEAR:     2014
                                          LATITUDE:   44 22 N
                                          LONGITUDE: 106 43 W

[TEMPERATURE DATA]      [PRECIPITATION DATA]       SYMBOLS USED IN COLUMN 16

AVERAGE MONTHLY: 51.9   TOTAL FOR MONTH:   0.21    1 = FOG OR MIST
DPTR FM NORMAL:   5.8   DPTR FM NORMAL:   -0.71    2 = FOG REDUCING VISIBILITY
HIGHEST:    82 ON 15    GRTST 24HR  0.09 ON  1- 1      TO 1/4 MILE OR LESS
LOWEST:     22 ON  3                               3 = THUNDER
                        SNOW, ICE PELLETS, HAIL    4 = ICE PELLETS
                        TOTAL MONTH:   0.0 INCH    5 = HAIL
                        GRTST 24HR     0.0         6 = FREEZING RAIN OR DRIZZLE
                        GRTST DEPTH:   0           7 = DUSTSTORM OR SANDSTORM:
                                                       VSBY 1/2 MILE OR LESS
                                                   8 = SMOKE OR HAZE
[NO. OF DAYS WITH]      [WEATHER - DAYS WITH]      9 = BLOWING SNOW
                                                   X = TORNADO
MAX 32 OR BELOW:   0    0.01 INCH OR MORE:   5
MAX 90 OR ABOVE:   0    0.10 INCH OR MORE:   0
MIN 32 OR BELOW:   4    0.50 INCH OR MORE:   0
MIN  0 OR BELOW:   0    1.00 INCH OR MORE:   0

[HDD (BASE 65) ]
TOTAL THIS MO.   388    CLEAR  (SCALE 0-3)  24
DPTR FM NORMAL  -180    PTCLDY (SCALE 4-7)   6
TOTAL FM JUL 1   685    CLOUDY (SCALE 8-10)  0
DPTR FM NORMAL  -197

[CDD (BASE 65) ]
TOTAL THIS MO.     2
DPTR FM NORMAL     2    [PRESSURE DATA]
TOTAL FM JAN 1   387    HIGHEST SLP M ON M
DPTR FM NORMAL  -104    LOWEST  SLP 29.65 ON 12

[REMARKS]
