000
CXUS51 KCAR 170600
CF6CAR
PRELIMINARY LOCAL CLIMATOLOGICAL DATA (WS FORM: F-6)

                                          STATION:   CARIBOU ME
                                          MONTH:     DECEMBER
                                          YEAR:      2017
                                          LATITUDE:   46 52 N
                                          LONGITUDE:  68  1 W

  TEMPERATURE IN F:       :PCPN:    SNOW:  WIND      :SUNSHINE: SKY     :PK WND
================================================================================
1   2   3   4   5  6A  6B    7    8   9   10  11  12  13   14  15   16   17  18
                                     12Z  AVG MX 2MIN
DY MAX MIN AVG DEP HDD CDD  WTR  SNW DPTH SPD SPD DIR MIN PSBL S-S WX    SPD DR
================================================================================

 1  39  28  34   9  31   0 0.03    T    0  5.9 13 200   M    M   9 1      23 200
 2  31  27  29   5  36   0 0.00  0.0    0  3.6 14 360   M    M   9        16 360
 3  31  28  30   6  35   0    T    T    0  1.5  6 360   M    M  10         8 330
 4  35  23  29   6  36   0 0.01  0.3    T  4.6 12 360   M    M   5 1      13 360
 5  37  23  30   7  35   0 0.25  0.4    0 12.3 26 150   M    M   8 1      33 140
 6  46  27  37  15  28   0 0.59    T    0  7.5 22 150   M    M   6 1      32 150
 7  34  28  31   9  34   0    T    T    0  7.9 22 240   M    M   8        29 250
 8  33  23  28   6  37   0 0.01  0.3    T  6.9 17 250   M    M   7 1      24 230
 9  32  20  26   5  39   0 0.16  2.5    T  3.1 10  10   M    M   4 1      13  10
10  28  13  21   0  44   0 0.25  4.6    6  8.6 20 230   M    M   7 1      25 230
11  16  -8   4 -16  61   0 0.06  2.5    8  4.4 13  10   M    M   6 18     17  10
12  31  -9  11  -9  54   0 0.54  4.4    8  6.3 16  70   M    M   8 12     23  80
13  35  10  23   4  42   0 0.69  2.2   10 12.2 22 250   M    M  10 129    31 250
14  10   3   7 -12  58   0    T    T   10 14.8 25 250   M    M   5 89     35 260
15  14   1   8 -10  57   0    T    T    9 10.2 24 250   M    M   2        32 240
16  14   3   9  -9  56   0 0.01  0.2    9  7.8 17 320   M    M   4 18     24 310
================================================================================
SM  466  240       683   0  2.60    17.4 117.6          M      108
================================================================================
AV 29.1 15.0                               7.4 FASTST   M    M   7    MAX(MPH)
                                 MISC ---->  # 26 150               # 35  260
================================================================================
NOTES:
# LAST OF SEVERAL OCCURRENCES

COLUMN 17 PEAK WIND IN M.P.H.

PRELIMINARY LOCAL CLIMATOLOGICAL DATA (WS FORM: F-6) , PAGE 2

                                          STATION:  CARIBOU ME
                                          MONTH:    DECEMBER
                                          YEAR:     2017
                                          LATITUDE:   46 52 N
                                          LONGITUDE:  68  1 W

[TEMPERATURE DATA]      [PRECIPITATION DATA]       SYMBOLS USED IN COLUMN 16

AVERAGE MONTHLY: 22.1   TOTAL FOR MONTH:   2.60    1 = FOG OR MIST
DPTR FM NORMAL:   0.8   DPTR FM NORMAL:    0.78    2 = FOG REDUCING VISIBILITY
HIGHEST:    46 ON  6    GRTST 24HR  0.69 ON 13-13      TO 1/4 MILE OR LESS
LOWEST:     -9 ON 12                               3 = THUNDER
                        SNOW, ICE PELLETS, HAIL    4 = ICE PELLETS
                        TOTAL MONTH:  17.4 INCHES  5 = HAIL
                        GRTST 24HR   4.6 ON 10-10  6 = FREEZING RAIN OR DRIZZLE
                        GRTST DEPTH:  10 ON 14,13  7 = DUSTSTORM OR SANDSTORM:
                                                       VSBY 1/2 MILE OR LESS
                                                   8 = SMOKE OR HAZE
[NO. OF DAYS WITH]      [WEATHER - DAYS WITH]      9 = BLOWING SNOW
                                                   X = TORNADO
MAX 32 OR BELOW:   9    0.01 INCH OR MORE:  11
MAX 90 OR ABOVE:   0    0.10 INCH OR MORE:   6
MIN 32 OR BELOW:  16    0.50 INCH OR MORE:   3
MIN  0 OR BELOW:   2    1.00 INCH OR MORE:   0

[HDD (BASE 65) ]
TOTAL THIS MO.   683    CLEAR  (SCALE 0-3)   1
DPTR FM NORMAL   -16    PTCLDY (SCALE 4-7)  10
TOTAL FM JUL 1  2387    CLOUDY (SCALE 8-10)  5
DPTR FM NORMAL  -457

[CDD (BASE 65) ]
TOTAL THIS MO.     0
DPTR FM NORMAL     0    [PRESSURE DATA]
TOTAL FM JAN 1   222    HIGHEST SLP M ON M
DPTR FM NORMAL    42    LOWEST  SLP 28.84 ON 13

[REMARKS]
