000
CXUS56 KMTR 011000
CF6CCR
PRELIMINARY LOCAL CLIMATOLOGICAL DATA (WS FORM: F-6)

                                          STATION:   CONCORD AIRPORT
                                          MONTH:     JUNE
                                          YEAR:      2015
                                          LATITUDE:   37 58 N
                                          LONGITUDE: 122  3 W

  TEMPERATURE IN F:       :PCPN:    SNOW:  WIND      :SUNSHINE: SKY     :PK WND
================================================================================
1   2   3   4   5  6A  6B    7    8   9   10  11  12  13   14  15   16   17  18
                                     12Z  AVG MX 2MIN
DY MAX MIN AVG DEP HDD CDD  WTR  SNW DPTH SPD SPD DIR MIN PSBL S-S WX    SPD DR
================================================================================

 1  76  58  67   0   0   2 0.00  0.0    0  9.4 18 230   M    M   5        24 240
 2  81  57  69   2   0   4 0.00  0.0    0  9.4 18 190   M    M   2        23 200
 3  74  56  65  -2   0   0 0.00  0.0    0 17.9 26 190   M    M   1 8      33 190
 4  82  55  69   2   0   4    T  0.0    0 10.1 20 190   M    M   0        26 190
 5  86  55  71   4   0   6 0.00  0.0    0  7.3 16 300   M    M   0        23 290
 6  82  57  70   2   0   5 0.00  0.0    0  8.3 18 240   M    M   0        23 240
 7  92  56  74   6   0   9 0.00  0.0    0  7.1 17 310   M    M   0        21 300
 8 104  61  83  15   0  18    T  0.0    0  5.8 18 300   M    M   0        23 300
 9  89  61  75   7   0  10    T  0.0    M  9.1 28 260   M    M   1        33 260
10  73  63  68   0   0   3 0.37  0.0    0  6.0 13 330   M    M   6 1      14 330
11  92  58  75   7   0  10    T  0.0    0  6.8 18 260   M    M   0 1      23 280
12  99  59  79  10   0  14 0.00  0.0    0  7.3 17 200   M    M   0        22 270
13  88  59  74   5   0   9 0.00  0.0    0  9.8 22 280   M    M   0        26 260
14  81  56  69   0   0   4 0.00  0.0    0 11.4 21 200   M    M   0        26 200
15  77  55  66  -3   0   1 0.00  0.0    0 16.9 25 200   M    M   0        30 190
16  92  56  74   5   0   9 0.00  0.0    0 10.8 15 190   M    M   0        20 280
17  94  57  76   6   0  11 0.00  0.0    0 10.2 18 300   M    M   0        22 280
18  88  57  73   3   0   8 0.00  0.0    0 12.6 18 190   M    M   0        24 180
19  92  56  74   4   0   9 0.00  0.0    0 11.0 20 200   M    M   0        26 190
20  93  57  75   5   0  10 0.00  0.0    0  7.7 18 270   M    M   0        22 270
21  81  56  69  -1   0   4 0.00  0.0    0 10.5 22 210   M    M   0        26 210
22  84  57  71   1   0   6 0.00  0.0    0 12.2 22 200   M    M   0        26 210
23  91  58  75   4   0  10 0.00  0.0    0 12.6 22 200   M    M   0        26 190
24  93  57  75   4   0  10 0.00  0.0    0 12.7 22 200   M    M   0        28 190
25 100  60  80   9   0  15 0.00  0.0    0  7.0 17 300   M    M   0        22 320
26  97  61  79   8   0  14 0.00  0.0    0  8.5 17 270   M    M   0        22 270
27  80  60  70  -1   0   5 0.00  0.0    0 12.2 20 260   M    M   1        25 260
28  82  61  72   1   0   7 0.00  0.0    0 11.4 21 260   M    M   0        24 260
29  92  58  75   4   0  10 0.00  0.0    0  9.2 17 320   M    M   3        21 320
30 106  61  84  12   0  19 0.00  0.0    0  4.8 15 290   M    M   0        18 290
================================================================================
SM 2641 1738         0 246  0.37     0.0 296.0          M       19
================================================================================
AV 88.0 57.9                               9.9 FASTST   M    M   1    MAX(MPH)
                                 MISC ---->  # 28 260               # 33  190
================================================================================
NOTES:
# LAST OF SEVERAL OCCURRENCES

COLUMN 17 PEAK WIND IN M.P.H.

PRELIMINARY LOCAL CLIMATOLOGICAL DATA (WS FORM: F-6) , PAGE 2

                                          STATION:  CONCORD AIRPORT
                                          MONTH:    JUNE
                                          YEAR:     2015
                                          LATITUDE:   37 58 N
                                          LONGITUDE: 122  3 W

[TEMPERATURE DATA]      [PRECIPITATION DATA]       SYMBOLS USED IN COLUMN 16

AVERAGE MONTHLY: 73.0   TOTAL FOR MONTH:   0.37    1 = FOG OR MIST
DPTR FM NORMAL:   3.7   DPTR FM NORMAL:    0.28    2 = FOG REDUCING VISIBILITY
HIGHEST:   106 ON 30    GRTST 24HR  0.37 ON 10-10      TO 1/4 MILE OR LESS
LOWEST:     55 ON 15, 5                            3 = THUNDER
                        SNOW, ICE PELLETS, HAIL    4 = ICE PELLETS
                        TOTAL MONTH:   0.0 INCH    5 = HAIL
                        GRTST 24HR     0.0         6 = FREEZING RAIN OR DRIZZLE
                        GRTST DEPTH:   0           7 = DUSTSTORM OR SANDSTORM:
                                                       VSBY 1/2 MILE OR LESS
                                                   8 = SMOKE OR HAZE
[NO. OF DAYS WITH]      [WEATHER - DAYS WITH]      9 = BLOWING SNOW
                                                   X = TORNADO
MAX 32 OR BELOW:   0    0.01 INCH OR MORE:   1
MAX 90 OR ABOVE:  14    0.10 INCH OR MORE:   1
MIN 32 OR BELOW:   0    0.50 INCH OR MORE:   0
MIN  0 OR BELOW:   0    1.00 INCH OR MORE:   0

[HDD (BASE 65) ]
TOTAL THIS MO.     0    CLEAR  (SCALE 0-3)  28
DPTR FM NORMAL   -15    PTCLDY (SCALE 4-7)   2
TOTAL FM JUL 1  1534    CLOUDY (SCALE 8-10)  0
DPTR FM NORMAL  -936

[CDD (BASE 65) ]
TOTAL THIS MO.   246
DPTR FM NORMAL   104    [PRESSURE DATA]
TOTAL FM JAN 1   292    HIGHEST SLP M ON M
DPTR FM NORMAL    79    LOWEST  SLP 29.73 ON M

[REMARKS]
#FINAL-06-15#
