000
CXUS55 KBOU 261443
CF6CCU
PRELIMINARY LOCAL CLIMATOLOGICAL DATA (WS FORM: F-6)

                                          STATION:   COPPER MTN CO
                                          MONTH:     JANUARY
                                          YEAR:      2015
                                          LATITUDE:   39 28 N
                                          LONGITUDE: 106  9 W

  TEMPERATURE IN F:       :PCPN:    SNOW:  WIND      :SUNSHINE: SKY     :PK WND
================================================================================
1   2   3   4   5  6A  6B    7    8   9   10  11  12  13   14  15   16   17  18
                                     12Z  AVG MX 2MIN
DY MAX MIN AVG DEP HDD CDD  WTR  SNW DPTH SPD SPD DIR MIN PSBL S-S WX    SPD DR
================================================================================

 1  25  14  20   M  45   0    M    M    M  8.2 22 170   M    M   6        25 150
 2  25  14  20   M  45   0    M    M    M  8.0 16 260   M    M   0         M  M
 3  19   7  13   M  52   0    M    M    M 21.5 31 280   M    M  10        40 270
 4  19   5  12   M  53   0    M    M    M 18.6 33 260   M    M   7        40 280
 5  34  19  27   M  38   0    M    M    M 17.4 28 270   M    M   9 8      39 280
 6  34  28  31   M  34   0    M    M    M 18.3 29 270   M    M  10 128    33 270
 7  36  27  32   M  33   0    M    M    M 17.3 24 260   M    M   1        30 270
 8  36  27  32   M  33   0    M    M    M 17.8 29 270   M    M   2        35 270
 9  32  23  28   M  37   0    M    M    M 14.1 27 280   M    M   0        33 280
10  32  23  28   M  37   0    M    M    M 15.4 24 250   M    M   4        32 280
11  27  21  24   M  41   0    M    M    M 14.4 24 260   M    M  10 8      29 280
12  25  18  22   M  43   0    M    M    M 10.2 22 160   M    M   7        28 160
13  30  19  25   M  40   0    M    M    M  8.4 18 160   M    M   8 8      24 170
14  27  16  22   M  43   0    M    M    M 11.8 20 280   M    M   0 8      20 190
15  34  18  26   M  39   0    M    M    M  9.6 17 270   M    M   0        24 270
16  34  25  30   M  35   0    M    M    M 14.1 23 270   M    M   3 8      33 260
17  25  14  20   M  45   0    M    M    M 20.5 38 270   M    M   4        51 270
18  34  21  28   M  37   0    M    M    M 19.4 35 270   M    M   4 8      44 270
19  32  23  28   M  37   0    M    M    M 19.0 37 260   M    M   9         M  M
20  23  14  19   M  46   0    M    M    M 15.3 25 280   M    M   9        31 280
21  14   1   8   M  57   0    M    M    M  9.1 18 290   M    M   8        20 280
22  19   1  10   M  55   0    M    M    M  7.6 20 260   M    M   0        17 280
23  28  12  20   M  45   0    M    M    M 10.7 17 260   M    M   5        21 280
24  28  16  22   M  43   0    M    M    M 16.2 35 260   M    M   5 8      43 260
25  32  23  28   M  37   0    M    M    M 22.2 37 260   M    M   6 8      45 270
================================================================================
SM  704  429      1050   0    M     M    365.1          M      127
================================================================================
AV 28.2 17.2                              14.6 FASTST   M    M   5    MAX(MPH)
                                 MISC ---->  # 38 270                 51    M
================================================================================
NOTES:
# LAST OF SEVERAL OCCURRENCES

COLUMN 17 PEAK WIND IN M.P.H.

PRELIMINARY LOCAL CLIMATOLOGICAL DATA (WS FORM: F-6) , PAGE 2

                                          STATION:  COPPER MTN CO
                                          MONTH:    JANUARY
                                          YEAR:     2015
                                          LATITUDE:   39 28 N
                                          LONGITUDE: 106  9 W

[TEMPERATURE DATA]      [PRECIPITATION DATA]       SYMBOLS USED IN COLUMN 16

AVERAGE MONTHLY: 22.7   TOTAL FOR MONTH:      M    1 = FOG OR MIST
DPTR FM NORMAL:     M   DPTR FM NORMAL:       M    2 = FOG REDUCING VISIBILITY
HIGHEST:    36 ON  8, 7 GRTST 24HR    M  ON   M        TO 1/4 MILE OR LESS
LOWEST:      1 ON 22,21                            3 = THUNDER
                        SNOW, ICE PELLETS, HAIL    4 = ICE PELLETS
                        TOTAL MONTH:    M          5 = HAIL
                        GRTST 24HR    M  ON   M    6 = FREEZING RAIN OR DRIZZLE
                        GRTST DEPTH:  M  ON   M    7 = DUSTSTORM OR SANDSTORM:
                                                       VSBY 1/2 MILE OR LESS
                                                   8 = SMOKE OR HAZE
[NO. OF DAYS WITH]      [WEATHER - DAYS WITH]      9 = BLOWING SNOW
                                                   X = TORNADO
MAX 32 OR BELOW:  18    0.01 INCH OR MORE:   0
MAX 90 OR ABOVE:   0    0.10 INCH OR MORE:   0
MIN 32 OR BELOW:  25    0.50 INCH OR MORE:   0
MIN  0 OR BELOW:   0    1.00 INCH OR MORE:   0

[HDD (BASE 65) ]
TOTAL THIS MO.  1050    CLEAR  (SCALE 0-3)   7
DPTR FM NORMAL     M    PTCLDY (SCALE 4-7)  10
TOTAL FM JUL 1  5443    CLOUDY (SCALE 8-10)  8
DPTR FM NORMAL     M

[CDD (BASE 65) ]
TOTAL THIS MO.     0
DPTR FM NORMAL     M    [PRESSURE DATA]
TOTAL FM JAN 1     0    HIGHEST SLP M ON M
DPTR FM NORMAL     M    LOWEST  SLP M ON M

[REMARKS]
