000
CXUS55 KBOU 260215
CF6CCU
PRELIMINARY LOCAL CLIMATOLOGICAL DATA (WS FORM: F-6)

                                          STATION:   COPPER MTN CO
                                          MONTH:     AUGUST
                                          YEAR:      2015
                                          LATITUDE:   39 28 N
                                          LONGITUDE: 106  9 W

  TEMPERATURE IN F:       :PCPN:    SNOW:  WIND      :SUNSHINE: SKY     :PK WND
================================================================================
1   2   3   4   5  6A  6B    7    8   9   10  11  12  13   14  15   16   17  18
                                     12Z  AVG MX 2MIN
DY MAX MIN AVG DEP HDD CDD  WTR  SNW DPTH SPD SPD DIR MIN PSBL S-S WX    SPD DR
================================================================================

 1  68  54  61   M   4   0    M    M    M 12.5 21 180   M    M   4        23 280
 2  70  52  61   M   4   0    M    M    M 10.3 25 160   M    M   7 3      35 160
 3  61  46  54   M  11   0    M    M    M 13.9 31 280   M    M   7 3      45 250
 4  61  46  54   M  11   0    M    M    M 21.8 37 280   M    M   2 3      48 280
 5  68  50  59   M   6   0    M    M    M 13.3 24 260   M    M   2        31 260
 6  64  52  58   M   7   0    M    M    M 16.9 29 270   M    M   0        41 240
 7  64  46  55   M  10   0    M    M    M 12.8 20 170   M    M   6        25 160
 8  64  45  55   M  10   0    M    M    M 11.6 22 290   M    M   4 8      29 290
 9  63  45  54   M  11   0    M    M    M 11.4 21 270   M    M   2        29 290
10  64  46  55   M  10   0    M    M    M  9.3 18 280   M    M   6        27 280
11  68  46  57   M   8   0    M    M    M 11.5 21 170   M    M   7 3      20 180
12  61  46  54   M  11   0    M    M    M 15.0 21 180   M    M   6 3      24 280
13  64  52  58   M   7   0    M    M    M 13.1 23 280   M    M   5 3      30 280
14  68  54  61   M   4   0    M    M    M 10.7 23 170   M    M   4 3      33 180
15  68  50  59   M   6   0    M    M    M 13.4 27 270   M    M   5 38     32 270
16  64  46  55   M  10   0    M    M    M 12.9 23 270   M    M   4 3      31 270
17  63  48  56   M   9   0    M    M    M 15.1 29 270   M    M   4 3      38 270
18  59  43  51   M  14   0    M    M    M 20.7 30 280   M    M   3        43 280
19  55  36  46   M  19   0    M    M    M 19.9 27 270   M    M   2        33 270
20  61  45  53   M  12   0    M    M    M 18.7 28 260   M    M   0        38 270
21  64  46  55   M  10   0    M    M    M 18.4 33 270   M    M   3        40 270
22  64  52  58   M   7   0    M    M    M 17.3 30 280   M    M   3        39 280
23  64  50  57   M   8   0    M    M    M 15.9 25 270   M    M   0        33 270
24  68  52  60   M   5   0    M    M    M 12.4 21 280   M    M   3        30 250
================================================================================
SM 1538 1148       214   0    M     M    348.8          M       89
================================================================================
AV 64.1 47.8                              14.5 FASTST   M    M   4    MAX(MPH)
                                 MISC ---->    37   M                 48    M
================================================================================
NOTES:
# LAST OF SEVERAL OCCURRENCES

COLUMN 17 PEAK WIND IN M.P.H.

PRELIMINARY LOCAL CLIMATOLOGICAL DATA (WS FORM: F-6) , PAGE 2

                                          STATION:  COPPER MTN CO
                                          MONTH:    AUGUST
                                          YEAR:     2015
                                          LATITUDE:   39 28 N
                                          LONGITUDE: 106  9 W

[TEMPERATURE DATA]      [PRECIPITATION DATA]       SYMBOLS USED IN COLUMN 16

AVERAGE MONTHLY: 56.0   TOTAL FOR MONTH:      M    1 = FOG OR MIST
DPTR FM NORMAL:     M   DPTR FM NORMAL:       M    2 = FOG REDUCING VISIBILITY
HIGHEST:    70 ON  2    GRTST 24HR    M  ON   M        TO 1/4 MILE OR LESS
LOWEST:     36 ON 19                               3 = THUNDER
                        SNOW, ICE PELLETS, HAIL    4 = ICE PELLETS
                        TOTAL MONTH:    M          5 = HAIL
                        GRTST 24HR    M  ON   M    6 = FREEZING RAIN OR DRIZZLE
                        GRTST DEPTH:  M  ON   M    7 = DUSTSTORM OR SANDSTORM:
                                                       VSBY 1/2 MILE OR LESS
                                                   8 = SMOKE OR HAZE
[NO. OF DAYS WITH]      [WEATHER - DAYS WITH]      9 = BLOWING SNOW
                                                   X = TORNADO
MAX 32 OR BELOW:   0    0.01 INCH OR MORE:   0
MAX 90 OR ABOVE:   0    0.10 INCH OR MORE:   0
MIN 32 OR BELOW:   0    0.50 INCH OR MORE:   0
MIN  0 OR BELOW:   0    1.00 INCH OR MORE:   0

[HDD (BASE 65) ]
TOTAL THIS MO.   214    CLEAR  (SCALE 0-3)  10
DPTR FM NORMAL     M    PTCLDY (SCALE 4-7)  14
TOTAL FM JUL 1   546    CLOUDY (SCALE 8-10)  0
DPTR FM NORMAL     M

[CDD (BASE 65) ]
TOTAL THIS MO.     0
DPTR FM NORMAL     M    [PRESSURE DATA]
TOTAL FM JAN 1     0    HIGHEST SLP M ON M
DPTR FM NORMAL     M    LOWEST  SLP M ON M

[REMARKS]
