269
CXAK56 PAFC 261320
CF6CDB
PRELIMINARY LOCAL CLIMATOLOGICAL DATA (WS FORM: F-6)

                                          STATION:   COLD BAY
                                          MONTH:     APRIL
                                          YEAR:      2017
                                          LATITUDE:   55 13 N
                                          LONGITUDE: 162 44 W

  TEMPERATURE IN F:       :PCPN:    SNOW:  WIND      :SUNSHINE: SKY     :PK WND
================================================================================
1   2   3   4   5  6A  6B    7    8   9   10  11  12  13   14  15   16   17  18
                                     12Z  AVG MX 2MIN
DY MAX MIN AVG DEP HDD CDD  WTR  SNW DPTH SPD SPD DIR MIN PSBL S-S WX    SPD DR
================================================================================

 1  34  26  30  -1  35   0    T    T    T 22.1 35 290   M    M  10 1      42 280
 2  36  21  29  -2  36   0 0.00  0.0    0  8.2 15 350   M    M   5 8      19 350
 3  28  26  27  -5  38   0    T    T    0 20.9 31 340   M    M  10 18     37 330
 4  30  27  29  -3  36   0 0.05  0.5    0 25.8 32 310   M    M  10 1      37 310
 5  29  26  28  -4  37   0 0.03  0.3    1 26.8 33 300   M    M  10 18     38 300
 6  30  27  29  -3  36   0 0.08  0.8    2 21.2 30 290   M    M  10 1      35 300
 7  32  26  29  -3  36   0 0.10  1.0    3 15.7 23 260   M    M  10 1      26 270
 8  35  29  32   0  33   0 0.01    T    3 12.8 21 260   M    M   9 1      23 270
 9  37  27  32  -1  33   0    T    T    1 13.3 25 130   M    M   9 1      32 120
10  44  28  36   3  29   0 0.00  0.0    T  6.7 17 140   M    M   7        20 140
11  40  35  38   5  27   0    T    T    T 21.7 32 140   M    M   7        41 140
12  39  36  38   5  27   0    T    T    0 29.0 40 140   M    M  10 1      52 150
13  47  36  42   9  23   0 0.02    T    0 14.7 31 150   M    M   9 1      37 150
14  44  33  39   5  26   0 0.05    T    0 19.2 33 160   M    M   7 18     40 140
15  39  35  37   3  28   0 0.10    T    0 18.9 26 150   M    M  10 1      34 150
16  41  36  39   5  26   0 0.21  0.0    0 17.4 28 120   M    M   9        34 120
17  47  35  41   7  24   0 0.16  0.0    0 11.6 20 130   M    M  10 1      22 140
18  35  32  34   0  31   0    T    T    0 13.2 18 310   M    M  10 1      21 280
19  39  31  35   0  30   0    T    M    0  8.3 15 330   M    M   9 1      17 290
20  39  30  35   0  30   0 0.01  0.0    0  4.7 13 360   M    M  10        15 350
21  47  33  40   5  25   0 0.01  0.0    0  7.2 23 100   M    M   8        29  90
22  46  38  42   7  23   0 0.04  0.0    0 11.6 23 140   M    M  10        29 130
23  46  37  42   6  23   0 0.04    T    0 17.2 25 130   M    M  10 1      30 140
24  46  36  41   5  24   0 0.02  0.0    0 17.2 29 140   M    M   9        35 140
25  49  35  42   6  23   0 0.01  0.0    0 14.2 23 150   M    M   7        27 150
================================================================================
SM  979  781       739   0  0.94     2.6 399.6          M      225
================================================================================
AV 39.2 31.2                              16.0 FASTST   M    M   9    MAX(MPH)
                                 MISC ---->    40   M                 52    M
================================================================================
NOTES:
# LAST OF SEVERAL OCCURRENCES

COLUMN 17 PEAK WIND IN M.P.H.

PRELIMINARY LOCAL CLIMATOLOGICAL DATA (WS FORM: F-6) , PAGE 2

                                          STATION:  COLD BAY
                                          MONTH:    APRIL
                                          YEAR:     2017
                                          LATITUDE:   55 13 N
                                          LONGITUDE: 162 44 W

[TEMPERATURE DATA]      [PRECIPITATION DATA]       SYMBOLS USED IN COLUMN 16

AVERAGE MONTHLY: 35.2   TOTAL FOR MONTH:   0.94    1 = FOG OR MIST
DPTR FM NORMAL:   1.7   DPTR FM NORMAL:   -1.10    2 = FOG REDUCING VISIBILITY
HIGHEST:    49 ON 25    GRTST 24HR  0.29 ON 16-17      TO 1/4 MILE OR LESS
LOWEST:     21 ON  2                               3 = THUNDER
                        SNOW, ICE PELLETS, HAIL    4 = ICE PELLETS
                        TOTAL MONTH:   2.6 INCHES  5 = HAIL
                        GRTST 24HR   1.0 ON  7- 7  6 = FREEZING RAIN OR DRIZZLE
                        GRTST DEPTH:   3 ON  8, 7  7 = DUSTSTORM OR SANDSTORM:
                                                       VSBY 1/2 MILE OR LESS
                                                   8 = SMOKE OR HAZE
[NO. OF DAYS WITH]      [WEATHER - DAYS WITH]      9 = BLOWING SNOW
                                                   X = TORNADO
MAX 32 OR BELOW:   5    0.01 INCH OR MORE:  16
MAX 90 OR ABOVE:   0    0.10 INCH OR MORE:   4
MIN 32 OR BELOW:  13    0.50 INCH OR MORE:   0
MIN  0 OR BELOW:   0    1.00 INCH OR MORE:   0

[HDD (BASE 65) ]
TOTAL THIS MO.   739    CLEAR  (SCALE 0-3)   0
DPTR FM NORMAL   -49    PTCLDY (SCALE 4-7)   5
TOTAL FM JUL 1  7495    CLOUDY (SCALE 8-10) 20
DPTR FM NORMAL  -593

[CDD (BASE 65) ]
TOTAL THIS MO.     0
DPTR FM NORMAL     0    [PRESSURE DATA]
TOTAL FM JAN 1     0    HIGHEST SLP M ON M
DPTR FM NORMAL     0    LOWEST  SLP 29.24 ON 24

[REMARKS]
