000
CXUS55 KEAX 250736
CF6CDJ
PRELIMINARY LOCAL CLIMATOLOGICAL DATA (WS FORM: F-6)

                                          STATION:   CHILLICOTHE
                                          MONTH:     JULY
                                          YEAR:      2016
                                          LATITUDE:   39 49 N
                                          LONGITUDE:  93 35 W

  TEMPERATURE IN F:       :PCPN:    SNOW:  WIND      :SUNSHINE: SKY     :PK WND
================================================================================
1   2   3   4   5  6A  6B    7    8   9   10  11  12  13   14  15   16   17  18
                                     12Z  AVG MX 2MIN
DY MAX MIN AVG DEP HDD CDD  WTR  SNW DPTH SPD SPD DIR MIN PSBL S-S WX    SPD DR
================================================================================

 1  82  62  72  -4   0   7 0.00    M    M  2.3 10  20   M    M   0        13  20
 2  71  60  66 -10   0   1 1.34    M    M  6.7 16 110   M    M   0 3      23 110
 3  66  59  63 -13   2   0 0.69    M    M  5.6 10  40   M    M   0        17  60
 4  80  64  72  -4   0   7 0.00    M    M  1.8  9 310   M    M   0        11 320
 5  94  66  80   4   0  15 0.00    M    M  5.7 13 200   M    M   0        18 170
 6  84  71  78   2   0  13 0.09    M    M  5.4 17 200   M    M   0        30 180
 7  88  67  78   2   0  13 0.29    M    M  3.7 24 310   M    M   0        39 270
 8  90  72  81   4   0  16 0.00    M    M  2.3 10 360   M    M   0        14 350
 9  87  67  77   0   0  12 0.00    M    M  3.8  9 130   M    M   0        14 120
10  90  72  81   4   0  16 0.00    M    M  6.1 13 180   M    M   0        18 200
11  92  75  84   7   0  19 0.00    M    M 10.0 18 160   M    M   0        27 180
12  88  67  78   1   0  13 1.37    M    M  5.1 16 190   M    M   0        34 330
13  84  70  77   0   0  12 0.10    M    M  4.5 14 310   M    M   0        23 280
14  89  68  79   2   0  14 0.00    M    M  2.2  9 200   M    M   0        13 200
15  84  65  75  -2   0  10 0.00    M    M  3.7 12  20   M    M   0        15  20
16  86  67  77   0   0  12 0.00    M    M  5.0 14 110   M    M   0        17 120
17  92  75  84   7   0  19 0.00    M    M  6.0 14 200   M    M   0        21 190
18  87  74  81   4   0  16 0.00    M    M  3.4 15 180   M    M   0        20  80
19  94  71  83   6   0  18 0.41    M    M  4.4 20  30   M    M   0 3      30 340
20  94  73  84   7   0  19 0.00    M    M  5.5 13 180   M    M   0        16 170
21  95  79  87  10   0  22 0.00    M    M  7.4 15 190   M    M   0        21 200
22  92  76  84   7   0  19 0.00    M    M  7.4 20 110   M    M   0        35 100
23  95  76  86   9   0  21 0.00    M    M  5.4 13 180   M    M   0        18 190
24  96  77  87  10   0  22 0.00    M    M  3.6 10 350   M    M   0        19 350
================================================================================
SM 2100 1673         2 336  4.29    M    117.0          M        0
================================================================================
AV 87.5 69.7                               4.9 FASTST   M    M   0    MAX(MPH)
                                 MISC ---->  # 24 310               # 39  270
================================================================================
NOTES:
# LAST OF SEVERAL OCCURRENCES

COLUMN 17 PEAK WIND IN M.P.H.

PRELIMINARY LOCAL CLIMATOLOGICAL DATA (WS FORM: F-6) , PAGE 2

                                          STATION:  CHILLICOTHE
                                          MONTH:    JULY
                                          YEAR:     2016
                                          LATITUDE:   39 49 N
                                          LONGITUDE:  93 35 W

[TEMPERATURE DATA]      [PRECIPITATION DATA]       SYMBOLS USED IN COLUMN 16

AVERAGE MONTHLY: 78.6   TOTAL FOR MONTH:   4.29    1 = FOG OR MIST
DPTR FM NORMAL:   1.9   DPTR FM NORMAL:    1.22    2 = FOG REDUCING VISIBILITY
HIGHEST:    96 ON 24    GRTST 24HR  2.03 ON  2- 3      TO 1/4 MILE OR LESS
LOWEST:     59 ON  3                               3 = THUNDER
                        SNOW, ICE PELLETS, HAIL    4 = ICE PELLETS
                        TOTAL MONTH:    M          5 = HAIL
                        GRTST 24HR    M  ON   M    6 = FREEZING RAIN OR DRIZZLE
                        GRTST DEPTH:  M  ON   M    7 = DUSTSTORM OR SANDSTORM:
                                                       VSBY 1/2 MILE OR LESS
                                                   8 = SMOKE OR HAZE
[NO. OF DAYS WITH]      [WEATHER - DAYS WITH]      9 = BLOWING SNOW
                                                   X = TORNADO
MAX 32 OR BELOW:   0    0.01 INCH OR MORE:   7
MAX 90 OR ABOVE:  11    0.10 INCH OR MORE:   6
MIN 32 OR BELOW:   0    0.50 INCH OR MORE:   3
MIN  0 OR BELOW:   0    1.00 INCH OR MORE:   2

[HDD (BASE 65) ]
TOTAL THIS MO.     2    CLEAR  (SCALE 0-3)  24
DPTR FM NORMAL     2    PTCLDY (SCALE 4-7)   0
TOTAL FM JUL 1     2    CLOUDY (SCALE 8-10)  0
DPTR FM NORMAL     2

[CDD (BASE 65) ]
TOTAL THIS MO.   336
DPTR FM NORMAL    55    [PRESSURE DATA]
TOTAL FM JAN 1   814    HIGHEST SLP  0.00 ON M
DPTR FM NORMAL   221    LOWEST  SLP  0.00 ON M

[REMARKS]
