000
CXUS55 KPAH 310630
CF6CGI
PRELIMINARY LOCAL CLIMATOLOGICAL DATA (WS FORM: F-6)

                                          STATION:   CAPE GIRARDEAU MO
                                          MONTH:     JULY
                                          YEAR:      2014
                                          LATITUDE:   37 13 N
                                          LONGITUDE:  89 35 W

  TEMPERATURE IN F:       :PCPN:    SNOW:  WIND      :SUNSHINE: SKY     :PK WND
================================================================================
1   2   3   4   5  6A  6B    7    8   9   10  11  12  13   14  15   16   17  18
                                     12Z  AVG MX 2MIN
DY MAX MIN AVG DEP HDD CDD  WTR  SNW DPTH SPD SPD DIR MIN PSBL S-S WX    SPD DR
================================================================================

 1  90  71  81   3   0  16 0.89  0.0    0  8.9 31 310   M    M   2 138    44 320
 2  83  67  75  -3   0  10 0.00  0.0    0  6.5 15 330   M    M   1 1      17 330
 3  76  61  69  -9   0   4 0.00  0.0    0  5.5 13 340   M    M   4        17 340
 4  81  58  70  -8   0   5 0.00  0.0    0  4.4 13  70   M    M   2 18     15  70
 5  82  56  69 -10   0   4 0.00  0.0    0  2.7  9 210   M    M   1 12     13 190
 6  86  60  73  -6   0   8 0.00  0.0    0  7.6 17 220   M    M   1        21 220
 7  90  71  81   2   0  16 0.03  0.0    0 10.6 22 210   M    M   3 138    27 210
 8  86  69  78  -1   0  13 0.12  0.0    0  8.7 20 290   M    M   2 13     28 290
 9  87  64  76  -3   0  11 0.00  0.0    0  4.8 13 300   M    M   1        16 300
10  84  64  74  -5   0   9 0.00  0.0    0  4.4 10  40   M    M   1        14  50
11  89  65  77  -2   0  12 0.00  0.0    0  4.5 12 190   M    M   1 1      15 200
12  93  71  82   3   0  17 0.00  0.0    0  6.1 14 220   M    M   1 1      18 230
13  93  74  84   5   0  19 0.00  0.0    0  6.9 16 230   M    M   1 1      21 230
14  87  71  79   0   0  14 0.79  0.0    0  5.3 28 290   M    M   6 13     34 290
15  78  59  69 -10   0   4 0.00  0.0    0  8.8 17 350   M    M   2        23 320
16  79  56  68 -11   0   3 0.00  0.0    0  2.6 12  50   M    M   3        18  20
17  79  56  68 -11   0   3 0.00  0.0    0  2.4  8  90   M    M   1 128    11  90
18  80  63  72  -7   0   7 0.00  0.0    0  3.7 12 120   M    M   3 1      15 110
19  81  58  70  -9   0   5 0.00  0.0    0  5.4 14  50   M    M   0 1      18  40
20  84  60  72  -7   0   7 0.00  0.0    0  1.6  8  80   M    M   3 128    12  50
21  86  60  73  -6   0   8 0.00  0.0    0  1.7  8 250   M    M   2 128    10 250
22  89  62  76  -3   0  11 0.00  0.0    0  3.3 12 230   M    M   1 128    16 260
23  82  67  75  -4   0  10 1.09  0.0    0  6.4 43  50   M    M   4 1238   53  40
24  81  59  70  -9   0   5 0.00  0.0    0  6.1 15  10   M    M   1 18     22  30
25  81  58  70  -8   0   5 0.00  0.0    0  3.7 12 160   M    M   1 12     16 160
26  91  66  79   1   0  14 0.00  0.0    0  8.5 18 210   M    M   0 18     26 220
27  95  70  83   5   0  18 0.00  0.0    0  8.7 15 360   M    M   1 18     21  20
28  83  60  72  -6   0   7 0.00  0.0    0  8.2 17 360   M    M   2 8      23 350
29  80  56  68 -10   0   3 0.00  0.0    0  2.7 10  40   M    M   1        13  30
30  77  57  67 -11   0   2 0.00  0.0    0  1.5  7 200   M    M   5 18      9 190
================================================================================
SM 2533 1889         0 270  2.92     0.0 162.2          M       57
================================================================================
AV 84.4 63.0                               5.4 FASTST   M    M   2    MAX(MPH)
                                 MISC ---->  # 43  50               # 53   40
================================================================================
NOTES:
# LAST OF SEVERAL OCCURRENCES

COLUMN 17 PEAK WIND IN M.P.H.

PRELIMINARY LOCAL CLIMATOLOGICAL DATA (WS FORM: F-6) , PAGE 2

                                          STATION:  CAPE GIRARDEAU MO
                                          MONTH:    JULY
                                          YEAR:     2014
                                          LATITUDE:   37 13 N
                                          LONGITUDE:  89 35 W

[TEMPERATURE DATA]      [PRECIPITATION DATA]       SYMBOLS USED IN COLUMN 16

AVERAGE MONTHLY: 73.7   TOTAL FOR MONTH:   2.92    1 = FOG OR MIST
DPTR FM NORMAL:  -5.0   DPTR FM NORMAL:   -0.33    2 = FOG REDUCING VISIBILITY
HIGHEST:    95 ON 27    GRTST 24HR  1.09 ON 23-23      TO 1/4 MILE OR LESS
LOWEST:     56 ON 29,17                            3 = THUNDER
                        SNOW, ICE PELLETS, HAIL    4 = ICE PELLETS
                        TOTAL MONTH:   0.0 INCH    5 = HAIL
                        GRTST 24HR     0.0         6 = FREEZING RAIN OR DRIZZLE
                        GRTST DEPTH:   0           7 = DUSTSTORM OR SANDSTORM:
                                                       VSBY 1/2 MILE OR LESS
                                                   8 = SMOKE OR HAZE
[NO. OF DAYS WITH]      [WEATHER - DAYS WITH]      9 = BLOWING SNOW
                                                   X = TORNADO
MAX 32 OR BELOW:   0    0.01 INCH OR MORE:   5
MAX 90 OR ABOVE:   6    0.10 INCH OR MORE:   4
MIN 32 OR BELOW:   0    0.50 INCH OR MORE:   3
MIN  0 OR BELOW:   0    1.00 INCH OR MORE:   1

[HDD (BASE 65) ]
TOTAL THIS MO.     0    CLEAR  (SCALE 0-3)  25
DPTR FM NORMAL     0    PTCLDY (SCALE 4-7)   5
TOTAL FM JUL 1     0    CLOUDY (SCALE 8-10)  0
DPTR FM NORMAL     0

[CDD (BASE 65) ]
TOTAL THIS MO.   270
DPTR FM NORMAL  -142    [PRESSURE DATA]
TOTAL FM JAN 1   840    HIGHEST SLP M ON M
DPTR FM NORMAL   -36    LOWEST  SLP 29.74 ON  1

[REMARKS]
