000
CXUS51 KLWX 190620
CF6CHO
PRELIMINARY LOCAL CLIMATOLOGICAL DATA (WS FORM: F-6)

                                          STATION:   CHARLOTTESVILLE VA
                                          MONTH:     OCTOBER
                                          YEAR:      2017
                                          LATITUDE:   38  7 N
                                          LONGITUDE:  78 27 W

  TEMPERATURE IN F:       :PCPN:    SNOW:  WIND      :SUNSHINE: SKY     :PK WND
================================================================================
1   2   3   4   5  6A  6B    7    8   9   10  11  12  13   14  15   16   17  18
                                     12Z  AVG MX 2MIN
DY MAX MIN AVG DEP HDD CDD  WTR  SNW DPTH SPD SPD DIR MIN PSBL S-S WX    SPD DR
================================================================================

 1  70  41  56  -5   9   0 0.00    M    M  2.3 12  20   M    M   0        14  70
 2  76  41  59  -2   6   0 0.00    M    M  2.1  8 140   M    M   0 1      13 190
 3  77  46  62   2   3   0 0.00    M    M  1.9  9 130   M    M   0 18     12  70
 4  82  48  65   5   0   0 0.00    M    M  3.6 10 200   M    M   0 18     17 150
 5  86  51  69  10   0   4 0.00    M    M  2.6 12 190   M    M   0 18     16 190
 6  88  57  73  14   0   8 0.00    M    M  2.7 13 170   M    M   1 18     15 170
 7  87  58  73  14   0   8 0.02    M    M  5.8 18 190   M    M   4 1      25 180
 8  81  72  77  19   0  12 0.14    M    M  6.9 15 180   M    M   7 1      22 190
 9  88  72  80  22   0  15 0.34    M    M 10.4 24 170   M    M   6 18     30 170
10  88  70  79  21   0  14 0.00    M    M  2.6  8 170   M    M   6        10 150
11  84  71  78  21   0  13 0.16    M    M  3.1 10  50   M    M   9 18     14  40
12  74  60  67  10   0   2 0.08    M    M  9.8 16  40   M    M  10 1      19  40
13  67  59  63   6   2   0 0.01    M    M  3.5 10  50   M    M  10 1      14  30
14  75  56  66  10   0   1 0.00    M    M  1.4  9 190   M    M   7 128    11 190
15  80  63  72  16   0   7 0.00    M    M  8.2 17 200   M    M   6 12     22 180
16  73  49  61   5   4   0 0.07    M    M  5.8 16 340   M    M   5 1      24 340
17  65  39  52  -4  13   0 0.00    M    M  2.5  9 180   M    M   0        12  30
18  71  37  54  -1  11   0 0.00    M    M  2.2 10 140   M    M   0        14 160
================================================================================
SM 1412  990        48  84  0.82    M     77.4          M       71
================================================================================
AV 78.4 55.0                               4.3 FASTST   M    M   4    MAX(MPH)
                                 MISC ---->  # 24 170               # 30  170
================================================================================
NOTES:
# LAST OF SEVERAL OCCURRENCES

COLUMN 17 PEAK WIND IN M.P.H.

PRELIMINARY LOCAL CLIMATOLOGICAL DATA (WS FORM: F-6) , PAGE 2

                                          STATION:  CHARLOTTESVILLE VA
                                          MONTH:    OCTOBER
                                          YEAR:     2017
                                          LATITUDE:   38  7 N
                                          LONGITUDE:  78 27 W

[TEMPERATURE DATA]      [PRECIPITATION DATA]       SYMBOLS USED IN COLUMN 16

AVERAGE MONTHLY: 66.7   TOTAL FOR MONTH:   0.82    1 = FOG OR MIST
DPTR FM NORMAL:   8.8   DPTR FM NORMAL:   -1.07    2 = FOG REDUCING VISIBILITY
HIGHEST:    88 ON 10, 9 GRTST 24HR  0.34 ON  9- 9      TO 1/4 MILE OR LESS
LOWEST:     37 ON 18                               3 = THUNDER
                        SNOW, ICE PELLETS, HAIL    4 = ICE PELLETS
                        TOTAL MONTH:    M          5 = HAIL
                        GRTST 24HR    M  ON   M    6 = FREEZING RAIN OR DRIZZLE
                        GRTST DEPTH:  M  ON   M    7 = DUSTSTORM OR SANDSTORM:
                                                       VSBY 1/2 MILE OR LESS
                                                   8 = SMOKE OR HAZE
[NO. OF DAYS WITH]      [WEATHER - DAYS WITH]      9 = BLOWING SNOW
                                                   X = TORNADO
MAX 32 OR BELOW:   0    0.01 INCH OR MORE:   7
MAX 90 OR ABOVE:   0    0.10 INCH OR MORE:   3
MIN 32 OR BELOW:   0    0.50 INCH OR MORE:   0
MIN  0 OR BELOW:   0    1.00 INCH OR MORE:   0

[HDD (BASE 65) ]
TOTAL THIS MO.    48    CLEAR  (SCALE 0-3)   8
DPTR FM NORMAL   -89    PTCLDY (SCALE 4-7)   7
TOTAL FM JUL 1    75    CLOUDY (SCALE 8-10)  3
DPTR FM NORMAL  -120

[CDD (BASE 65) ]
TOTAL THIS MO.    84
DPTR FM NORMAL    72    [PRESSURE DATA]
TOTAL FM JAN 1  1590    HIGHEST SLP M ON M
DPTR FM NORMAL   557    LOWEST  SLP 29.85 ON M

[REMARKS]
