000
CXUS51 KLWX 220620
CF6CHO
PRELIMINARY LOCAL CLIMATOLOGICAL DATA (WS FORM: F-6)

                                          STATION:   CHARLOTTESVILLE VA
                                          MONTH:     JUNE
                                          YEAR:      2017
                                          LATITUDE:   38  7 N
                                          LONGITUDE:  78 27 W

  TEMPERATURE IN F:       :PCPN:    SNOW:  WIND      :SUNSHINE: SKY     :PK WND
================================================================================
1   2   3   4   5  6A  6B    7    8   9   10  11  12  13   14  15   16   17  18
                                     12Z  AVG MX 2MIN
DY MAX MIN AVG DEP HDD CDD  WTR  SNW DPTH SPD SPD DIR MIN PSBL S-S WX    SPD DR
================================================================================

 1  85  60  73   5   0   8 0.00    M    M  3.6 12 220   M    M   1 8      16 180
 2  85  55  70   2   0   5 0.00    M    M  3.3 12  10   M    M   1 18     17 320
 3  87  54  71   3   0   6 0.00    M    M  3.2 12 300   M    M   1 8      21 350
 4  88  55  72   3   0   7 0.00    M    M  6.9 18 200   M    M   0        24 190
 5  74  66  70   1   0   5 0.32    M    M  4.4 13 200   M    M   6 1      14 200
 6  80  61  71   1   0   6 0.00    M    M  4.5 15 350   M    M   2 1      22 350
 7  73  54  64  -6   1   0 0.01    M    M  5.6 15  50   M    M   6 18     19 100
 8  74  56  65  -5   0   0 0.00    M    M  5.1 13  50   M    M   6 18     17  40
 9  83  57  70   0   0   5 0.00    M    M  2.6 13 330   M    M   2 8      16 340
10  89  56  73   2   0   8 0.00    M    M  4.1 12 190   M    M   0 18     16 200
11  92  64  78   7   0  13 0.00    M    M  4.9 14 200   M    M   0 8      18 170
12  92  66  79   8   0  14 0.00    M    M  3.6 12 180   M    M   2 18     14 180
13  94  70  82  10   0  17 0.00    M    M  3.3 16 280   M    M   1 38     23 290
14  91  69  80   8   0  15    T    M    M  1.9 17 160   M    M   1 138    23 160
15  88  70  79   7   0  14 0.09    M    M  3.5 16 100   M    M   4 138    21 110
16  84  69  77   5   0  12 1.23    M    M  2.8 14 360   M    M   6 1238   22 320
17  86  69  78   5   0  13 0.09    M    M  4.6 17 170   M    M   6 12     22 190
18  90  73  82   9   0  17 0.08    M    M 10.0 26 200   M    M   4 13     36 210
19  87  71  79   6   0  14 0.71    M    M  9.2 21 190   M    M   5 13     27 190
20  85  66  76   3   0  11 0.00    M    M  6.3 20 190   M    M   0 1      24 210
21  89  67  78   4   0  13 0.00    M    M  5.8 13 210   M    M   2        20 110
================================================================================
SM 1796 1328         1 203  2.53    M     99.2          M       56
================================================================================
AV 85.5 63.2                               4.7 FASTST   M    M   3    MAX(MPH)
                                 MISC ---->  # 26 200               # 36  210
================================================================================
NOTES:
# LAST OF SEVERAL OCCURRENCES

COLUMN 17 PEAK WIND IN M.P.H.

PRELIMINARY LOCAL CLIMATOLOGICAL DATA (WS FORM: F-6) , PAGE 2

                                          STATION:  CHARLOTTESVILLE VA
                                          MONTH:    JUNE
                                          YEAR:     2017
                                          LATITUDE:   38  7 N
                                          LONGITUDE:  78 27 W

[TEMPERATURE DATA]      [PRECIPITATION DATA]       SYMBOLS USED IN COLUMN 16

AVERAGE MONTHLY: 74.4   TOTAL FOR MONTH:   2.53    1 = FOG OR MIST
DPTR FM NORMAL:   3.5   DPTR FM NORMAL:   -0.22    2 = FOG REDUCING VISIBILITY
HIGHEST:    94 ON 13    GRTST 24HR  1.23 ON 16-16      TO 1/4 MILE OR LESS
LOWEST:     54 ON  7, 3                            3 = THUNDER
                        SNOW, ICE PELLETS, HAIL    4 = ICE PELLETS
                        TOTAL MONTH:    M          5 = HAIL
                        GRTST 24HR    M  ON   M    6 = FREEZING RAIN OR DRIZZLE
                        GRTST DEPTH:  M  ON   M    7 = DUSTSTORM OR SANDSTORM:
                                                       VSBY 1/2 MILE OR LESS
                                                   8 = SMOKE OR HAZE
[NO. OF DAYS WITH]      [WEATHER - DAYS WITH]      9 = BLOWING SNOW
                                                   X = TORNADO
MAX 32 OR BELOW:   0    0.01 INCH OR MORE:   7
MAX 90 OR ABOVE:   5    0.10 INCH OR MORE:   3
MIN 32 OR BELOW:   0    0.50 INCH OR MORE:   2
MIN  0 OR BELOW:   0    1.00 INCH OR MORE:   1

[HDD (BASE 65) ]
TOTAL THIS MO.     1    CLEAR  (SCALE 0-3)  13
DPTR FM NORMAL    -7    PTCLDY (SCALE 4-7)   8
TOTAL FM JUL 1  3092    CLOUDY (SCALE 8-10)  0
DPTR FM NORMAL -1349

[CDD (BASE 65) ]
TOTAL THIS MO.   203
DPTR FM NORMAL    69    [PRESSURE DATA]
TOTAL FM JAN 1   413    HIGHEST SLP M ON M
DPTR FM NORMAL   193    LOWEST  SLP 29.66 ON M

[REMARKS]
