000
CXUS52 KCHS 280715
CF6CHS
PRELIMINARY LOCAL CLIMATOLOGICAL DATA (WS FORM: F-6)

                                          STATION:   NORTH CHARLESTON SC
                                          MONTH:     JULY
                                          YEAR:      2017
                                          LATITUDE:   32 54 N
                                          LONGITUDE:  80  2 W

  TEMPERATURE IN F:       :PCPN:    SNOW:  WIND      :SUNSHINE: SKY     :PK WND
================================================================================
1   2   3   4   5  6A  6B    7    8   9   10  11  12  13   14  15   16   17  18
                                     12Z  AVG MX 2MIN
DY MAX MIN AVG DEP HDD CDD  WTR  SNW DPTH SPD SPD DIR MIN PSBL S-S WX    SPD DR
================================================================================

 1  90  73  82   1   0  17 0.09  0.0    0  8.1 15 210   M    M   6 1      19 260
 2  94  75  85   4   0  20 0.00  0.0    0  7.7 16 240   M    M   4        22 230
 3  89  74  82   0   0  17 0.07  0.0    0  4.5 20 210   M    M   6 13     26 210
 4  95  75  85   3   0  20 0.00  0.0    0  7.7 16 270   M    M   5 3      22 290
 5  96  78  87   5   0  22 0.00  0.0    0  8.1 14 220   M    M   3 1      18 210
 6  96  75  86   4   0  21 0.00  0.0    0  9.3 16 210   M    M   2        20 210
 7  95  80  88   6   0  23 0.00  0.0    0  9.7 17 210   M    M   3 38     22 220
 8  94  73  84   2   0  19 0.30  0.0    0 10.3 23 300   M    M   3 13     31 310
 9  91  73  82   0   0  17    T  0.0    0  6.3 15 190   M    M   6 13     17 190
10  88  74  81  -1   0  16 1.37  0.0    0  4.3 18 190   M    M   7 138    23 200
11  91  74  83   1   0  18 0.00  0.0    0  5.9 15 200   M    M   6 13     18 200
12  93  75  84   2   0  19 0.00  0.0    0  5.7 15 170   M    M   3        20 150
13  93  73  83   1   0  18 0.00  0.0    0  5.5 14 200   M    M   3        18 150
14  94  76  85   3   0  20 0.00  0.0    0  7.7 17 200   M    M   2        20 190
15  95  74  85   3   0  20 0.80  0.0    0  7.4 17  50   M    M   5 138    22 200
16  85  72  79  -3   0  14 1.18  0.0    0  4.6 29 240   M    M   7 13     35 230
17  80  72  76  -6   0  11 0.31  0.0    0  4.5  9 160   M    M   9 13     12  90
18  86  74  80  -2   0  15 0.01  0.0    0  4.8 14 190   M    M   7 3      17 160
19  91  70  81  -1   0  16 1.68  0.0    0  4.0 38  60   M    M   5 135    49  60
20  92  71  82   0   0  17 0.00  0.0    0  5.0 15 200   M    M   3 13     19 140
21  91  72  82   0   0  17 0.00  0.0    0  7.5 16 200   M    M   2        20 210
22  92  75  84   2   0  19 0.00  0.0    0  7.5 18 190   M    M   1        21 190
23  93  77  85   3   0  20 0.00  0.0    0  9.2 23 180   M    M   4 3      29 190
24  88  73  81  -1   0  16 1.54  0.0    0  9.3 18 320   M    M   7 13     23 330
25  93  75  84   2   0  19    T  0.0    0  4.3 18 150   M    M   6 38     23 160
26  85  72  79  -3   0  14 0.91  0.0    0  5.4 22  80   M    M   8 13     26  70
27  89  73  81  -1   0  16 0.20  0.0    0  5.5 15 180   M    M   5 1      19 180
================================================================================
SM 2459 1998         0 481  8.46     0.0 179.8          M      128
================================================================================
AV 91.1 74.0                               6.7 FASTST   M    M   5    MAX(MPH)
                                 MISC ---->  # 38  60               # 49   60
================================================================================
NOTES:
# LAST OF SEVERAL OCCURRENCES

COLUMN 17 PEAK WIND IN M.P.H.

PRELIMINARY LOCAL CLIMATOLOGICAL DATA (WS FORM: F-6) , PAGE 2

                                          STATION:  NORTH CHARLESTON SC
                                          MONTH:    JULY
                                          YEAR:     2017
                                          LATITUDE:   32 54 N
                                          LONGITUDE:  80  2 W

[TEMPERATURE DATA]      [PRECIPITATION DATA]       SYMBOLS USED IN COLUMN 16

AVERAGE MONTHLY: 82.5   TOTAL FOR MONTH:   8.46    1 = FOG OR MIST
DPTR FM NORMAL:   0.6   DPTR FM NORMAL:    2.75    2 = FOG REDUCING VISIBILITY
HIGHEST:    96 ON  6, 5 GRTST 24HR  1.68 ON 19-19      TO 1/4 MILE OR LESS
LOWEST:     70 ON 19                               3 = THUNDER
                        SNOW, ICE PELLETS, HAIL    4 = ICE PELLETS
                        TOTAL MONTH:   0.0 INCH    5 = HAIL
                        GRTST 24HR     0.0         6 = FREEZING RAIN OR DRIZZLE
                        GRTST DEPTH:   0           7 = DUSTSTORM OR SANDSTORM:
                                                       VSBY 1/2 MILE OR LESS
                                                   8 = SMOKE OR HAZE
[NO. OF DAYS WITH]      [WEATHER - DAYS WITH]      9 = BLOWING SNOW
                                                   X = TORNADO
MAX 32 OR BELOW:   0    0.01 INCH OR MORE:  12
MAX 90 OR ABOVE:  19    0.10 INCH OR MORE:   9
MIN 32 OR BELOW:   0    0.50 INCH OR MORE:   6
MIN  0 OR BELOW:   0    1.00 INCH OR MORE:   4

[HDD (BASE 65) ]
TOTAL THIS MO.     0    CLEAR  (SCALE 0-3)   7
DPTR FM NORMAL     0    PTCLDY (SCALE 4-7)  19
TOTAL FM JUL 1     0    CLOUDY (SCALE 8-10)  1
DPTR FM NORMAL     0

[CDD (BASE 65) ]
TOTAL THIS MO.   481
DPTR FM NORMAL    25    [PRESSURE DATA]
TOTAL FM JAN 1  1466    HIGHEST SLP M ON M
DPTR FM NORMAL   227    LOWEST  SLP 29.86 ON 23

[REMARKS]
