000
CXUS55 KDVN 281100
CF6CID
PRELIMINARY LOCAL CLIMATOLOGICAL DATA (WS FORM: F-6)

                                          STATION:   CEDAR RAPIDS IA
                                          MONTH:     SEPTEMBER
                                          YEAR:      2016
                                          LATITUDE:   41 52 N
                                          LONGITUDE:  91 42 W

  TEMPERATURE IN F:       :PCPN:    SNOW:  WIND      :SUNSHINE: SKY     :PK WND
================================================================================
1   2   3   4   5  6A  6B    7    8   9   10  11  12  13   14  15   16   17  18
                                     12Z  AVG MX 2MIN
DY MAX MIN AVG DEP HDD CDD  WTR  SNW DPTH SPD SPD DIR MIN PSBL S-S WX    SPD DR
================================================================================

 1  77  54  66  -2   0   1 0.00    M    M  7.6 17  60   M    M   2        23 120
 2  76  51  64  -4   1   0 0.00    M    M  5.6 12 100   M    M   1        14 160
 3  76  53  65  -3   0   0 0.00    M    M  5.9 13 140   M    M   1 1      17 110
 4  79  57  68   1   0   3 0.00    M    M  6.9 15 160   M    M   2        20 160
 5  88  63  76   9   0  11 0.00    M    M 10.3 22 190   M    M   0        27 200
 6  91  72  82  15   0  17 0.00    M    M 10.4 20 190   M    M   1        24 210
 7  82  71  77  11   0  12 1.19    M    M  8.7 18 260   M    M   8 13     22 260
 8  83  64  74   8   0   9 1.46    M    M  5.4 28 300   M    M   2 13     34 280
 9  84  64  74   8   0   9 0.31    M    M  8.2 33 320   M    M   7 123    40 320
10  74  53  64  -1   1   0 0.01    M    M 10.9 30 310   M    M   4 1      37 320
11  77  49  63  -2   2   0 0.00    M    M  7.6 17 190   M    M   0        23 210
12  82  56  69   5   0   4 0.00    M    M 10.9 21 180   M    M   1        29 160
13  73  62  68   4   0   3 0.11    M    M  7.2 15 340   M    M   8 13     20 340
14  75  57  66   2   0   1 0.03    M    M  5.6 12  40   M    M   4 1      29  80
15  83  56  70   7   0   5 1.08    M    M  8.1 35 310   M    M   3 13     44 300
16  73  60  67   4   0   2 0.07    M    M  6.6 18 310   M    M   5 123    26 200
17  77  55  66   4   0   1 0.00    M    M  8.2 21 290   M    M   1        27 290
18  84  50  67   5   0   2 0.00    M    M  7.2 18 220   M    M   1 12     24 220
19  89  60  75  13   0  10 0.00    M    M  9.1 17  30   M    M   2        26 210
20  86  57  72  11   0   7 0.00    M    M  7.2 15 130   M    M   2 12     20  90
21  83  70  77  16   0  12 0.00    M    M 10.5 23 130   M    M   2 1      31 110
22  80  68  74  14   0   9 0.01    M    M  8.1 20 350   M    M   2 138    24 350
23  78  67  73  13   0   8 2.65    M    M  9.7 20  20   M    M   6 138    25  90
24  81  65  73  14   0   8 0.00    M    M  9.6 16 110   M    M   5 18     21 110
25  77  56  67   8   0   2 0.00    M    M 11.5 23 280   M    M   3 1      29 280
26  70  49  60   2   5   0 0.00    M    M 14.7 29 290   M    M   0        37 280
27  72  44  58   0   7   0 0.00    M    M 11.1 25 270   M    M   1        33 280
================================================================================
SM 2150 1583        16 136  6.92    M    232.8          M       74
================================================================================
AV 79.6 58.6                               8.6 FASTST   M    M   3    MAX(MPH)
                                 MISC ---->  # 35 310               # 44  300
================================================================================
NOTES:
# LAST OF SEVERAL OCCURRENCES

COLUMN 17 PEAK WIND IN M.P.H.

PRELIMINARY LOCAL CLIMATOLOGICAL DATA (WS FORM: F-6) , PAGE 2

                                          STATION:  CEDAR RAPIDS IA
                                          MONTH:    SEPTEMBER
                                          YEAR:     2016
                                          LATITUDE:   41 52 N
                                          LONGITUDE:  91 42 W

[TEMPERATURE DATA]      [PRECIPITATION DATA]       SYMBOLS USED IN COLUMN 16

AVERAGE MONTHLY: 69.1   TOTAL FOR MONTH:   6.92    1 = FOG OR MIST
DPTR FM NORMAL:   5.7   DPTR FM NORMAL:    4.03    2 = FOG REDUCING VISIBILITY
HIGHEST:    91 ON  6    GRTST 24HR  2.66 ON 22-23      TO 1/4 MILE OR LESS
LOWEST:     44 ON 27                               3 = THUNDER
                        SNOW, ICE PELLETS, HAIL    4 = ICE PELLETS
                        TOTAL MONTH:    M          5 = HAIL
                        GRTST 24HR    M  ON   M    6 = FREEZING RAIN OR DRIZZLE
                        GRTST DEPTH:  M  ON   M    7 = DUSTSTORM OR SANDSTORM:
                                                       VSBY 1/2 MILE OR LESS
                                                   8 = SMOKE OR HAZE
[NO. OF DAYS WITH]      [WEATHER - DAYS WITH]      9 = BLOWING SNOW
                                                   X = TORNADO
MAX 32 OR BELOW:   0    0.01 INCH OR MORE:  10
MAX 90 OR ABOVE:   1    0.10 INCH OR MORE:   6
MIN 32 OR BELOW:   0    0.50 INCH OR MORE:   4
MIN  0 OR BELOW:   0    1.00 INCH OR MORE:   4

[HDD (BASE 65) ]
TOTAL THIS MO.    16    CLEAR  (SCALE 0-3)  18
DPTR FM NORMAL   -96    PTCLDY (SCALE 4-7)   9
TOTAL FM JUL 1    20    CLOUDY (SCALE 8-10)  0
DPTR FM NORMAL  -111

[CDD (BASE 65) ]
TOTAL THIS MO.   136
DPTR FM NORMAL    67    [PRESSURE DATA]
TOTAL FM JAN 1   947    HIGHEST SLP M ON M
DPTR FM NORMAL   210    LOWEST  SLP 29.76 ON 27

[REMARKS]
