000
CXUS55 KOHX 171010
CF6CKV
PRELIMINARY LOCAL CLIMATOLOGICAL DATA (WS FORM: F-6)

                                          STATION:   CLARKSVILLE
                                          MONTH:     AUGUST
                                          YEAR:      2017
                                          LATITUDE:   36 37 N
                                          LONGITUDE:  87 25 W

  TEMPERATURE IN F:       :PCPN:    SNOW:  WIND      :SUNSHINE: SKY     :PK WND
================================================================================
1   2   3   4   5  6A  6B    7    8   9   10  11  12  13   14  15   16   17  18
                                     12Z  AVG MX 2MIN
DY MAX MIN AVG DEP HDD CDD  WTR  SNW DPTH SPD SPD DIR MIN PSBL S-S WX    SPD DR
================================================================================

 1  84  67  76  -2   0  11 0.00    M    M  2.1  9 230   M    M   1        12 230
 2  88  65  77  -1   0  12 0.02    M    M  3.9 17 260   M    M   3 3      24 270
 3  89  64  77  -1   0  12    T    M    M  3.8 13 200   M    M   1 1      17 190
 4  82  57  70  -8   0   5 0.14    M    M  6.6 17 330   M    M   3 3      23 280
 5  83  52  68 -10   0   3 0.00    M    M  3.5 13 120   M    M   0        16 120
 6  87  61  74  -4   0   9 2.45    M    M  5.1 17 140   M    M   6 13     23 150
 7  77  68  73  -5   0   8 1.15    M    M  4.3 13 350   M    M   6 1      15 340
 8  83  66  75  -3   0  10 0.00  0.0    0  5.8 14  50   M    M   2        18  20
 9  85  61  73  -5   0   8 0.00  0.0    0  4.4 10  80   M    M   1        14  90
10  89  65  77  -1   0  12 0.00  0.0    0  3.0  8 350   M    M   4 1      11 290
11  86  66  76  -2   0  11 0.11  0.0    0  2.7  8 250   M    M   1 13     11 200
12  83  66  75  -3   0  10 0.63  0.0    0  5.5 16 320   M    M   4 3      20 310
13  84  63  74  -4   0   9    T  0.0    0  2.8  9 230   M    M   2        11 230
14  78  70  74  -4   0   9 0.32  0.0    0  3.0 10 130   M    M   8        13 130
15  87  71  79   1   0  14 0.00  0.0    0  2.9 10 210   M    M   7        13 230
16  91  69  80   3   0  15 0.01  0.0    0  3.9 14 210   M    M   2        19 260
================================================================================
SM 1356 1031         0 158  4.83     0.0  63.3          M       51
================================================================================
AV 84.8 64.4                               4.0 FASTST   M    M   3    MAX(MPH)
                                 MISC ---->  # 17 260               # 24  270
================================================================================
NOTES:
# LAST OF SEVERAL OCCURRENCES

COLUMN 17 PEAK WIND IN M.P.H.

PRELIMINARY LOCAL CLIMATOLOGICAL DATA (WS FORM: F-6) , PAGE 2

                                          STATION:  CLARKSVILLE
                                          MONTH:    AUGUST
                                          YEAR:     2017
                                          LATITUDE:   36 37 N
                                          LONGITUDE:  87 25 W

[TEMPERATURE DATA]      [PRECIPITATION DATA]       SYMBOLS USED IN COLUMN 16

AVERAGE MONTHLY: 74.6   TOTAL FOR MONTH:   4.83    1 = FOG OR MIST
DPTR FM NORMAL:  -3.3   DPTR FM NORMAL:    3.23    2 = FOG REDUCING VISIBILITY
HIGHEST:    91 ON 16    GRTST 24HR  3.49 ON  6- 7      TO 1/4 MILE OR LESS
LOWEST:     52 ON  5                               3 = THUNDER
                        SNOW, ICE PELLETS, HAIL    4 = ICE PELLETS
                        TOTAL MONTH:   0.0 INCH    5 = HAIL
                        GRTST 24HR     0.0         6 = FREEZING RAIN OR DRIZZLE
                        GRTST DEPTH:   0           7 = DUSTSTORM OR SANDSTORM:
                                                       VSBY 1/2 MILE OR LESS
                                                   8 = SMOKE OR HAZE
[NO. OF DAYS WITH]      [WEATHER - DAYS WITH]      9 = BLOWING SNOW
                                                   X = TORNADO
MAX 32 OR BELOW:   0    0.01 INCH OR MORE:   8
MAX 90 OR ABOVE:   1    0.10 INCH OR MORE:   6
MIN 32 OR BELOW:   0    0.50 INCH OR MORE:   3
MIN  0 OR BELOW:   0    1.00 INCH OR MORE:   2

[HDD (BASE 65) ]
TOTAL THIS MO.     0    CLEAR  (SCALE 0-3)   9
DPTR FM NORMAL     0    PTCLDY (SCALE 4-7)   6
TOTAL FM JUL 1     0    CLOUDY (SCALE 8-10)  1
DPTR FM NORMAL     0

[CDD (BASE 65) ]
TOTAL THIS MO.   158
DPTR FM NORMAL   -49    [PRESSURE DATA]
TOTAL FM JAN 1  1081    HIGHEST SLP M ON M
DPTR FM NORMAL    31    LOWEST  SLP 29.86 ON 14

[REMARKS]
