000
CXUS51 KCLE 251004
CF6CLE
PRELIMINARY LOCAL CLIMATOLOGICAL DATA (WS FORM: F-6)

                                          STATION:   CLEVELAND OH
                                          MONTH:     OCTOBER
                                          YEAR:      2014
                                          LATITUDE:   41 24 N
                                          LONGITUDE:  81 51 W

  TEMPERATURE IN F:       :PCPN:    SNOW:  WIND      :SUNSHINE: SKY     :PK WND
================================================================================
1   2   3   4   5  6A  6B    7    8   9   10  11  12  13   14  15   16   17  18
                                     12Z  AVG MX 2MIN
DY MAX MIN AVG DEP HDD CDD  WTR  SNW DPTH SPD SPD DIR MIN PSBL S-S WX    SPD DR
================================================================================

 1  68  53  61   2   4   0 0.00  0.0    0  3.1 12  10   M    M   7 18     14  10
 2  78  47  63   5   2   0 0.00  0.0    0  7.9 17 150   M    M   4 128    22 160
 3  71  53  62   4   3   0 0.41  0.0    0 13.7 26 290   M    M   9 18     33 170
 4  53  41  47 -11  18   0 0.02  0.0    0 16.1 28 250   M    M   9        33 260
 5  52  41  47 -10  18   0    T  0.0    0 11.1 20 230   M    M   8        25 240
 6  60  49  55  -2  10   0 0.03  0.0    0 11.8 20 200   M    M   7 1      27 190
 7  61  49  55  -2  10   0 0.07  0.0    0 10.9 18 200   M    M   7 1      25 190
 8  63  46  55  -1  10   0 0.00  0.0    0 12.2 25 260   M    M   4        32 270
 9  59  41  50  -6  15   0 0.00  0.0    0  6.3 13 220   M    M   6        17 230
10  59  37  48  -8  17   0 0.00  0.0    0  4.6 16  20   M    M   8 1      19  20
11  56  38  47  -8  18   0 0.00  0.0    0  6.4 17  10   M    M   8        22  10
12  66  32  49  -6  16   0 0.00  0.0    0  6.4 16 160   M    M   4        20 150
13  73  58  66  11   0   1 0.16  0.0    0 12.0 20 150   M    M   8 13     25 160
14  77  58  68  14   0   3 0.30  0.0    0 14.2 31 170   M    M   9 1      42 160
15  64  55  60   6   5   0 0.08  0.0    0  6.5 13 130   M    M   8 1      17 190
16  62  53  58   4   7   0 0.30  0.0    0  6.2 16 250   M    M   9 1      19 240
17  67  53  60   7   5   0 0.05  0.0    0 13.9 25 280   M    M   8 1      31 280
18  54  46  50  -3  15   0 0.13  0.0    0 13.7 24 320   M    M  10 1      34 320
19  53  42  48  -5  17   0 0.00  0.0    0  7.4 15 350   M    M   8        23 350
20  58  47  53   1  12   0 0.36  0.0    0  8.9 17 200   M    M  10 1      24 220
21  53  47  50  -2  15   0 0.48  0.0    0 12.3 23 340   M    M  10 1      33 320
22  52  48  50  -2  15   0    T  0.0    0 10.7 17 340   M    M   8        21  10
23  56  37  47  -5  18   0 0.00  0.0    0  6.1 14 310   M    M   4        17 320
24  62  36  49  -2  16   0 0.00  0.0    0  3.9 10  10   M    M   6        14 240
================================================================================
SM 1477 1107       266   4  2.39     0.0 226.3          M      179
================================================================================
AV 61.5 46.1                               9.4 FASTST   M    M   7    MAX(MPH)
                                 MISC ---->  # 31 170               # 42  160
================================================================================
NOTES:
# LAST OF SEVERAL OCCURRENCES

COLUMN 17 PEAK WIND IN M.P.H.

PRELIMINARY LOCAL CLIMATOLOGICAL DATA (WS FORM: F-6) , PAGE 2

                                          STATION:  CLEVELAND OH
                                          MONTH:    OCTOBER
                                          YEAR:     2014
                                          LATITUDE:   41 24 N
                                          LONGITUDE:  81 51 W

[TEMPERATURE DATA]      [PRECIPITATION DATA]       SYMBOLS USED IN COLUMN 16

AVERAGE MONTHLY: 53.8   TOTAL FOR MONTH:   2.39    1 = FOG OR MIST
DPTR FM NORMAL:  -1.0   DPTR FM NORMAL:    0.01    2 = FOG REDUCING VISIBILITY
HIGHEST:    78 ON  2    GRTST 24HR  0.65 ON 20-21      TO 1/4 MILE OR LESS
LOWEST:     32 ON 12                               3 = THUNDER
                        SNOW, ICE PELLETS, HAIL    4 = ICE PELLETS
                        TOTAL MONTH:   0.0 INCH    5 = HAIL
                        GRTST 24HR     0.0         6 = FREEZING RAIN OR DRIZZLE
                        GRTST DEPTH:   0           7 = DUSTSTORM OR SANDSTORM:
                                                       VSBY 1/2 MILE OR LESS
                                                   8 = SMOKE OR HAZE
[NO. OF DAYS WITH]      [WEATHER - DAYS WITH]      9 = BLOWING SNOW
                                                   X = TORNADO
MAX 32 OR BELOW:   0    0.01 INCH OR MORE:  12
MAX 90 OR ABOVE:   0    0.10 INCH OR MORE:   7
MIN 32 OR BELOW:   1    0.50 INCH OR MORE:   0
MIN  0 OR BELOW:   0    1.00 INCH OR MORE:   0

[HDD (BASE 65) ]
TOTAL THIS MO.   266    CLEAR  (SCALE 0-3)   0
DPTR FM NORMAL    14    PTCLDY (SCALE 4-7)  14
TOTAL FM JUL 1   409    CLOUDY (SCALE 8-10) 10
DPTR FM NORMAL    54

[CDD (BASE 65) ]
TOTAL THIS MO.     4
DPTR FM NORMAL    -6    [PRESSURE DATA]
TOTAL FM JAN 1   657    HIGHEST SLP M ON M
DPTR FM NORMAL  -157    LOWEST  SLP 29.56 ON 17

[REMARKS]
