488
CXUS54 KHGX 210819
CF6CLL
PRELIMINARY LOCAL CLIMATOLOGICAL DATA (WS FORM: F-6)

                                          STATION:   COLLEGE STATION
                                          MONTH:     NOVEMBER
                                          YEAR:      2017
                                          LATITUDE:   30 34 N
                                          LONGITUDE:  96 22 W

  TEMPERATURE IN F:       :PCPN:    SNOW:  WIND      :SUNSHINE: SKY     :PK WND
================================================================================
1   2   3   4   5  6A  6B    7    8   9   10  11  12  13   14  15   16   17  18
                                     12Z  AVG MX 2MIN
DY MAX MIN AVG DEP HDD CDD  WTR  SNW DPTH SPD SPD DIR MIN PSBL S-S WX    SPD DR
================================================================================

 1  76  56  66   0   0   1 0.32  0.0    0  6.5 15 170   M    M   6 1      19 180
 2  85  71  78  12   0  13 0.00  0.0    0 10.0 20 200   M    M   7 18     25 200
 3  87  73  80  15   0  15 0.00  0.0    0  7.8 14 170   M    M   5 1      20 190
 4  86  72  79  14   0  14 0.00  0.0    0  8.2 14 180   M    M   6        18 170
 5  87  72  80  15   0  15 0.00  0.0    0 10.4 18 200   M    M   5        25 200
 6  87  71  79  15   0  14 0.00  0.0    0  8.7 20 200   M    M   4        25 200
 7  85  59  72   8   0   7 0.00  0.0    0 10.3 22 360   M    M   6        28 360
 8  60  49  55  -9  10   0 0.16  0.0    0 12.4 20  20   M    M  10 1      25  10
 9  55  48  52 -11  13   0 0.03  0.0    0  8.7 17  30   M    M   8 1      21  20
10  68  46  57  -6   8   0 0.00  0.0    0  5.7 13  70   M    M   7 1      18  70
11  76  59  68   6   0   3 0.00  0.0    0  8.1 16 140   M    M   8        20 140
12  82  61  72  10   0   7 0.00  0.0    0  4.6 10  40   M    M   7        13  60
13  78  60  69   7   0   4 0.00  0.0    0  5.4 12  50   M    M   4        14  40
14  79  61  70   9   0   5 0.00  0.0    0  8.0 15 170   M    M   6        20 170
15  78  68  73  12   0   8 0.04  0.0    M   M   M   M   M    M   M 1       M  M
16  78  68  73  13   0   8 0.04  0.0    0  5.7 16 270   M    M   3 1      19 270
17  84  69  77  17   0  12 0.00  0.0    0 11.7 16 180   M    M   6        25 190
18  84  53  69   9   0   4 0.00  0.0    0 16.9 27 320   M    M   5        38 320
19  66  41  54  -5  11   0 0.00  0.0    0  7.3 18  10   M    M   0 8      24  10
20  69  41  55  -4  10   0 0.00  0.0    0  6.9 18 180   M    M   0        25 170
================================================================================
SM 1550 1198        52 130  0.59     0.0 163.3          M      103
================================================================================
AV 77.5 59.9                               8.6 FASTST   M    M   5    MAX(MPH)
                                 MISC ---->  # 27 320               # 38  320
================================================================================
NOTES:
# LAST OF SEVERAL OCCURRENCES

COLUMN 17 PEAK WIND IN M.P.H.

PRELIMINARY LOCAL CLIMATOLOGICAL DATA (WS FORM: F-6) , PAGE 2

                                          STATION:  COLLEGE STATION
                                          MONTH:    NOVEMBER
                                          YEAR:     2017
                                          LATITUDE:   30 34 N
                                          LONGITUDE:  96 22 W

[TEMPERATURE DATA]      [PRECIPITATION DATA]       SYMBOLS USED IN COLUMN 16

AVERAGE MONTHLY: 68.7   TOTAL FOR MONTH:   0.59    1 = FOG OR MIST
DPTR FM NORMAL:   6.1   DPTR FM NORMAL:   -1.62    2 = FOG REDUCING VISIBILITY
HIGHEST:    87 ON  6, 5 GRTST 24HR  0.95 ON 31- 1      TO 1/4 MILE OR LESS
LOWEST:     41 ON 20,19                            3 = THUNDER
                        SNOW, ICE PELLETS, HAIL    4 = ICE PELLETS
                        TOTAL MONTH:   0.0 INCH    5 = HAIL
                        GRTST 24HR     0.0         6 = FREEZING RAIN OR DRIZZLE
                        GRTST DEPTH:   0           7 = DUSTSTORM OR SANDSTORM:
                                                       VSBY 1/2 MILE OR LESS
                                                   8 = SMOKE OR HAZE
[NO. OF DAYS WITH]      [WEATHER - DAYS WITH]      9 = BLOWING SNOW
                                                   X = TORNADO
MAX 32 OR BELOW:   0    0.01 INCH OR MORE:   5
MAX 90 OR ABOVE:   0    0.10 INCH OR MORE:   2
MIN 32 OR BELOW:   0    0.50 INCH OR MORE:   0
MIN  0 OR BELOW:   0    1.00 INCH OR MORE:   0

[HDD (BASE 65) ]
TOTAL THIS MO.    52    CLEAR  (SCALE 0-3)   3
DPTR FM NORMAL   -46    PTCLDY (SCALE 4-7)  14
TOTAL FM JUL 1   100    CLOUDY (SCALE 8-10)  2
DPTR FM NORMAL   -35

[CDD (BASE 65) ]
TOTAL THIS MO.   130
DPTR FM NORMAL    80    [PRESSURE DATA]
TOTAL FM JAN 1  3364    HIGHEST SLP M ON M
DPTR FM NORMAL   302    LOWEST  SLP 29.83 ON  1

[REMARKS]
