000
CXUS52 KGSP 270817
CF6CLT
PRELIMINARY LOCAL CLIMATOLOGICAL DATA (WS FORM: F-6)

                                          STATION:   CHARLOTTE NC
                                          MONTH:     JULY
                                          YEAR:      2015
                                          LATITUDE:   35 12 N
                                          LONGITUDE:  80 57 W

  TEMPERATURE IN F:       :PCPN:    SNOW:  WIND      :SUNSHINE: SKY     :PK WND
================================================================================
1   2   3   4   5  6A  6B    7    8   9   10  11  12  13   14  15   16   17  18
                                     12Z  AVG MX 2MIN
DY MAX MIN AVG DEP HDD CDD  WTR  SNW DPTH SPD SPD DIR MIN PSBL S-S WX    SPD DR
================================================================================

 1  88  68  78   0   0  13    T  0.0    0  5.6 15 230   M    M   8 1      20 220
 2  90  70  80   2   0  15    T  0.0    0  7.0 16 240   M    M   8        22 220
 3  86  69  78   0   0  13 0.05  0.0    0  7.6 18 240   M    M   8 18     25 230
 4  88  73  81   3   0  16    T  0.0    0  9.3 21 260   M    M   8        29 270
 5  88  71  80   2   0  15 0.02  0.0    0  8.3 21 170   M    M   8 3      25 180
 6  91  69  80   2   0  15 0.00  0.0    0  6.4 13 240   M    M   4 1      17 230
 7  93  70  82   4   0  17 0.00  0.0    0  4.8 14 200   M    M   3 1      21 190
 8  97  72  85   7   0  20 0.04  0.0    0  3.7 28 310   M    M   8 8      40 310
 9  99  71  85   6   0  20 0.00  0.0    0  6.0 18 270   M    M   4        22 280
10  99  70  85   6   0  20 0.00  0.0    0  4.4 13 280   M    M   1        17 340
11  96  67  82   3   0  17 0.00  0.0    0  6.3 18 320   M    M   4        25 300
12  92  71  82   3   0  17 0.01  0.0    0  5.0 14  50   M    M   7        24  60
13  96  72  84   5   0  19 0.02  0.0    0  5.7 30 240   M    M   8 3      40 230
14  90  70  80   1   0  15 0.01  0.0    0  8.0 20 260   M    M   8        28 270
15  92  69  81   2   0  16    T  0.0    0  7.1 17 290   M    M   6        24 240
16  91  68  80   1   0  15 0.00  0.0    0  8.1 14  70   M    M   4        25  60
17  94  73  84   5   0  19 0.00  0.0    0  4.4 10 150   M    M   4        16 150
18  96  72  84   5   0  19 0.62  0.0    0  6.1 26  10   M    M   6 13     33 330
19  96  70  83   4   0  18 0.00  0.0    0  3.4 14 310   M    M   6        20 320
20  98  73  86   7   0  21 0.00  0.0    0  3.6 14 220   M    M   6        17 220
21  98  73  86   7   0  21    T  0.0    0  4.9 21 290   M    M   7        29 290
22  95  71  83   4   0  18 0.00  0.0    0  4.8 13 120   M    M   6        17  40
23  94  74  84   5   0  19 0.21  0.0    0  5.9 22 350   M    M   8 13     31 340
24  88  71  80   1   0  15 0.00  0.0    0  6.6 13 120   M    M   7 1      28 340
25  91  68  80   1   0  15 0.00  0.0    0  4.7 15 150   M    M   5        21 150
26  93  72  83   4   0  18 0.00  0.0    0  5.7 14 140   M    M   6        17 130
================================================================================
SM 2419 1837         0 446  0.98     0.0 153.4          M      158
================================================================================
AV 93.0 70.7                               5.9 FASTST   M    M   6    MAX(MPH)
                                 MISC ---->  # 30 240               # 40  310
================================================================================
NOTES:
# LAST OF SEVERAL OCCURRENCES

COLUMN 17 PEAK WIND IN M.P.H.

PRELIMINARY LOCAL CLIMATOLOGICAL DATA (WS FORM: F-6) , PAGE 2

                                          STATION:  CHARLOTTE NC
                                          MONTH:    JULY
                                          YEAR:     2015
                                          LATITUDE:   35 12 N
                                          LONGITUDE:  80 57 W

[TEMPERATURE DATA]      [PRECIPITATION DATA]       SYMBOLS USED IN COLUMN 16

AVERAGE MONTHLY: 81.8   TOTAL FOR MONTH:   0.98    1 = FOG OR MIST
DPTR FM NORMAL:   3.2   DPTR FM NORMAL:   -2.02    2 = FOG REDUCING VISIBILITY
HIGHEST:    99 ON 10, 9 GRTST 24HR  0.62 ON 18-18      TO 1/4 MILE OR LESS
LOWEST:     67 ON 11                               3 = THUNDER
                        SNOW, ICE PELLETS, HAIL    4 = ICE PELLETS
                        TOTAL MONTH:   0.0 INCH    5 = HAIL
                        GRTST 24HR     0.0         6 = FREEZING RAIN OR DRIZZLE
                        GRTST DEPTH:   0           7 = DUSTSTORM OR SANDSTORM:
                                                       VSBY 1/2 MILE OR LESS
                                                   8 = SMOKE OR HAZE
[NO. OF DAYS WITH]      [WEATHER - DAYS WITH]      9 = BLOWING SNOW
                                                   X = TORNADO
MAX 32 OR BELOW:   0    0.01 INCH OR MORE:   8
MAX 90 OR ABOVE:  21    0.10 INCH OR MORE:   2
MIN 32 OR BELOW:   0    0.50 INCH OR MORE:   1
MIN  0 OR BELOW:   0    1.00 INCH OR MORE:   0

[HDD (BASE 65) ]
TOTAL THIS MO.     0    CLEAR  (SCALE 0-3)   1
DPTR FM NORMAL     0    PTCLDY (SCALE 4-7)  22
TOTAL FM JUL 1     0    CLOUDY (SCALE 8-10)  3
DPTR FM NORMAL     0

[CDD (BASE 65) ]
TOTAL THIS MO.   446
DPTR FM NORMAL    89    [PRESSURE DATA]
TOTAL FM JAN 1  1198    HIGHEST SLP M ON M
DPTR FM NORMAL   367    LOWEST  SLP 29.61 ON 14

[REMARKS]
