000
CXUS55 KLOX 161655
CF6CMA
PRELIMINARY LOCAL CLIMATOLOGICAL DATA (WS FORM: F-6)

                                          STATION:   CAMARILLO AIRPORT CA
                                          MONTH:     OCTOBER
                                          YEAR:      2017
                                          LATITUDE:   34 12 N
                                          LONGITUDE: 119  6 W

  TEMPERATURE IN F:       :PCPN:    SNOW:  WIND      :SUNSHINE: SKY     :PK WND
================================================================================
1   2   3   4   5  6A  6B    7    8   9   10  11  12  13   14  15   16   17  18
                                     12Z  AVG MX 2MIN
DY MAX MIN AVG DEP HDD CDD  WTR  SNW DPTH SPD SPD DIR MIN PSBL S-S WX    SPD DR
================================================================================

 1  75  56  66   1   0   1 0.00  0.0    0  4.1 13 230   M    M   3 1      18 220
 2  76  57  67   2   0   2 0.00  0.0    0  5.8 15 240   M    M   1 18     18 230
 3  73  55  64  -1   1   0 0.00  0.0    0  6.7 18 200   M    M   1        33 250
 4  78  49  64   0   1   0 0.00  0.0    0  4.8 14 240   M    M   0        18 250
 5  80  50  65   1   0   0 0.00  0.0    0  5.1 14 240   M    M   0        17 220
 6  97  50  74  10   0   9 0.00  0.0    0  6.1 26  70   M    M   0 8      32  70
 7  87  56  72   8   0   7 0.00  0.0    0  4.2 13 240   M    M   0        15 260
 8  76  52  64   0   1   0 0.00  0.0    0  5.3 15 230   M    M   1 128    19 240
 9  88  54  71   7   0   6 0.00  0.0    0 20.3 40  70   M    M   2 178    52  70
10  77  54  66   2   0   1 0.00  0.0    0  5.7 14  90   M    M   0 18     16 220
11  74  50  62  -2   3   0 0.00  0.0    0  5.0 13 240   M    M   0 1      17 260
12  74  53  64   0   1   0 0.00  0.0    0  5.4 15 260   M    M   1 128    19 260
13  75  50  63   0   2   0 0.00  0.0    0  3.5 13 200   M    M   0 18      M  M
14  80  47  64   1   1   0 0.00  0.0    0  6.8 18  80   M    M   0 8      23  80
15  98  56  77  14   0  12 0.00  0.0    0 11.6 25  70   M    M   0        30  70
================================================================================
SM 1208  789        10  38  0.00     0.0 100.4          M        9
================================================================================
AV 80.5 52.6                               6.7 FASTST   M    M   1    MAX(MPH)
                                 MISC ---->  # 40  70               # 52   70
================================================================================
NOTES:
# LAST OF SEVERAL OCCURRENCES

COLUMN 17 PEAK WIND IN M.P.H.

PRELIMINARY LOCAL CLIMATOLOGICAL DATA (WS FORM: F-6) , PAGE 2

                                          STATION:  CAMARILLO AIRPORT CA
                                          MONTH:    OCTOBER
                                          YEAR:     2017
                                          LATITUDE:   34 12 N
                                          LONGITUDE: 119  6 W

[TEMPERATURE DATA]      [PRECIPITATION DATA]       SYMBOLS USED IN COLUMN 16

AVERAGE MONTHLY: 66.6   TOTAL FOR MONTH:   0.00    1 = FOG OR MIST
DPTR FM NORMAL:   2.6   DPTR FM NORMAL:   -0.20    2 = FOG REDUCING VISIBILITY
HIGHEST:    98 ON 15    GRTST 24HR  0.00 ON 15-15      TO 1/4 MILE OR LESS
LOWEST:     47 ON 14                               3 = THUNDER
                        SNOW, ICE PELLETS, HAIL    4 = ICE PELLETS
                        TOTAL MONTH:   0.0 INCH    5 = HAIL
                        GRTST 24HR     0.0         6 = FREEZING RAIN OR DRIZZLE
                        GRTST DEPTH:   0           7 = DUSTSTORM OR SANDSTORM:
                                                       VSBY 1/2 MILE OR LESS
                                                   8 = SMOKE OR HAZE
[NO. OF DAYS WITH]      [WEATHER - DAYS WITH]      9 = BLOWING SNOW
                                                   X = TORNADO
MAX 32 OR BELOW:   0    0.01 INCH OR MORE:   0
MAX 90 OR ABOVE:   2    0.10 INCH OR MORE:   0
MIN 32 OR BELOW:   0    0.50 INCH OR MORE:   0
MIN  0 OR BELOW:   0    1.00 INCH OR MORE:   0

[HDD (BASE 65) ]
TOTAL THIS MO.    10    CLEAR  (SCALE 0-3)  15
DPTR FM NORMAL   -24    PTCLDY (SCALE 4-7)   0
TOTAL FM JUL 1    15    CLOUDY (SCALE 8-10)  0
DPTR FM NORMAL   -51

[CDD (BASE 65) ]
TOTAL THIS MO.    38
DPTR FM NORMAL    23    [PRESSURE DATA]
TOTAL FM JAN 1   727    HIGHEST SLP M ON M
DPTR FM NORMAL   429    LOWEST  SLP 29.66 ON  8

[REMARKS]
