000
CXUS51 KILN 200543
CF6CMH

PRELIMINARY LOCAL CLIMATOLOGICAL DATA (WS FORM: F-6)

                                          STATION:   COLUMBUS OH
                                          MONTH:     APRIL
                                          YEAR:      2014
                                          LATITUDE:   40  0 N
                                          LONGITUDE:  82 53 W

  TEMPERATURE IN F:       :PCPN:    SNOW:  WIND      :SUNSHINE: SKY     :PK WND
================================================================================
1   2   3   4   5  6A  6B    7    8   9   10  11  12  13   14  15   16   17  18
                                     12Z  AVG MX 2MIN
DY MAX MIN AVG DEP HDD CDD  WTR  SNW DPTH SPD SPD DIR MIN PSBL S-S WX    SPD DR
================================================================================

 1  76  49  63  15   2   0 0.02  0.0    0 13.9 33 250   M    M   6        44 230
 2  56  45  51   3  14   0 0.24  0.0    0  3.9 14  30   M    M  10 1      38  10
 3  56  45  51   2  14   0 0.83  0.0    0  6.3 16  90   M    M  10 1      21  90
 4  68  41  55   6  10   0 0.41  0.0    0 16.2 33 280   M    M   9 138    44 220
 5  50  37  44  -5  21   0 0.00  0.0    0  9.9 29 270   M    M   7        36 280
 6  61  30  46  -4  19   0 0.00  0.0    0  4.6 15  60   M    M   4        28 140
 7  57  50  54   4  11   0 0.47  0.0    0  9.6 32 220   M    M  10 13     40 240
 8  62  44  53   3  12   0 0.02  0.0    0 11.9 32 220   M    M   7 1      40 240
 9  60  44  52   1  13   0 0.00  0.0    0  8.3 20 310   M    M   5        25 310
10  74  43  59   8   6   0    T  0.0    0 13.5 28 220   M    M   5        39 220
11  68  48  58   6   7   0 0.14  0.0    0  6.4 20 290   M    M   7        31 240
12  78  42  60   8   5   0 0.00  0.0    0  7.0 21 190   M    M   5        29 190
13  80  62  71  19   0   6 0.00  0.0    0 11.4 30 220   M    M   7        40 220
14  74  45  60   7   5   0 0.30  0.0    0 13.8 33 210   M    M  10 1      47 190
15  45  31  38 -15  27   0 0.25  0.9    T 15.1 23 300   M    M   8 1      30 330
16  50  26  38 -15  27   0 0.00  0.0    0  7.0 16 100   M    M   4        21 150
17  68  39  54   0  11   0 0.00  0.0    0  8.1 18 210   M    M   6        24 190
18  71  44  58   4   7   0 0.00  0.0    0  2.7 13 240   M    M   7        18 240
19  67  47  57   3   8   0 0.00  0.0    0  8.0 18  30   M    M   2        23  30
================================================================================
SM 1221  812       219   6  2.68     0.9 177.6          M      129
================================================================================
AV 64.3 42.7                               9.3 FASTST   M    M   7    MAX(MPH)
                                 MISC ---->  # 33 250               # 47  190
================================================================================
NOTES:
# LAST OF SEVERAL OCCURRENCES

COLUMN 17 PEAK WIND IN M.P.H.

PRELIMINARY LOCAL CLIMATOLOGICAL DATA (WS FORM: F-6) , PAGE 2

                                          STATION:  COLUMBUS OH
                                          MONTH:    APRIL
                                          YEAR:     2014
                                          LATITUDE:   40  0 N
                                          LONGITUDE:  82 53 W

[TEMPERATURE DATA]      [PRECIPITATION DATA]       SYMBOLS USED IN COLUMN 16

AVERAGE MONTHLY: 53.5   TOTAL FOR MONTH:   2.68    1 = FOG OR MIST
DPTR FM NORMAL:   2.3   DPTR FM NORMAL:    0.53    2 = FOG REDUCING VISIBILITY
HIGHEST:    80 ON 13    GRTST 24HR  1.12 ON  3- 4      TO 1/4 MILE OR LESS
LOWEST:     26 ON 16                               3 = THUNDER
                        SNOW, ICE PELLETS, HAIL    4 = ICE PELLETS
                        TOTAL MONTH:   0.9 INCH    5 = HAIL
                        GRTST 24HR   0.9 ON 15     6 = FREEZING RAIN OR DRIZZLE
                        GRTST DEPTH:   T           7 = DUSTSTORM OR SANDSTORM:
                                                       VSBY 1/2 MILE OR LESS
                                                   8 = SMOKE OR HAZE
[NO. OF DAYS WITH]      [WEATHER - DAYS WITH]      9 = BLOWING SNOW
                                                   X = TORNADO
MAX 32 OR BELOW:   0    0.01 INCH OR MORE:   9
MAX 90 OR ABOVE:   0    0.10 INCH OR MORE:   7
MIN 32 OR BELOW:   3    0.50 INCH OR MORE:   1
MIN  0 OR BELOW:   0    1.00 INCH OR MORE:   0

[HDD (BASE 65) ]
TOTAL THIS MO.   219    CLEAR  (SCALE 0-3)   1
DPTR FM NORMAL   -49    PTCLDY (SCALE 4-7)  12
TOTAL FM JUL 1  5440    CLOUDY (SCALE 8-10)  6
DPTR FM NORMAL   461

[CDD (BASE 65) ]
TOTAL THIS MO.     6
DPTR FM NORMAL     5    [PRESSURE DATA]
TOTAL FM JAN 1     6    HIGHEST SLP 30.47 ON 16
DPTR FM NORMAL     5    LOWEST  SLP 29.34 ON  7

[REMARKS]
