000
CXUS53 KTOP 280820
CF6CNK
PRELIMINARY LOCAL CLIMATOLOGICAL DATA (WS FORM: F-6)

                                          STATION:   Concordia KS
                                          MONTH:     JANUARY
                                          YEAR:      2015
                                          LATITUDE:   39 32 N
                                          LONGITUDE:  97 39 W

  TEMPERATURE IN F:       :PCPN:    SNOW:  WIND      :SUNSHINE: SKY     :PK WND
================================================================================
1   2   3   4   5  6A  6B    7    8   9   10  11  12  13   14  15   16   17  18
                                     12Z  AVG MX 2MIN
DY MAX MIN AVG DEP HDD CDD  WTR  SNW DPTH SPD SPD DIR MIN PSBL S-S WX    SPD DR
================================================================================

 1  31  11  21  -7  44   0 0.00  0.0    0  6.9 14 240   M    M   2        18 240
 2  36  15  26  -2  39   0 0.00  0.0    0  4.9 15 200   M    M   2        19 210
 3  37   9  23  -5  42   0 0.10  1.0    0  9.2 31 350   M    M   5 1      39 330
 4  15   2   9 -19  56   0    T  0.3    1 11.4 30 350   M    M   5 19     40 350
 5  24   3  14 -14  51   0 0.00  0.0    1  9.1 23 180   M    M   4        26 180
 6  24   9  17 -11  48   0    T  0.0    1  8.9 25  10   M    M   3        34  10
 7  18  -1   9 -19  56   0 0.01    T    1 13.3 26 350   M    M   4        32 360
 8  42   4  23  -5  42   0 0.00  0.0    1 17.9 32 350   M    M   3        40 350
 9  26   6  16 -12  49   0 0.00  0.0    T 11.0 22 340   M    M   0        28 320
10  43  15  29   1  36   0 0.00  0.0    T 17.8 28 210   M    M   1        33 200
11  42  19  31   3  34   0 0.00  0.0    0  7.5 22 190   M    M   1        28  10
12  27   8  18 -10  47   0 0.00  0.0    0 11.6 21  10   M    M   0        26  10
13  24   4  14 -14  51   0 0.00  0.0    0  3.9 12  70   M    M   7        14  80
14  41  22  32   4  33   0 0.00  0.0    0  6.9 13 320   M    M   3        17 320
15  54  22  38  10  27   0 0.00  0.0    0  8.6 16 320   M    M   0        22 320
16  64  29  47  19  18   0 0.00  0.0    0 12.5 26 210   M    M   0        31 220
17  58  34  46  17  19   0 0.00  0.0    0 14.6 33 310   M    M   0        45 310
18  56  29  43  14  22   0 0.00  0.0    0  7.0 14 270   M    M   0        19 270
19  63  33  48  19  17   0 0.00  0.0    0  9.2 22 330   M    M   0        29 310
20  55  30  43  14  22   0 0.00  0.0    0  8.8 16 310   M    M   2        21 290
21  49  24  37   8  28   0 0.00  0.0    0  9.7 21 330   M    M   1 8      25 330
22  42  23  33   4  32   0 0.00  0.0    0  6.0 15 170   M    M   3        22 300
23  48  20  34   5  31   0 0.00  0.0    0 10.3 18 240   M    M   1        23 240
24  59  30  45  16  20   0    T  0.0    0 12.7 24 280   M    M   3        34 270
25  47  28  38   9  27   0    T  0.0    0 15.6 36 320   M    M   7        48 320
26  67  30  49  20  16   0 0.00  0.0    0 10.8 23 330   M    M   1        29 330
27  69  30  50  21  15   0 0.00  0.0    0  7.6 18 160   M    M   0        23 150
================================================================================
SM 1161  488       922   0  0.11     1.3 273.7          M       58
================================================================================
AV 43.0 18.1                              10.1 FASTST   M    M   2    MAX(MPH)
                                 MISC ---->  # 36 320               # 48  320
================================================================================
NOTES:
# LAST OF SEVERAL OCCURRENCES

COLUMN 17 PEAK WIND IN M.P.H.

PRELIMINARY LOCAL CLIMATOLOGICAL DATA (WS FORM: F-6) , PAGE 2

                                          STATION:  Concordia KS
                                          MONTH:    JANUARY
                                          YEAR:     2015
                                          LATITUDE:   39 32 N
                                          LONGITUDE:  97 39 W

[TEMPERATURE DATA]      [PRECIPITATION DATA]       SYMBOLS USED IN COLUMN 16

AVERAGE MONTHLY: 30.5   TOTAL FOR MONTH:   0.11    1 = FOG OR MIST
DPTR FM NORMAL:   2.1   DPTR FM NORMAL:   -0.37    2 = FOG REDUCING VISIBILITY
HIGHEST:    69 ON 27    GRTST 24HR  0.10 ON  3- 3      TO 1/4 MILE OR LESS
LOWEST:     -1 ON  7                               3 = THUNDER
                        SNOW, ICE PELLETS, HAIL    4 = ICE PELLETS
                        TOTAL MONTH:   1.3 INCHES  5 = HAIL
                        GRTST 24HR   1.0 ON  3- 3  6 = FREEZING RAIN OR DRIZZLE
                        GRTST DEPTH:   1 ON  8, 7  7 = DUSTSTORM OR SANDSTORM:
                                                       VSBY 1/2 MILE OR LESS
                                                   8 = SMOKE OR HAZE
[NO. OF DAYS WITH]      [WEATHER - DAYS WITH]      9 = BLOWING SNOW
                                                   X = TORNADO
MAX 32 OR BELOW:   8    0.01 INCH OR MORE:   2
MAX 90 OR ABOVE:   0    0.10 INCH OR MORE:   1
MIN 32 OR BELOW:  25    0.50 INCH OR MORE:   0
MIN  0 OR BELOW:   1    1.00 INCH OR MORE:   0

[HDD (BASE 65) ]
TOTAL THIS MO.   922    CLEAR  (SCALE 0-3)  20
DPTR FM NORMAL   -64    PTCLDY (SCALE 4-7)   7
TOTAL FM JUL 1  3060    CLOUDY (SCALE 8-10)  0
DPTR FM NORMAL  -103

[CDD (BASE 65) ]
TOTAL THIS MO.     0
DPTR FM NORMAL     0    [PRESSURE DATA]
TOTAL FM JAN 1     0    HIGHEST SLP M ON M
DPTR FM NORMAL     0    LOWEST  SLP 29.68 ON 25

[REMARKS]
