000
CXUS53 KICT 300800
CF6CNU
PRELIMINARY LOCAL CLIMATOLOGICAL DATA (WS FORM: F-6)

                                          STATION:   CHANUTE KS
                                          MONTH:     APRIL
                                          YEAR:      2017
                                          LATITUDE:   37 40 N
                                          LONGITUDE:  95 29 W

  TEMPERATURE IN F:       :PCPN:    SNOW:  WIND      :SUNSHINE: SKY     :PK WND
================================================================================
1   2   3   4   5  6A  6B    7    8   9   10  11  12  13   14  15   16   17  18
                                     12Z  AVG MX 2MIN
DY MAX MIN AVG DEP HDD CDD  WTR  SNW DPTH SPD SPD DIR MIN PSBL S-S WX    SPD DR
================================================================================

 1  59  47  53   1  12   0 0.19    M    M 12.3 18  30   M    M  10 1      24  40
 2  67  50  59   7   6   0 1.23    M    M  6.9 15 120   M    M   8 1      21 120
 3  67  54  61   8   4   0 0.51    M    M 10.4 22 270   M    M   8 13     28 270
 4  56  47  52  -1  13   0 0.72    M    M 13.8 30  40   M    M   8 13     40  30
 5  60  40  50  -4  15   0 0.10    M    0 16.7 38 330   M    M   7 1      55 330
 6  62  38  50  -4  15   0 0.00  0.0    0  8.8 18 350   M    M   0        25 330
 7  67  31  49  -5  16   0 0.00  0.0    0  7.6 17 150   M    M   0 18     21 170
 8  81  53  67  13   0   2 0.00  0.0    0 18.4 30 180   M    M   0        36 170
 9  80  63  72  17   0   7 0.00    M    0 21.1 31 160   M    M   2        40 160
10  75  45  60   5   5   0 0.00    M    0 14.3 24 310   M    M   1        31 190
11  70  37  54  -1  11   0 0.00    M    0  5.7 12 120   M    M   0        16  90
12  79  43  61   5   4   0 0.00    M    0 11.3 22 190   M    M   3        29 190
13  80  55  68  12   0   3    T    M    M  7.3 16 170   M    M   2        21 210
14  81  62  72  16   0   7 0.34    M    M 15.4 30 170   M    M   4 1      37 190
15  82  62  72  15   0   7 0.00    M    M 17.9 28 200   M    M   3        40 210
16  74  61  68  11   0   3 1.53    M    M  9.1 24 190   M    M   6 13     31 210
17  73  59  66   9   0   1    T    M    M  6.4 16  60   M    M   4        20  60
18  78  55  67   9   0   2 0.00  0.0    0 10.6 20 190   M    M   3 12     25 190
19  79  63  71  13   0   6 0.00    M    M 16.9 32 180   M    M   3        40 170
20  70  58  64   6   1   0 0.49  0.0    0  8.3 22 350   M    M   7 13     27 330
21  60  47  54  -5  11   0 1.36    M    0 12.2 30  50   M    M   9 13     36  50
22  60  46  53  -6  12   0 0.02    M    0 10.5 23  10   M    M   8        31  40
23  69  37  53  -6  12   0 0.00    M    M  4.6 12  20   M    M   0        14  20
24  73  39  56  -4   9   0 0.00    M    M 14.4 29 170   M    M   0        37 180
25  76  53  65   5   0   0 0.42    M    M 13.5 26 180   M    M   3 13     33 180
26  53  41  47 -13  18   0 0.07    M    M 11.0 23 350   M    M   9 1      29 330
27  61  35  48 -12  17   0 0.01    M    M  5.6 15 100   M    M   3        21 110
28  71  52  62   1   3   0 0.06    M    M  9.2 26 160   M    M   7 1      36 150
29  61  49  55  -6  10   0 3.47    M    M 15.3 33  60   M    M  10 13     42  70
================================================================================
SM 2024 1422       194  38 10.52     0.0 335.5          M      128
================================================================================
AV 69.8 49.0                              11.6 FASTST   M    M   4    MAX(MPH)
                                 MISC ---->  # 38 330               # 55  330
================================================================================
NOTES:
# LAST OF SEVERAL OCCURRENCES

COLUMN 17 PEAK WIND IN M.P.H.

PRELIMINARY LOCAL CLIMATOLOGICAL DATA (WS FORM: F-6) , PAGE 2

                                          STATION:  CHANUTE KS
                                          MONTH:    APRIL
                                          YEAR:     2017
                                          LATITUDE:   37 40 N
                                          LONGITUDE:  95 29 W

[TEMPERATURE DATA]      [PRECIPITATION DATA]       SYMBOLS USED IN COLUMN 16

AVERAGE MONTHLY: 59.4   TOTAL FOR MONTH:  10.52    1 = FOG OR MIST
DPTR FM NORMAL:   2.8   DPTR FM NORMAL:    6.30    2 = FOG REDUCING VISIBILITY
HIGHEST:    82 ON 15    GRTST 24HR  3.47 ON 29-29      TO 1/4 MILE OR LESS
LOWEST:     31 ON  7                               3 = THUNDER
                        SNOW, ICE PELLETS, HAIL    4 = ICE PELLETS
                        TOTAL MONTH:   0.0 INCH    5 = HAIL
                        GRTST 24HR     0.0         6 = FREEZING RAIN OR DRIZZLE
                        GRTST DEPTH:   0           7 = DUSTSTORM OR SANDSTORM:
                                                       VSBY 1/2 MILE OR LESS
                                                   8 = SMOKE OR HAZE
[NO. OF DAYS WITH]      [WEATHER - DAYS WITH]      9 = BLOWING SNOW
                                                   X = TORNADO
MAX 32 OR BELOW:   0    0.01 INCH OR MORE:  15
MAX 90 OR ABOVE:   0    0.10 INCH OR MORE:  11
MIN 32 OR BELOW:   1    0.50 INCH OR MORE:   6
MIN  0 OR BELOW:   0    1.00 INCH OR MORE:   4

[HDD (BASE 65) ]
TOTAL THIS MO.   194    CLEAR  (SCALE 0-3)  11
DPTR FM NORMAL   -72    PTCLDY (SCALE 4-7)  13
TOTAL FM JUL 1  3372    CLOUDY (SCALE 8-10)  5
DPTR FM NORMAL -1025

[CDD (BASE 65) ]
TOTAL THIS MO.    38
DPTR FM NORMAL    13    [PRESSURE DATA]
TOTAL FM JAN 1    58    HIGHEST SLP M ON M
DPTR FM NORMAL    29    LOWEST  SLP 29.32 ON 25

[REMARKS]
