000
CXUS53 KICT 200800
CF6CNU
PRELIMINARY LOCAL CLIMATOLOGICAL DATA (WS FORM: F-6)

                                          STATION:   CHANUTE KS
                                          MONTH:     DECEMBER
                                          YEAR:      2014
                                          LATITUDE:   37 40 N
                                          LONGITUDE:  95 29 W

  TEMPERATURE IN F:       :PCPN:    SNOW:  WIND      :SUNSHINE: SKY     :PK WND
================================================================================
1   2   3   4   5  6A  6B    7    8   9   10  11  12  13   14  15   16   17  18
                                     12Z  AVG MX 2MIN
DY MAX MIN AVG DEP HDD CDD  WTR  SNW DPTH SPD SPD DIR MIN PSBL S-S WX    SPD DR
================================================================================

 1  30  19  25 -14  40   0 0.00    M    M 12.4 22  10   M    M   9        31  10
 2  38  24  31  -7  34   0 0.00    M    M  7.3 16 200   M    M   5        21 200
 3  45  21  33  -5  32   0 0.00    M    M  5.6 16  70   M    M   2        20  70
 4  48  37  43   5  22   0 0.04    M    M  4.6 12 120   M    M  10 12     15 120
 5  52  45  49  12  16   0 1.27    M    M  7.5 17 350   M    M  10 1      21 340
 6  45  37  41   4  24   0 0.00    M    M  8.1 14  10   M    M  10 1      18  20
 7  45  37  41   5  24   0 0.00    M    M  9.2 15 180   M    M  10 1      19 180
 8  57  38  48  12  17   0 0.00    M    M  7.1 13 310   M    M   4 1      18 310
 9  45  28  37   1  28   0 0.00    M    M  7.7 14  10   M    M   0        19 360
10  43  28  36   0  29   0    T    M    M  6.1 10  80   M    M   7 1      14 100
11  47  38  43   8  22   0 0.00    M    M  4.0  8  60   M    M  10 1      16  90
12  52  43  48  13  17   0 0.00    M    M  5.8 13 160   M    M   9 1      16 160
13  57  49  53  18  12   0    T    M    M 10.9 21 180   M    M  10 12     24 180
14  64  53  59  25   6   0 0.96    M    M 14.4 23 110   M    M  10 13     33 120
15  55  35  45  11  20   0 0.00    M    M 18.7 29 280   M    M   9        37 280
16  40  25  33  -1  32   0 0.00    M    M 11.8 28 310   M    M   6        35 300
17  32  26  29  -5  36   0 0.01    M    M  6.1 12 100   M    M   8 16     14 100
18  35  30  33  -1  32   0    T  0.0    M  3.8 10  70   M    M  10 126    12  70
19  35  33  34   0  31   0 0.00  0.0    M  3.8  8  40   M    M  10 12     10  10
================================================================================
SM  865  646       474   0  2.28     0.0 154.9          M      149
================================================================================
AV 45.5 34.0                               8.2 FASTST   M    M   8    MAX(MPH)
                                 MISC ---->  # 29 280               # 37  280
================================================================================
NOTES:
# LAST OF SEVERAL OCCURRENCES

COLUMN 17 PEAK WIND IN M.P.H.

PRELIMINARY LOCAL CLIMATOLOGICAL DATA (WS FORM: F-6) , PAGE 2

                                          STATION:  CHANUTE KS
                                          MONTH:    DECEMBER
                                          YEAR:     2014
                                          LATITUDE:   37 40 N
                                          LONGITUDE:  95 29 W

[TEMPERATURE DATA]      [PRECIPITATION DATA]       SYMBOLS USED IN COLUMN 16

AVERAGE MONTHLY: 39.8   TOTAL FOR MONTH:   2.28    1 = FOG OR MIST
DPTR FM NORMAL:   4.0   DPTR FM NORMAL:    1.13    2 = FOG REDUCING VISIBILITY
HIGHEST:    64 ON 14    GRTST 24HR  1.30 ON  4- 5      TO 1/4 MILE OR LESS
LOWEST:     19 ON  1                               3 = THUNDER
                        SNOW, ICE PELLETS, HAIL    4 = ICE PELLETS
                        TOTAL MONTH:   0.0 INCH    5 = HAIL
                        GRTST 24HR     0.0         6 = FREEZING RAIN OR DRIZZLE
                        GRTST DEPTH:  M  ON   M    7 = DUSTSTORM OR SANDSTORM:
                                                       VSBY 1/2 MILE OR LESS
                                                   8 = SMOKE OR HAZE
[NO. OF DAYS WITH]      [WEATHER - DAYS WITH]      9 = BLOWING SNOW
                                                   X = TORNADO
MAX 32 OR BELOW:   2    0.01 INCH OR MORE:   4
MAX 90 OR ABOVE:   0    0.10 INCH OR MORE:   2
MIN 32 OR BELOW:   8    0.50 INCH OR MORE:   2
MIN  0 OR BELOW:   0    1.00 INCH OR MORE:   1

[HDD (BASE 65) ]
TOTAL THIS MO.   474    CLEAR  (SCALE 0-3)   2
DPTR FM NORMAL   -79    PTCLDY (SCALE 4-7)   5
TOTAL FM JUL 1  1416    CLOUDY (SCALE 8-10) 12
DPTR FM NORMAL    11

[CDD (BASE 65) ]
TOTAL THIS MO.     0
DPTR FM NORMAL     0    [PRESSURE DATA]
TOTAL FM JAN 1  1512    HIGHEST SLP M ON M
DPTR FM NORMAL   -20    LOWEST  SLP 29.52 ON 15

[REMARKS]
