000
CXUS51 KGYX 281000
CF6CON
PRELIMINARY LOCAL CLIMATOLOGICAL DATA (WS FORM: F-6)

                                          STATION:   CONCORD NH
                                          MONTH:     MARCH
                                          YEAR:      2015
                                          LATITUDE:   43 12 N
                                          LONGITUDE:  71 30 W

  TEMPERATURE IN F:       :PCPN:    SNOW:  WIND      :SUNSHINE: SKY     :PK WND
================================================================================
1   2   3   4   5  6A  6B    7    8   9   10  11  12  13   14  15   16   17  18
                                     12Z  AVG MX 2MIN
DY MAX MIN AVG DEP HDD CDD  WTR  SNW DPTH SPD SPD DIR MIN PSBL S-S WX    SPD DR
================================================================================

 1  28  -8  10 -18  55   0 0.12  3.0   25  3.2 16 180   M    M   6 1      21 170
 2  32   8  20  -8  45   0    T    T   25 11.0 28 290   M    M   6 128    37 300
 3  29   5  17 -12  48   0 0.11  1.0   23  7.7 21 170   M    M   3 18     29 320
 4  45  24  35   6  30   0    T    T   23  5.7 17 300   M    M   6 1      22 270
 5  36  10  23  -6  42   0 0.00  0.0   21 12.1 22 330   M    M   4        30 290
 6  28  -6  11 -19  54   0 0.00  0.0   21  5.0 12 230   M    M   0        15 300
 7  37  -1  18 -12  47   0 0.00  0.0   21  4.6 17 260   M    M   2        21 250
 8  38   8  23  -7  42   0 0.00  0.0   21  5.7 18 280   M    M   4 18     24 240
 9  44  13  29  -2  36   0 0.00  0.0   20  7.2 24 310   M    M   1        31 290
10  50  17  34   3  31   0 0.06  0.0   19  4.7 15 220   M    M   2 1      21 200
11  51  31  41  10  24   0 0.01  0.0   17  8.4 32 300   M    M   4 12     43 300
12  40  17  29  -3  36   0    T    T   15 16.9 37 310   M    M   0        48 310
13  38  11  25  -7  40   0 0.00  0.0   14  3.3 13 310   M    M   3        17 270
14  33  29  31  -1  34   0 0.31    T   14  4.6 10 310   M    M   9 1      13 360
15  38  26  32  -1  33   0 0.12  0.5   15 10.7 25 320   M    M   9 128    35 330
16  42  24  33   0  32   0 0.00  0.0   15  7.4 21 320   M    M   1        26 320
17  47  25  36   3  29   0 0.05  0.1   14 10.6 40 320   M    M   7 16     51 310
18  25  18  22 -12  43   0 0.00  0.0   13 21.5 35 320   M    M   1        48 320
19  30  15  23 -11  42   0 0.00  0.0   13 13.5 28 310   M    M   0        43 290
20  32  13  23 -11  42   0 0.01    M   13  2.7 10 170   M    M   4 1      14 160
21  41  24  33  -2  32   0 0.02  0.2   13  3.9 24 290   M    M   9 1      34 300
22  36  15  26  -9  39   0 0.00  0.0   12 17.4 31 300   M    M   2        44 310
23  30  12  21 -15  44   0 0.00  0.0   12 15.4 26 300   M    M   1        35 310
24  44   9  27  -9  38   0 0.00  0.0   12  1.8 10 300   M    M   0        13 280
25  48  16  32  -4  33   0 0.01  0.0   11  5.5 20 210   M    M   3        25 200
26  52  35  44   7  21   0 0.52  0.0   10  4.6 15 170   M    M   8 12     17 170
27  45  33  39   2  26   0 0.06  0.0    9  2.6 10 330   M    M  10 1      15 350
================================================================================
SM 1039  423      1018   0  1.40     4.8 217.7          M      105
================================================================================
AV 38.5 15.7                               8.1 FASTST   M    M   4    MAX(MPH)
                                 MISC ---->  # 40 320               # 51  310
================================================================================
NOTES:
# LAST OF SEVERAL OCCURRENCES

COLUMN 17 PEAK WIND IN M.P.H.

PRELIMINARY LOCAL CLIMATOLOGICAL DATA (WS FORM: F-6) , PAGE 2

                                          STATION:  CONCORD NH
                                          MONTH:    MARCH
                                          YEAR:     2015
                                          LATITUDE:   43 12 N
                                          LONGITUDE:  71 30 W

[TEMPERATURE DATA]      [PRECIPITATION DATA]       SYMBOLS USED IN COLUMN 16

AVERAGE MONTHLY: 27.1   TOTAL FOR MONTH:   1.40    1 = FOG OR MIST
DPTR FM NORMAL:  -5.3   DPTR FM NORMAL:   -1.43    2 = FOG REDUCING VISIBILITY
HIGHEST:    52 ON 26    GRTST 24HR  0.52 ON 26-26      TO 1/4 MILE OR LESS
LOWEST:     -8 ON  1                               3 = THUNDER
                        SNOW, ICE PELLETS, HAIL    4 = ICE PELLETS
                        TOTAL MONTH:   4.8 INCHES  5 = HAIL
                        GRTST 24HR   3.0 ON  1- 1  6 = FREEZING RAIN OR DRIZZLE
                        GRTST DEPTH:  25 ON  2, 1  7 = DUSTSTORM OR SANDSTORM:
                                                       VSBY 1/2 MILE OR LESS
                                                   8 = SMOKE OR HAZE
[NO. OF DAYS WITH]      [WEATHER - DAYS WITH]      9 = BLOWING SNOW
                                                   X = TORNADO
MAX 32 OR BELOW:   8    0.01 INCH OR MORE:  12
MAX 90 OR ABOVE:   0    0.10 INCH OR MORE:   5
MIN 32 OR BELOW:  25    0.50 INCH OR MORE:   1
MIN  0 OR BELOW:   3    1.00 INCH OR MORE:   0

[HDD (BASE 65) ]
TOTAL THIS MO.  1018    CLEAR  (SCALE 0-3)  14
DPTR FM NORMAL   138    PTCLDY (SCALE 4-7)   8
TOTAL FM JUL 1  6472    CLOUDY (SCALE 8-10)  5
DPTR FM NORMAL   332

[CDD (BASE 65) ]
TOTAL THIS MO.     0
DPTR FM NORMAL     0    [PRESSURE DATA]
TOTAL FM JAN 1     0    HIGHEST SLP M ON M
DPTR FM NORMAL     0    LOWEST  SLP 29.37 ON 17

[REMARKS]
