000
CXUS51 KGYX 270900
CF6CON
PRELIMINARY LOCAL CLIMATOLOGICAL DATA (WS FORM: F-6)

                                          STATION:   CONCORD NH
                                          MONTH:     APRIL
                                          YEAR:      2017
                                          LATITUDE:   43 12 N
                                          LONGITUDE:  71 30 W

  TEMPERATURE IN F:       :PCPN:    SNOW:  WIND      :SUNSHINE: SKY     :PK WND
================================================================================
1   2   3   4   5  6A  6B    7    8   9   10  11  12  13   14  15   16   17  18
                                     12Z  AVG MX 2MIN
DY MAX MIN AVG DEP HDD CDD  WTR  SNW DPTH SPD SPD DIR MIN PSBL S-S WX    SPD DR
================================================================================

 1  35  32  34  -5  31   0 0.70  6.9   16  6.4 14  20   M    M  10 1      22  40
 2  51  29  40   0  25   0 0.00  0.0    M  7.0 22 300   M    M   5 1      25 300
 3  59  23  41   1  24   0 0.00  0.0   10  3.5 14 320   M    M   0 1      19 310
 4  41  33  37  -3  28   0 0.81  0.0    8  6.1 14 140   M    M  10 1      20 140
 5  44  34  39  -2  26   0 0.00  0.0    7  3.1  7 150   M    M  10        11 110
 6  40  36  38  -3  27   0 0.86    M    0  5.7 14  40   M    M  10 1      18  40
 7  52  38  45   3  20   0 0.02    M    6  9.2 18 230   M    M   9 1      25 190
 8  47  36  42   0  23   0 0.00  0.0    5 13.8 29 300   M    M   9        41 320
 9  67  26  47   5  18   0 0.00  0.0    2  3.2 18 310   M    M   1        22 320
10  82  32  57  14   8   0 0.00  0.0    T  5.5 16 200   M    M   0        23 200
11  87  43  65  22   0   0 0.00  0.0    0  4.5 14 270   M    M   0        21 270
12  67  47  57  13   8   0 0.11  0.0    0  4.3 16 290   M    M   5 1      21 290
13  57  32  45   1  20   0 0.00  0.0    0  9.9 21 330   M    M   2        33 320
14  63  27  45   1  20   0 0.00  0.0    0  4.6 15 360   M    M   0        21 300
15  72  26  49   4  16   0 0.01  0.0    0  7.1 16 200   M    M   2        25 220
16  87  47  67  22   0   2    T  0.0    0 10.2 22 290   M    M   2        39 280
17  71  43  57  11   8   0 0.00  0.0    0 11.9 20 320   M    M   1        35 280
18  58  36  47   1  18   0 0.00  0.0    0  7.7 12 100   M    M   3        20 100
19  55  36  46   0  19   0 0.15    M    0  8.2 15 180   M    M   7 1      25 170
20  63  41  52   5  13   0 0.00  0.0    0  5.5  9  80   M    M   9        16  90
21  46  40  43  -4  22   0 0.64    M    0  5.2  8 100   M    M  10 1       M  M
22  47  39  43  -5  22   0    T  0.0    0  4.3  8  40   M    M   9 1      12 320
23  70  32  51   3  14   0 0.00  0.0    0  4.6 10 230   M    M   0        17 230
24  77  33  55   7  10   0 0.00  0.0    0  3.0  9 140   M    M   0         M  M
25  50  43  47  -2  18   0 0.55  0.0    0  5.6 12  80   M    M   7 1       M  M
26  57  44  51   2  14   0 0.37  0.0    0  7.0 10  20   M    M  10 1       M  M
================================================================================
SM 1545  928       452   2  4.22     6.9 167.1          M      131
================================================================================
AV 59.4 35.7                               6.4 FASTST   M    M   5    MAX(MPH)
                                 MISC ---->  # 29 300               # 41  320
================================================================================
NOTES:
# LAST OF SEVERAL OCCURRENCES

COLUMN 17 PEAK WIND IN M.P.H.

PRELIMINARY LOCAL CLIMATOLOGICAL DATA (WS FORM: F-6) , PAGE 2

                                          STATION:  CONCORD NH
                                          MONTH:    APRIL
                                          YEAR:     2017
                                          LATITUDE:   43 12 N
                                          LONGITUDE:  71 30 W

[TEMPERATURE DATA]      [PRECIPITATION DATA]       SYMBOLS USED IN COLUMN 16

AVERAGE MONTHLY: 47.6   TOTAL FOR MONTH:   4.22    1 = FOG OR MIST
DPTR FM NORMAL:   3.4   DPTR FM NORMAL:    1.28    2 = FOG REDUCING VISIBILITY
HIGHEST:    87 ON 16,11 GRTST 24HR  0.86 ON  6- 6      TO 1/4 MILE OR LESS
LOWEST:     23 ON  3                               3 = THUNDER
                        SNOW, ICE PELLETS, HAIL    4 = ICE PELLETS
                        TOTAL MONTH:   6.9 INCHES  5 = HAIL
                        GRTST 24HR   6.9 ON  1- 1  6 = FREEZING RAIN OR DRIZZLE
                        GRTST DEPTH:  16 ON  1     7 = DUSTSTORM OR SANDSTORM:
                                                       VSBY 1/2 MILE OR LESS
                                                   8 = SMOKE OR HAZE
[NO. OF DAYS WITH]      [WEATHER - DAYS WITH]      9 = BLOWING SNOW
                                                   X = TORNADO
MAX 32 OR BELOW:   0    0.01 INCH OR MORE:  10
MAX 90 OR ABOVE:   0    0.10 INCH OR MORE:   8
MIN 32 OR BELOW:   9    0.50 INCH OR MORE:   5
MIN  0 OR BELOW:   0    1.00 INCH OR MORE:   0

[HDD (BASE 65) ]
TOTAL THIS MO.   452    CLEAR  (SCALE 0-3)  11
DPTR FM NORMAL   -88    PTCLDY (SCALE 4-7)   5
TOTAL FM JUL 1  6054    CLOUDY (SCALE 8-10) 10
DPTR FM NORMAL  -733

[CDD (BASE 65) ]
TOTAL THIS MO.     2
DPTR FM NORMAL     2    [PRESSURE DATA]
TOTAL FM JAN 1     2    HIGHEST SLP M ON M
DPTR FM NORMAL     2    LOWEST  SLP 29.22 ON  7

[REMARKS]
