000
CXUS55 KPUB 301059
CF6COS
PRELIMINARY LOCAL CLIMATOLOGICAL DATA (WS FORM: F-6)

                                          STATION:   COLORADO SPRINGS CO
                                          MONTH:     SEPTEMBER
                                          YEAR:      2016
                                          LATITUDE:   38 49 N
                                          LONGITUDE: 104 43 W

  TEMPERATURE IN F:       :PCPN:    SNOW:  WIND      :SUNSHINE: SKY     :PK WND
================================================================================
1   2   3   4   5  6A  6B    7    8   9   10  11  12  13   14  15   16   17  18
                                     12Z  AVG MX 2MIN
DY MAX MIN AVG DEP HDD CDD  WTR  SNW DPTH SPD SPD DIR MIN PSBL S-S WX    SPD DR
================================================================================

 1  74  57  66   0   0   1 0.00  0.0    0  7.6 16 180   M    M   8 18     19 180
 2  78  58  68   2   0   3    T  0.0    0  6.4 13 180   M    M   7 18     16 180
 3  85  57  71   5   0   6    T  0.0    0  5.3 15 340   M    M   6        18 330
 4  85  55  70   5   0   5 0.00  0.0    0  9.5 31 210   M    M   3        36 220
 5  87  53  70   5   0   5 0.00  0.0    0 10.1 25 140   M    M   2        33 140
 6  85  52  69   4   0   4 0.01  0.0    0  9.9 26 170   M    M   5        36 180
 7  83  57  70   6   0   5 0.00  0.0    0  8.2 17 130   M    M   7        21 140
 8  84  54  69   5   0   4 0.00  0.0    0  7.3 20 150   M    M   2        24 140
 9  80  46  63  -1   2   0 0.00  0.0    0 11.8 33  30   M    M   1        38  30
10  75  44  60  -3   5   0 0.00  0.0    0 12.5 25 170   M    M   1        34 180
11  88  52  70   7   0   5 0.00  0.0    0  5.5 22 220   M    M   6        25 220
12  82  56  69   7   0   4 0.04  0.0    0 10.5 29 300   M    M   6 3      37 290
13  65  49  57  -5   8   0 0.00  0.0    0  8.7 20 160   M    M   9 8      24 160
14  75  50  63   1   2   0    T  0.0    0 11.9 24 170   M    M   8 12     29 150
15  82  51  67   6   0   2 0.00  0.0    0 10.7 36  20   M    M   4        43  20
16  71  45  58  -3   7   0 0.00  0.0    0  8.5 22 160   M    M   4        28 170
17  79  45  62   2   3   0 0.00  0.0    0  4.8 13  30   M    M   2        17 230
18  86  47  67   7   0   2 0.00  0.0    0  4.8 15 120   M    M   2        20 120
19  87  55  71  11   0   6 0.00  0.0    0  8.3 17 110   M    M   2        21 150
20  90  56  73  14   0   8 0.00  0.0    0  7.9 38 240   M    M   8        45 230
21  83  58  71  12   0   6    T  0.0    0  8.4 23 260   M    M   7        27 240
22  86  53  70  12   0   5    T  0.0    0 12.8 28 140   M    M   5        32 140
23  85  50  68  10   0   3    T  0.0    0 16.2 40 180   M    M   5        53 150
24  71  41  56  -2   9   0 0.00  0.0    0  9.3 24 310   M    M   3        31 320
25  66  46  56  -1   9   0 0.00  0.0    0  8.3 16 350   M    M   3        21 360
26  76  37  57   0   8   0 0.00  0.0    0  5.1 21 150   M    M   0        26 150
27  79  43  61   5   4   0 0.00  0.0    0  5.8 14 150   M    M   1        17 150
28  80  51  66  10   0   1 0.00  0.0    0  8.3 20 130   M    M   3        28 130
29  79  43  61   5   4   0 0.00  0.0    0  8.5 24 170   M    M   4        29 140
================================================================================
SM 2326 1461        61  75  0.05     0.0 252.9          M      124
================================================================================
AV 80.2 50.4                               8.7 FASTST   M    M   4    MAX(MPH)
                                 MISC ---->  # 40 180               # 53  150
================================================================================
NOTES:
# LAST OF SEVERAL OCCURRENCES

COLUMN 17 PEAK WIND IN M.P.H.

PRELIMINARY LOCAL CLIMATOLOGICAL DATA (WS FORM: F-6) , PAGE 2

                                          STATION:  COLORADO SPRINGS CO
                                          MONTH:    SEPTEMBER
                                          YEAR:     2016
                                          LATITUDE:   38 49 N
                                          LONGITUDE: 104 43 W

[TEMPERATURE DATA]      [PRECIPITATION DATA]       SYMBOLS USED IN COLUMN 16

AVERAGE MONTHLY: 65.3   TOTAL FOR MONTH:   0.05    1 = FOG OR MIST
DPTR FM NORMAL:   4.2   DPTR FM NORMAL:   -1.12    2 = FOG REDUCING VISIBILITY
HIGHEST:    90 ON 20    GRTST 24HR  0.04 ON 12-12      TO 1/4 MILE OR LESS
LOWEST:     37 ON 26                               3 = THUNDER
                        SNOW, ICE PELLETS, HAIL    4 = ICE PELLETS
                        TOTAL MONTH:   0.0 INCH    5 = HAIL
                        GRTST 24HR     0.0         6 = FREEZING RAIN OR DRIZZLE
                        GRTST DEPTH:   0           7 = DUSTSTORM OR SANDSTORM:
                                                       VSBY 1/2 MILE OR LESS
                                                   8 = SMOKE OR HAZE
[NO. OF DAYS WITH]      [WEATHER - DAYS WITH]      9 = BLOWING SNOW
                                                   X = TORNADO
MAX 32 OR BELOW:   0    0.01 INCH OR MORE:   2
MAX 90 OR ABOVE:   1    0.10 INCH OR MORE:   0
MIN 32 OR BELOW:   0    0.50 INCH OR MORE:   0
MIN  0 OR BELOW:   0    1.00 INCH OR MORE:   0

[HDD (BASE 65) ]
TOTAL THIS MO.    61    CLEAR  (SCALE 0-3)  13
DPTR FM NORMAL   -89    PTCLDY (SCALE 4-7)  15
TOTAL FM JUL 1    82    CLOUDY (SCALE 8-10)  1
DPTR FM NORMAL   -99

[CDD (BASE 65) ]
TOTAL THIS MO.    75
DPTR FM NORMAL    40    [PRESSURE DATA]
TOTAL FM JAN 1   701    HIGHEST SLP M ON M
DPTR FM NORMAL   248    LOWEST  SLP 29.67 ON 23

[REMARKS]
