000
CXUS55 KPUB 011530
CF6COS

PRELIMINARY LOCAL CLIMATOLOGICAL DATA (WS FORM: F-6)

                                          STATION:   COLORADO SPRINGS CO
                                          MONTH:     SEPTEMBER
                                          YEAR:      2014
                                          LATITUDE:   38 49 N
                                          LONGITUDE: 104 43 W

  TEMPERATURE IN F:       :PCPN:    SNOW:  WIND      :SUNSHINE: SKY     :PK WND
================================================================================
1   2   3   4   5  6A  6B    7    8   9   10  11  12  13   14  15   16   17  18
                                     12Z  AVG MX 2MIN
DY MAX MIN AVG DEP HDD CDD  WTR  SNW DPTH SPD SPD DIR MIN PSBL S-S WX    SPD DR
================================================================================

 1  78  52  65  -1   0   0 0.00  0.0    0  9.5 24 150   M    M   3        32 150
 2  81  54  68   2   0   3 0.00  0.0    0  9.6 20 120   M    M   3        26 120
 3  92  54  73   7   0   8 0.00  0.0    0  9.2 25 220   M    M   2        31 210
 4  81  56  69   4   0   4    T  0.0    0 10.8 21 120   M    M   6        25 120
 5  56  48  52 -13  13   0 0.02  0.0    0  8.8 16 140   M    M  10 1      20 150
 6  67  48  58  -7   7   0 0.05  0.0    0  5.1 12 150   M    M   8 13     16  40
 7  82  46  64   0   1   0    T  0.0    0  6.0 36 330   M    M   3 3      44 330
 8  79  56  68   4   0   3 0.03  0.0    0  7.3 18 220   M    M   8        22 220
 9  85  55  70   6   0   5    T  0.0    0  8.7 36 350   M    M   7        44 350
10  69  52  61  -2   4   0    T  0.0    0  9.0 17 170   M    M   5 3      24 140
11  68  42  55  -8  10   0    T  0.0    0 10.6 23 170   M    M   5 18     29 170
12  44  34  39 -23  26   0    T    T    0 11.5 23  20   M    M  10        26  20
13  77  38  58  -4   7   0 0.00  0.0    0  8.1 17 140   M    M   4        23 160
14  86  45  66   4   0   1 0.00  0.0    0  6.9 17 200   M    M   4        22 210
15  70  53  62   1   3   0    T  0.0    0 13.2 28 340   M    M   4 13     34 340
16  88  50  69   8   0   4 0.00  0.0    0  5.8 15  90   M    M   5 18     19  80
17  88  53  71  11   0   6 0.00  0.0    0  7.9 28  90   M    M   5 3      32  90
18  86  54  70  10   0   5 0.00  0.0    0  9.6 22 150   M    M   1        26 150
19  87  51  69   9   0   4 0.00  0.0    0  6.7 23  50   M    M   2        31  30
20  83  61  72  13   0   7 0.00  0.0    0  9.2 20  90   M    M   4        23  90
21  72  57  65   6   0   0 0.01  0.0    0 12.0 24 160   M    M   8        29 170
22  76  54  65   7   0   0    T  0.0    0  7.7 20 180   M    M   6        23 180
23  84  50  67   9   0   2 0.00  0.0    0  7.9 20  20   M    M   3 8      28 300
24  83  52  68  10   0   3 0.00  0.0    0  5.1 13 130   M    M   2        17 160
25  83  50  67  10   0   2 0.00  0.0    0  8.3 21 170   M    M   1 8      24 150
26  83  49  66   9   0   1 0.00  0.0    0  7.8 17 140   M    M   1        21 120
27  83  51  67  11   0   2 0.00  0.0    0  8.0 17 120   M    M   1        23 150
28  78  50  64   8   1   0    T  0.0    0  9.7 29 200   M    M   4        36 210
29  75  44  60   4   5   0 0.50    T    0  7.5 37 250   M    M   5 35     45 250
30  69  40  55   0  10   0 0.00  0.0    0  5.9 16 310   M    M   5        22 310
================================================================================
SM 2333 1499        87  60 0.61    T     253.4          M      135
================================================================================
AV 77.8 50.0                               8.4 FASTST   M    M   5      MAX(MPH)
                                 MISC ---->    37 250                     45 250
================================================================================
NOTES:
COLUMN 17 PEAK WIND IN M.P.H.

PRELIMINARY LOCAL CLIMATOLOGICAL DATA (WS FORM: F-6) , PAGE 2

                                          STATION:  COLORADO SPRINGS CO
                                          MONTH:    SEPTEMBER
                                          YEAR:     2014
                                          LATITUDE:   38 49 N
                                          LONGITUDE: 104 43 W

[TEMPERATURE DATA]      [PRECIPITATION DATA]       SYMBOLS USED IN COLUMN 16

AVERAGE MONTHLY: 63.9   TOTAL FOR MONTH:   0.61    1 = FOG OR MIST
DPTR  FM NORMAL:  3.0   DPTR  FM NORMAL:  -0.58    2 = FOG REDUCING VISIBILITY
HIGHEST:     92 ON  3   GRTST 24HR   0.50 ON 29        TO 1/4 MILE OR LESS
 LOWEST:     34 ON 12                              3 = THUNDER
                        SNOW, ICE PELLETS, HAIL    4 = ICE PELLETS
                        TOTAL MONTH:  T            5 = HAIL
                        GRTST 24HR    T ON 12,29   6 = FREEZING RAIN OR DRIZZLE
                        GRTST DEPTH:  0            7 = DUSTSTORM OR SANDSTORM:
                                                       VSBY 1/2 MILE OR LESS
                                                   8 = SMOKE OR HAZE
[NO. OF DAYS WITH]      [WEATHER - DAYS WITH]      9 = BLOWING SNOW
                                                   X = TORNADO
MAX 32 OR BELOW:   0    0.01 INCH OR MORE:   5
MAX 90 OR ABOVE:   1    0.10 INCH OR MORE:   1
MIN 32 OR BELOW:   0    0.50 INCH OR MORE:   1
MIN  0 OR BELOW:   0    1.00 INCH OR MORE:   0

[HDD (BASE 65) ]
TOTAL THIS MO.    87    CLEAR  (SCALE 0-3)  11
DPTR FM NORMAL   -72    PTCLDY (SCALE 4-7)  14
TOTAL FM JUL 1   117    CLOUDY (SCALE 8-10)  5
DPTR FM NORMAL   -73

[CDD (BASE 65) ]
TOTAL THIS MO.    60
DPTR FM NORMAL    24    [PRESSURE DATA]
TOTAL FM JAN 1   487    HIGHEST SLP 30.49 ON 12
DPTR FM NORMAL    33    LOWEST  SLP 29.59 ON  9

[REMARKS]
#FINAL-09-14#
