000
CXUS53 KLSX 291600
CF6COU
PRELIMINARY LOCAL CLIMATOLOGICAL DATA (WS FORM: F-6)

                                          STATION:   COLUMBIA ASOS
                                          MONTH:     AUGUST
                                          YEAR:      2015
                                          LATITUDE:   38 49 N
                                          LONGITUDE:  92 13 W

  TEMPERATURE IN F:       :PCPN:    SNOW:  WIND      :SUNSHINE: SKY     :PK WND
================================================================================
1   2   3   4   5  6A  6B    7    8   9   10  11  12  13   14  15   16   17  18
                                     12Z  AVG MX 2MIN
DY MAX MIN AVG DEP HDD CDD  WTR  SNW DPTH SPD SPD DIR MIN PSBL S-S WX    SPD DR
================================================================================

 1  89  67  78   1   0  13 0.03  0.0    0  4.4 23 250   M    M   0 3      30 260
 2  91  67  79   2   0  14 0.00  0.0    0  8.9 22 350   M    M   1        29 350
 3  89  70  80   3   0  15 0.00  0.0    0  5.8 13 220   M    M   0 8      16 300
 4  88  69  79   2   0  14 0.03  0.0    0  7.6 30 220   M    M   1 3      40 220
 5  75  68  72  -5   0   7 0.18  0.0    0  5.3 15  30   M    M   7 1      19  40
 6  85  67  76  -1   0  11 0.00  0.0    0  5.3 12 360   M    M   1 1      16  20
 7  89  67  78   1   0  13 0.00  0.0    0  4.7 10 120   M    M   1 1      14 110
 8  87  72  80   3   0  15    T  0.0    0  7.3 21 130   M    M   2 12     26 140
 9  89  74  82   5   0  17 0.01  0.0    0  7.6 21 330   M    M   1        25 340
10  88  72  80   3   0  15 0.09  0.0    0  7.6 17 260   M    M   5 12     20 320
11  84  66  75  -2   0  10 0.00  0.0    0  9.2 18 360   M    M   1        22 350
12  86  62  74  -3   0   9 0.00  0.0    0  5.2 13 330   M    M   1        15 330
13  86  63  75  -2   0  10 0.00  0.0    0  4.0  8 220   M    M   1        12 150
14  87  69  78   1   0  13 0.00  0.0    0  1.5  8 350   M    M   0        11 190
15  88  66  77   0   0  12 0.00  0.0    0  3.3  9 100   M    M   1 1      13  90
16  89  66  78   1   0  13 0.00  0.0    0  6.9 14 170   M    M   1 8      18 180
17  89  68  79   2   0  14 0.06  0.0    0  5.5 15 310   M    M   1 13     19 310
18  85  66  76   0   0  11 0.75  0.0    0 10.2 33 320   M    M   3 1      45 300
19  70  58  64 -12   1   0 0.01  0.0    0  9.4 17 300   M    M   2        22 290
20  80  56  68  -8   0   3 0.00  0.0    0  7.1 14 230   M    M   0        19 220
21  82  58  70  -6   0   5 0.00  0.0    0  8.9 21 150   M    M   0        29 150
22  81  63  72  -4   0   7 1.95  0.0    0  8.3 16  80   M    M   5 1      19  80
23  77  59  68  -8   0   3    T  0.0    0  9.5 22 330   M    M   2 1      26 330
24  78  53  66 -10   0   1 0.00  0.0    0  7.2 16 290   M    M   0        22 270
25  79  54  67  -8   0   2 0.00  0.0    0  6.8 16 320   M    M   0        19 310
26  80  54  67  -8   0   2 0.00  0.0    0  4.0  9 360   M    M   0        13 360
27  77  57  67  -8   0   2 0.00  0.0    0  6.2 14 190   M    M   0        15 200
28  80  60  70  -5   0   5    T  0.0    0  8.3 16 140   M    M   2        20 130
================================================================================
SM 2348 1791         1 256  3.11     0.0 186.0          M       39
================================================================================
AV 83.9 64.0                               6.6 FASTST   M    M   1    MAX(MPH)
                                 MISC ---->  # 33 320               # 45  300
================================================================================
NOTES:
# LAST OF SEVERAL OCCURRENCES

COLUMN 17 PEAK WIND IN M.P.H.

PRELIMINARY LOCAL CLIMATOLOGICAL DATA (WS FORM: F-6) , PAGE 2

                                          STATION:  COLUMBIA ASOS
                                          MONTH:    AUGUST
                                          YEAR:     2015
                                          LATITUDE:   38 49 N
                                          LONGITUDE:  92 13 W

[TEMPERATURE DATA]      [PRECIPITATION DATA]       SYMBOLS USED IN COLUMN 16

AVERAGE MONTHLY: 73.9   TOTAL FOR MONTH:   3.11    1 = FOG OR MIST
DPTR FM NORMAL:  -2.6   DPTR FM NORMAL:   -0.83    2 = FOG REDUCING VISIBILITY
HIGHEST:    91 ON  2    GRTST 24HR  1.95 ON 22-22      TO 1/4 MILE OR LESS
LOWEST:     53 ON 24                               3 = THUNDER
                        SNOW, ICE PELLETS, HAIL    4 = ICE PELLETS
                        TOTAL MONTH:   0.0 INCH    5 = HAIL
                        GRTST 24HR     0.0         6 = FREEZING RAIN OR DRIZZLE
                        GRTST DEPTH:   0           7 = DUSTSTORM OR SANDSTORM:
                                                       VSBY 1/2 MILE OR LESS
                                                   8 = SMOKE OR HAZE
[NO. OF DAYS WITH]      [WEATHER - DAYS WITH]      9 = BLOWING SNOW
                                                   X = TORNADO
MAX 32 OR BELOW:   0    0.01 INCH OR MORE:   9
MAX 90 OR ABOVE:   1    0.10 INCH OR MORE:   3
MIN 32 OR BELOW:   0    0.50 INCH OR MORE:   2
MIN  0 OR BELOW:   0    1.00 INCH OR MORE:   1

[HDD (BASE 65) ]
TOTAL THIS MO.     1    CLEAR  (SCALE 0-3)  25
DPTR FM NORMAL     1    PTCLDY (SCALE 4-7)   3
TOTAL FM JUL 1     2    CLOUDY (SCALE 8-10)  0
DPTR FM NORMAL     2

[CDD (BASE 65) ]
TOTAL THIS MO.   256
DPTR FM NORMAL   -65    [PRESSURE DATA]
TOTAL FM JAN 1  1084    HIGHEST SLP M ON M
DPTR FM NORMAL    30    LOWEST  SLP 29.70 ON M

[REMARKS]
