000
CXUS55 KRIW 250901
CF6CPR
PRELIMINARY LOCAL CLIMATOLOGICAL DATA (WS FORM: F-6)

                                          STATION:   CASPER WY
                                          MONTH:     DECEMBER
                                          YEAR:      2014
                                          LATITUDE:   42 55 N
                                          LONGITUDE: 106 28 W

  TEMPERATURE IN F:       :PCPN:    SNOW:  WIND      :SUNSHINE: SKY     :PK WND
================================================================================
1   2   3   4   5  6A  6B    7    8   9   10  11  12  13   14  15   16   17  18
                                     12Z  AVG MX 2MIN
DY MAX MIN AVG DEP HDD CDD  WTR  SNW DPTH SPD SPD DIR MIN PSBL S-S WX    SPD DR
================================================================================

 1  48   6  27   1  38   0 0.00  0.0    0 13.0 36 220   M    M   2        45 230
 2  43  15  29   3  36   0 0.00  0.0    0 11.0 31 240   M    M   1        43 240
 3  50  14  32   7  33   0    T  0.0    0  9.3 29 230   M    M   2        34 230
 4  55  30  43  18  22   0 0.00  0.0    0 14.1 26 230   M    M   0        34 260
 5  52  25  39  14  26   0 0.00  0.0    0  8.4 20 220   M    M   2        23 210
 6  52  29  41  16  24   0 0.00  0.0    0 12.5 28 210   M    M   0        35 210
 7  52  23  38  14  27   0 0.00  0.0    0 11.3 25 220   M    M   0        30 220
 8  52  30  41  17  24   0 0.00  0.0    0 12.0 22 220   M    M   0        26 230
 9  55  33  44  20  21   0 0.00  0.0    0 14.3 25 210   M    M   0        31 210
10  55  31  43  19  22   0 0.00  0.0    0 13.5 23 210   M    M   0        27 210
11  58  33  46  22  19   0 0.00  0.0    0 21.8 33 210   M    M   0        42 220
12  60  47  54  30  11   0 0.00  0.0    0 17.6 33 210   M    M   1        42 210
13  57  35  46  23  19   0 0.00  0.0    0  8.8 22 260   M    M   1        27 260
14  38  25  32   9  33   0 0.49  5.0    4  6.3 18  30   M    M  10 12     23  30
15  27  14  21  -2  44   0 0.29  4.3    7  6.7 16 230   M    M   6 18     22 220
16  35   3  19  -4  46   0 0.00  0.0    5  7.2 21 230   M    M   3        24 230
17  33  17  25   2  40   0 0.00  0.0    5 12.1 21 220   M    M   0        26 220
18  29  17  23   0  42   0 0.00  0.0    3 12.5 24 210   M    M   0        30 210
19  33  22  28   5  37   0 0.00  0.0    3 18.9 28 210   M    M   0        34 230
20  36  29  33  10  32   0 0.00  0.0    3 18.0 25 220   M    M   1        31 220
21  41  30  36  13  29   0 0.01  0.2    1 16.8 33 220   M    M   4 1      45 220
22  33  22  28   5  37   0 0.04  0.8    1 10.8 24 300   M    M   7 18     31 300
23  32  16  24   1  41   0 0.00  0.0    1  9.0 22 220   M    M   5        26 230
24  36  21  29   6  36   0 0.00  0.0    1 25.7 38 220   M    M   2        48 210
================================================================================
SM 1062  567       739   0  0.83    10.3 311.6          M       47
================================================================================
AV 44.2 23.6                              13.0 FASTST   M    M   2    MAX(MPH)
                                 MISC ---->  # 38 220               # 48  210
================================================================================
NOTES:
# LAST OF SEVERAL OCCURRENCES

COLUMN 17 PEAK WIND IN M.P.H.

PRELIMINARY LOCAL CLIMATOLOGICAL DATA (WS FORM: F-6) , PAGE 2

                                          STATION:  CASPER WY
                                          MONTH:    DECEMBER
                                          YEAR:     2014
                                          LATITUDE:   42 55 N
                                          LONGITUDE: 106 28 W

[TEMPERATURE DATA]      [PRECIPITATION DATA]       SYMBOLS USED IN COLUMN 16

AVERAGE MONTHLY: 33.9   TOTAL FOR MONTH:   0.83    1 = FOG OR MIST
DPTR FM NORMAL:  10.1   DPTR FM NORMAL:    0.45    2 = FOG REDUCING VISIBILITY
HIGHEST:    60 ON 12    GRTST 24HR  0.73 ON 14-15      TO 1/4 MILE OR LESS
LOWEST:      3 ON 16                               3 = THUNDER
                        SNOW, ICE PELLETS, HAIL    4 = ICE PELLETS
                        TOTAL MONTH:  10.3 INCHES  5 = HAIL
                        GRTST 24HR   5.0 ON 14-14  6 = FREEZING RAIN OR DRIZZLE
                        GRTST DEPTH:   7 ON 15     7 = DUSTSTORM OR SANDSTORM:
                                                       VSBY 1/2 MILE OR LESS
                                                   8 = SMOKE OR HAZE
[NO. OF DAYS WITH]      [WEATHER - DAYS WITH]      9 = BLOWING SNOW
                                                   X = TORNADO
MAX 32 OR BELOW:   3    0.01 INCH OR MORE:   4
MAX 90 OR ABOVE:   0    0.10 INCH OR MORE:   2
MIN 32 OR BELOW:  20    0.50 INCH OR MORE:   0
MIN  0 OR BELOW:   0    1.00 INCH OR MORE:   0

[HDD (BASE 65) ]
TOTAL THIS MO.   739    CLEAR  (SCALE 0-3)  19
DPTR FM NORMAL  -250    PTCLDY (SCALE 4-7)   4
TOTAL FM JUL 1  2514    CLOUDY (SCALE 8-10)  1
DPTR FM NORMAL  -329

[CDD (BASE 65) ]
TOTAL THIS MO.     0
DPTR FM NORMAL     0    [PRESSURE DATA]
TOTAL FM JAN 1   357    HIGHEST SLP M ON M
DPTR FM NORMAL   -65    LOWEST  SLP 29.43 ON 24

[REMARKS]
