000
CXUS54 KFWD 210730
CF6CPT
PRELIMINARY LOCAL CLIMATOLOGICAL DATA (WS FORM: F-6)

                                          STATION:   CLEBURNE
                                          MONTH:     JANUARY
                                          YEAR:      2018
                                          LATITUDE:   32 20 N
                                          LONGITUDE:  97 24 W

  TEMPERATURE IN F:       :PCPN:    SNOW:  WIND      :SUNSHINE: SKY     :PK WND
================================================================================
1   2   3   4   5  6A  6B    7    8   9   10  11  12  13   14  15   16   17  18
                                     12Z  AVG MX 2MIN
DY MAX MIN AVG DEP HDD CDD  WTR  SNW DPTH SPD SPD DIR MIN PSBL S-S WX    SPD DR
================================================================================

 1  27  14  21 -23  44   0 0.00  0.0    0 10.3 23  10   M    M   1        30  10
 2  25  18  22 -22  43   0 0.00  0.0    0  8.1 14 360   M    M   9        18 360
 3  50  14  32 -12  33   0 0.00  0.0    0  7.7 13 350   M    M   0        17 340
 4  50  25  38  -6  27   0 0.00  0.0    0  4.0  7 140   M    M   0         M  M
 5  63  32  48   4  17   0 0.00  0.0    0  7.2 10 180   M    M   0        16 200
 6  63  36  50   6  15   0 0.00  0.0    0 10.0 15 160   M    M   3        21 160
 7  61  46  54  10  11   0 0.01  0.0    0 13.2 18 160   M    M   8 1      24 180
 8  59  36  48   4  17   0 0.00    M    0 10.7 20  10   M    M   0        22  10
 9  64  34  49   5  16   0 0.00  0.0    0  8.9 16 140   M    M   2 1      18 140
10  63  43  53   9  12   0 0.00  0.0    0 14.9 22 170   M    M   9 1      33 170
11  59  30  45   0  20   0 0.00  0.0    0 17.8 31 300   M    M   4 18     39 300
12  45  21  33 -12  32   0 0.00  0.0    0 11.7 23 340   M    M   0        32 340
13  46  21  34 -11  31   0 0.00  0.0    0  8.0 14 350   M    M   0        15  99
14  55  28  42  -3  23   0 0.00  0.0    0  8.8 16 180   M    M   0        21 170
15  57  30  44  -1  21   0    M    M    0 12.8 30  10   M    M   6 12     37  20
16  28  16  22 -23  43   0    M    M    0 17.5 29 350   M    M   6        35 350
17  36   9  23 -22  42   0 0.00  0.0    0  5.0  8 340   M    M   0         M  M
18  41  16  29 -16  36   0 0.00  0.0    0  8.1 14 150   M    M   3        18 170
19  54  30  42  -3  23   0 0.00  0.0    0 11.6 18 160   M    M  10 1      28 170
20  73  50  62  17   3   0 0.00  0.0    0 15.2 20 170   M    M   5 1      28 170
================================================================================
SM 1019  549       509   0  0.01     0.0 211.5          M       66
================================================================================
AV 51.0 27.5                              10.6 FASTST   M    M   3    MAX(MPH)
                                 MISC ---->    31   M                 39    M
================================================================================
NOTES:
# LAST OF SEVERAL OCCURRENCES

COLUMN 17 PEAK WIND IN M.P.H.

PRELIMINARY LOCAL CLIMATOLOGICAL DATA (WS FORM: F-6) , PAGE 2

                                          STATION:  CLEBURNE
                                          MONTH:    JANUARY
                                          YEAR:     2018
                                          LATITUDE:   32 20 N
                                          LONGITUDE:  97 24 W

[TEMPERATURE DATA]      [PRECIPITATION DATA]       SYMBOLS USED IN COLUMN 16

AVERAGE MONTHLY: 39.2   TOTAL FOR MONTH:   0.01    1 = FOG OR MIST
DPTR FM NORMAL:  -5.3   DPTR FM NORMAL:   -1.36    2 = FOG REDUCING VISIBILITY
HIGHEST:    73 ON 20    GRTST 24HR  0.01 ON  7- 7      TO 1/4 MILE OR LESS
LOWEST:      9 ON 17                               3 = THUNDER
                        SNOW, ICE PELLETS, HAIL    4 = ICE PELLETS
                        TOTAL MONTH:   0.0 INCH    5 = HAIL
                        GRTST 24HR     0.0         6 = FREEZING RAIN OR DRIZZLE
                        GRTST DEPTH:   0           7 = DUSTSTORM OR SANDSTORM:
                                                       VSBY 1/2 MILE OR LESS
                                                   8 = SMOKE OR HAZE
[NO. OF DAYS WITH]      [WEATHER - DAYS WITH]      9 = BLOWING SNOW
                                                   X = TORNADO
MAX 32 OR BELOW:   3    0.01 INCH OR MORE:   1
MAX 90 OR ABOVE:   0    0.10 INCH OR MORE:   0
MIN 32 OR BELOW:  14    0.50 INCH OR MORE:   0
MIN  0 OR BELOW:   0    1.00 INCH OR MORE:   0

[HDD (BASE 65) ]
TOTAL THIS MO.   509    CLEAR  (SCALE 0-3)  12
DPTR FM NORMAL    99    PTCLDY (SCALE 4-7)   4
TOTAL FM JUL 1  1286    CLOUDY (SCALE 8-10)  4
DPTR FM NORMAL   -90

[CDD (BASE 65) ]
TOTAL THIS MO.     0
DPTR FM NORMAL     0    [PRESSURE DATA]
TOTAL FM JAN 1     0    HIGHEST SLP M ON M
DPTR FM NORMAL     0    LOWEST  SLP M ON M

[REMARKS]
