000
CXUS56 KSGX 291445
CF6CRQ
PRELIMINARY LOCAL CLIMATOLOGICAL DATA (WS FORM: F-6)

                                          STATION:   CARLSBAD PALOMAR AIRPORT CA
                                          MONTH:     JULY
                                          YEAR:      2015
                                          LATITUDE:   33  7 N
                                          LONGITUDE: 117 17 W

  TEMPERATURE IN F:       :PCPN:    SNOW:  WIND      :SUNSHINE: SKY     :PK WND
================================================================================
1   2   3   4   5  6A  6B    7    8   9   10  11  12  13   14  15   16   17  18
                                     12Z  AVG MX 2MIN
DY MAX MIN AVG DEP HDD CDD  WTR  SNW DPTH SPD SPD DIR MIN PSBL S-S WX    SPD DR
================================================================================

 1  77  69  73   6   0   8    T  0.0    0  3.3 10 220   M    M   3 18     14 260
 2  80  67  74   7   0   9 0.00  0.0    0  4.1 13 260   M    M   5 18     18 250
 3  73  66  70   3   0   5 0.00  0.0    0  4.3 13 260   M    M   8 18     18 250
 4  71  65  68   1   0   3 0.00  0.0    0  4.5 13 250   M    M   9        19 220
 5  69  64  67   0   0   2 0.00  0.0    0  5.4 12 250   M    M  10 1      15 240
 6  70  64  67   0   0   2 0.00  0.0    0  4.2 13 250   M    M  10 18     17 250
 7  69  64  67  -1   0   2 0.00  0.0    0  4.0 12 250   M    M  10 1      14 240
 8  72  64  68   0   0   3 0.00  0.0    0  6.8 15 220   M    M   9        21 220
 9  71  65  68   0   0   3 0.00  0.0    0  6.8 16 240   M    M   8 8      20 250
10  73  65  69   1   0   4    T  0.0    0  4.7 15 250   M    M   5        20 250
11  72  64  68   0   0   3 0.00  0.0    0  4.8 14 250   M    M   5        20 250
12  73  63  68   0   0   3 0.00  0.0    0  4.2 14 250   M    M   2        18 250
13  74  63  69   1   0   4 0.00  0.0    0  3.9 13 250   M    M   2        17 250
14  72  66  69   1   0   4 0.00  0.0    0  6.3 14 240   M    M   6        18 230
15  73  65  69   1   0   4 0.00  0.0    0  5.8 14 260   M    M   5        19 260
16  73  65  69   1   0   4 0.00  0.0    0  4.1 14 250   M    M   4        20 240
17  74  65  70   2   0   5 0.00  0.0    0  3.8 13 260   M    M   3        16 240
18  83  65  74   6   0   9 0.26  0.0    0  3.8 12  50   M    M   5 13     16  50
19  84  73  79  10   0  14 0.55  0.0    0  4.2 14 230   M    M   4 18     16 230
20  78  70  74   5   0   9    T  0.0    0  5.2 13 240   M    M   6 1      17 250
21  76  68  72   3   0   7 0.00  0.0    0  5.4 13 250   M    M   9 1      17 260
22  77  71  74   5   0   9 0.00  0.0    0  4.6 13 250   M    M   9        18 260
23  77  69  73   4   0   8 0.00  0.0    0  4.2 13 250   M    M   6 18     19 250
24  77  68  73   4   0   8 0.00  0.0    0  4.1 13 260   M    M   5        19 260
25  80  66  73   4   0   8 0.00  0.0    0  3.6 12 250   M    M   2 128    17 250
26  76  66  71   2   0   6 0.00  0.0    0  5.5 13 260   M    M   5 1      18 230
27  73  66  70   1   0   5 0.00  0.0    0  5.5 14 260   M    M   3        18 240
28  74  63  69   0   0   4 0.00  0.0    0  3.4 12 250   M    M   2        17 260
================================================================================
SM 2091 1849         0 155  0.81     0.0 130.5          M      160
================================================================================
AV 74.7 66.0                               4.7 FASTST   M    M   6    MAX(MPH)
                                 MISC ---->  # 16 240               # 21  220
================================================================================
NOTES:
# LAST OF SEVERAL OCCURRENCES

COLUMN 17 PEAK WIND IN M.P.H.

PRELIMINARY LOCAL CLIMATOLOGICAL DATA (WS FORM: F-6) , PAGE 2

                                          STATION:  CARLSBAD PALOMAR AIRPORT CA
                                          MONTH:    JULY
                                          YEAR:     2015
                                          LATITUDE:   33  7 N
                                          LONGITUDE: 117 17 W

[TEMPERATURE DATA]      [PRECIPITATION DATA]       SYMBOLS USED IN COLUMN 16

AVERAGE MONTHLY: 70.4   TOTAL FOR MONTH:   0.81    1 = FOG OR MIST
DPTR FM NORMAL:   2.2   DPTR FM NORMAL:    0.71    2 = FOG REDUCING VISIBILITY
HIGHEST:    84 ON 19    GRTST 24HR  0.55 ON 19-19      TO 1/4 MILE OR LESS
LOWEST:     63 ON 28,13                            3 = THUNDER
                        SNOW, ICE PELLETS, HAIL    4 = ICE PELLETS
                        TOTAL MONTH:   0.0 INCH    5 = HAIL
                        GRTST 24HR     0.0         6 = FREEZING RAIN OR DRIZZLE
                        GRTST DEPTH:   0           7 = DUSTSTORM OR SANDSTORM:
                                                       VSBY 1/2 MILE OR LESS
                                                   8 = SMOKE OR HAZE
[NO. OF DAYS WITH]      [WEATHER - DAYS WITH]      9 = BLOWING SNOW
                                                   X = TORNADO
MAX 32 OR BELOW:   0    0.01 INCH OR MORE:   2
MAX 90 OR ABOVE:   0    0.10 INCH OR MORE:   2
MIN 32 OR BELOW:   0    0.50 INCH OR MORE:   1
MIN  0 OR BELOW:   0    1.00 INCH OR MORE:   0

[HDD (BASE 65) ]
TOTAL THIS MO.     0    CLEAR  (SCALE 0-3)   6
DPTR FM NORMAL     0    PTCLDY (SCALE 4-7)  15
TOTAL FM JUL 1     0    CLOUDY (SCALE 8-10)  7
DPTR FM NORMAL     0

[CDD (BASE 65) ]
TOTAL THIS MO.   155
DPTR FM NORMAL    64    [PRESSURE DATA]
TOTAL FM JAN 1   342    HIGHEST SLP M ON M
DPTR FM NORMAL   200    LOWEST  SLP 29.75 ON 17

[REMARKS]
