069
CXUS56 KSGX 231545
CF6CRQ
PRELIMINARY LOCAL CLIMATOLOGICAL DATA (WS FORM: F-6)

                                          STATION:   CARLSBAD PALOMAR AIRPORT CA
                                          MONTH:     JULY
                                          YEAR:      2016
                                          LATITUDE:   33  7 N
                                          LONGITUDE: 117 17 W

  TEMPERATURE IN F:       :PCPN:    SNOW:  WIND      :SUNSHINE: SKY     :PK WND
================================================================================
1   2   3   4   5  6A  6B    7    8   9   10  11  12  13   14  15   16   17  18
                                     12Z  AVG MX 2MIN
DY MAX MIN AVG DEP HDD CDD  WTR  SNW DPTH SPD SPD DIR MIN PSBL S-S WX    SPD DR
================================================================================

 1  70  64  67   0   0   2 0.00  0.0    0  6.4 14 250   M    M   9 18     18 200
 2  71  63  67   0   0   2 0.00  0.0    0  4.9 14 240   M    M   6        19 270
 3  70  63  67   0   0   2 0.00  0.0    0  4.4 13 240   M    M   7        20 240
 4  72  65  69   2   0   4 0.00  0.0    0  5.9 15 240   M    M   9        21 260
 5  73  65  69   2   0   4 0.00  0.0    0  6.0 14 240   M    M   7        22 250
 6  70  64  67   0   0   2 0.00  0.0    0  5.7 14 250   M    M   6 8      19 240
 7  72  63  68   0   0   3 0.00  0.0    0  5.6 13 260   M    M   5        16 260
 8  72  63  68   0   0   3 0.00  0.0    0  4.6 13 250   M    M   3        17 250
 9  75  62  69   1   0   4 0.00  0.0    0  3.9 14 250   M    M   2        17 260
10  75  65  70   2   0   5 0.00  0.0    0  5.2 12 230   M    M   4        18 260
11  72  64  68   0   0   3 0.00  0.0    0  7.5 15 230   M    M   5        20 220
12  71  64  68   0   0   3 0.00  0.0    0  5.4 13 250   M    M   4        17 250
13  74  65  70   2   0   5 0.00  0.0    0  3.9 12 240   M    M   4        18 250
14  75  65  70   2   0   5 0.00  0.0    0  4.3 13 240   M    M   4        19 260
15  74  66  70   2   0   5 0.00  0.0    0  5.6 13 250   M    M   5 1      18 260
16  73  66  70   2   0   5 0.00  0.0    0  4.6 13 240   M    M   4        17 250
17  75  66  71   3   0   6 0.00  0.0    0  4.7 13 240   M    M   5        18 220
18  74  67  71   3   0   6 0.00  0.0    0  5.5 13 240   M    M   5        20 250
19  77  65  71   2   0   6 0.00  0.0    0  3.8 12 260   M    M   3        16 220
20  81  67  74   5   0   9 0.00  0.0    0  4.2 12 260   M    M   3 1      17 250
21  83  67  75   6   0  10 0.00  0.0    0  2.7 10 250   M    M   1        15 290
22  84  67  76   7   0  11 0.00  0.0    0  3.5 10 250   M    M   2 12     14 250
================================================================================
SM 1633 1426         0 105  0.00     0.0 108.3          M      103
================================================================================
AV 74.2 64.8                               4.9 FASTST   M    M   5    MAX(MPH)
                                 MISC ---->  # 15 240               # 22  250
================================================================================
NOTES:
# LAST OF SEVERAL OCCURRENCES

COLUMN 17 PEAK WIND IN M.P.H.

PRELIMINARY LOCAL CLIMATOLOGICAL DATA (WS FORM: F-6) , PAGE 2

                                          STATION:  CARLSBAD PALOMAR AIRPORT CA
                                          MONTH:    JULY
                                          YEAR:     2016
                                          LATITUDE:   33  7 N
                                          LONGITUDE: 117 17 W

[TEMPERATURE DATA]      [PRECIPITATION DATA]       SYMBOLS USED IN COLUMN 16

AVERAGE MONTHLY: 69.5   TOTAL FOR MONTH:   0.00    1 = FOG OR MIST
DPTR FM NORMAL:   1.6   DPTR FM NORMAL:   -0.09    2 = FOG REDUCING VISIBILITY
HIGHEST:    84 ON 22    GRTST 24HR  0.00 ON 22-22      TO 1/4 MILE OR LESS
LOWEST:     62 ON  9                               3 = THUNDER
                        SNOW, ICE PELLETS, HAIL    4 = ICE PELLETS
                        TOTAL MONTH:   0.0 INCH    5 = HAIL
                        GRTST 24HR     0.0         6 = FREEZING RAIN OR DRIZZLE
                        GRTST DEPTH:   0           7 = DUSTSTORM OR SANDSTORM:
                                                       VSBY 1/2 MILE OR LESS
                                                   8 = SMOKE OR HAZE
[NO. OF DAYS WITH]      [WEATHER - DAYS WITH]      9 = BLOWING SNOW
                                                   X = TORNADO
MAX 32 OR BELOW:   0    0.01 INCH OR MORE:   0
MAX 90 OR ABOVE:   0    0.10 INCH OR MORE:   0
MIN 32 OR BELOW:   0    0.50 INCH OR MORE:   0
MIN  0 OR BELOW:   0    1.00 INCH OR MORE:   0

[HDD (BASE 65) ]
TOTAL THIS MO.     0    CLEAR  (SCALE 0-3)   4
DPTR FM NORMAL     0    PTCLDY (SCALE 4-7)  16
TOTAL FM JUL 1     0    CLOUDY (SCALE 8-10)  2
DPTR FM NORMAL     0

[CDD (BASE 65) ]
TOTAL THIS MO.   105
DPTR FM NORMAL    38    [PRESSURE DATA]
TOTAL FM JAN 1   242    HIGHEST SLP M ON M
DPTR FM NORMAL   124    LOWEST  SLP 29.78 ON M

[REMARKS]
