000
CXUS52 KTAE 280800
CF6CTY
PRELIMINARY LOCAL CLIMATOLOGICAL DATA (WS FORM: F-6)

                                          STATION:   CROSS CITY
                                          MONTH:     JULY
                                          YEAR:      2015
                                          LATITUDE:   29 37 N
                                          LONGITUDE:  83  6 W

  TEMPERATURE IN F:       :PCPN:    SNOW:  WIND      :SUNSHINE: SKY     :PK WND
================================================================================
1   2   3   4   5  6A  6B    7    8   9   10  11  12  13   14  15   16   17  18
                                     12Z  AVG MX 2MIN
DY MAX MIN AVG DEP HDD CDD  WTR  SNW DPTH SPD SPD DIR MIN PSBL S-S WX    SPD DR
================================================================================

 1  92  70  81   0   0  16 0.05  0.0    0  4.1 14 240   M    M   0        17 240
 2  91  72  82   1   0  17 0.05  0.0    0  4.2 20 260   M    M   0        27 260
 3  94  71  83   2   0  18 0.00  0.0    0  4.0 14 280   M    M   0        18 290
 4  90  73  82   1   0  17 0.37  0.0    0  3.1 28 350   M    M   0        38 350
 5  94  71  83   2   0  18 0.10  0.0    0  4.5 24 330   M    M   0        36 320
 6  93  69  81   0   0  16 0.05  0.0    0  3.9 14 270   M    M   0        17 280
 7  93  71  82   1   0  17 0.98  0.0    0  4.3 21  30   M    M   0        30  30
 8  91  70  81   0   0  16 0.09  0.0    0  2.5 18 170   M    M   0        24 170
 9  95  72  84   3   0  19 0.08  0.0    0  2.2 20 200   M    M   0        24 200
10  97  73  85   4   0  20 0.04  0.0    0  3.7 13 280   M    M   0        15 320
11  98  75  87   6   0  22 0.08  0.0    0  3.1 15  10   M    M   0        19 350
12  99  74  87   6   0  22 0.36  0.0    0  4.2 23 200   M    M   0        30 200
13  95  74  85   4   0  20 0.33  0.0    0  4.0 22 170   M    M   0        29 170
14  93  77  85   4   0  20    M  0.0    0  6.0 21 190   M    M   0        26 190
15  83  74  79  -2   0  14 1.47  0.0    0  6.5 25 230   M    M   0        38 230
16  87  74  81  -1   0  16 5.27  0.0    0  5.1 22 290   M    M   0        31 310
17  92  75  84   2   0  19 0.12  0.0    0  2.0 16 220   M    M   0        23 240
18  91  75  83   1   0  18 0.90  0.0    0  3.5 20 220   M    M   0        25 220
19  93  75  84   2   0  19    M  0.0    M  3.5 15 230   M    M   0        22 240
20  92  75  84   2   0  19 0.08  0.0    0  4.2 14 250   M    M   0        18 250
21  92  76  84   2   0  19 0.10  0.0    0  4.7 15  10   M    M   0        21 350
22  80  78  79  -3   0  14 0.01  0.0    0  2.1  5 230   M    M   0         M  M
23  93  82  88   6   0  23 0.02  0.0    0  8.0 13 260   M    M   0         M  M
24  91  74  83   1   0  18 1.96  0.0    0  4.2 23 280   M    M   0        30 300
25  93  73  83   1   0  18 1.25  0.0    0  3.3 14  70   M    M   0        25  50
26  92  73  83   1   0  18 0.29  0.0    0  6.1 16  20   M    M   0        25  30
27  93  76  85   3   0  20 2.87  0.0    0  2.6 16  30   M    M   0        21  30
================================================================================
SM 2487 1992         0 493 16.92     0.0 109.6          M        0
================================================================================
AV 92.1 73.8                               4.1 FASTST   M    M   0    MAX(MPH)
                                 MISC ---->  # 28 350               # 38  350
================================================================================
NOTES:
# LAST OF SEVERAL OCCURRENCES

COLUMN 17 PEAK WIND IN M.P.H.

PRELIMINARY LOCAL CLIMATOLOGICAL DATA (WS FORM: F-6) , PAGE 2

                                          STATION:  CROSS CITY
                                          MONTH:    JULY
                                          YEAR:     2015
                                          LATITUDE:   29 37 N
                                          LONGITUDE:  83  6 W

[TEMPERATURE DATA]      [PRECIPITATION DATA]       SYMBOLS USED IN COLUMN 16

AVERAGE MONTHLY: 82.9   TOTAL FOR MONTH:  16.92    1 = FOG OR MIST
DPTR FM NORMAL:   1.5   DPTR FM NORMAL:   12.07    2 = FOG REDUCING VISIBILITY
HIGHEST:    99 ON 12    GRTST 24HR  5.59 ON 15-16      TO 1/4 MILE OR LESS
LOWEST:     69 ON  6                               3 = THUNDER
                        SNOW, ICE PELLETS, HAIL    4 = ICE PELLETS
                        TOTAL MONTH:   0.0 INCH    5 = HAIL
                        GRTST 24HR     0.0         6 = FREEZING RAIN OR DRIZZLE
                        GRTST DEPTH:   0           7 = DUSTSTORM OR SANDSTORM:
                                                       VSBY 1/2 MILE OR LESS
                                                   8 = SMOKE OR HAZE
[NO. OF DAYS WITH]      [WEATHER - DAYS WITH]      9 = BLOWING SNOW
                                                   X = TORNADO
MAX 32 OR BELOW:   0    0.01 INCH OR MORE:  24
MAX 90 OR ABOVE:  24    0.10 INCH OR MORE:  14
MIN 32 OR BELOW:   0    0.50 INCH OR MORE:   7
MIN  0 OR BELOW:   0    1.00 INCH OR MORE:   5

[HDD (BASE 65) ]
TOTAL THIS MO.     0    CLEAR  (SCALE 0-3)  27
DPTR FM NORMAL     0    PTCLDY (SCALE 4-7)   0
TOTAL FM JUL 1     0    CLOUDY (SCALE 8-10)  0
DPTR FM NORMAL     0

[CDD (BASE 65) ]
TOTAL THIS MO.   493
DPTR FM NORMAL    50    [PRESSURE DATA]
TOTAL FM JAN 1  1833    HIGHEST SLP M ON M
DPTR FM NORMAL   464    LOWEST  SLP 29.84 ON 14

[REMARKS]
