000
CXUS53 KUNR 310945
CF6CUT
PRELIMINARY LOCAL CLIMATOLOGICAL DATA (WS FORM: F-6)

                                          STATION:   CUSTER COUNTY AIRPORT SD
                                          MONTH:     JULY
                                          YEAR:      2015
                                          LATITUDE:   43 43 N
                                          LONGITUDE: 103 37 W

  TEMPERATURE IN F:       :PCPN:    SNOW:  WIND      :SUNSHINE: SKY     :PK WND
================================================================================
1   2   3   4   5  6A  6B    7    8   9   10  11  12  13   14  15   16   17  18
                                     12Z  AVG MX 2MIN
DY MAX MIN AVG DEP HDD CDD  WTR  SNW DPTH SPD SPD DIR MIN PSBL S-S WX    SPD DR
================================================================================

 1  81  57  69   5   0   4 0.06    M    M  6.8 25  50   M    M   3 138    37  10
 2  76  53  65   1   0   0    T    M    M  7.3 16 300   M    M   2 18     24  30
 3  75  52  64   0   1   0 0.01    M    M  4.5 13 120   M    M   2 18     17 120
 4  86  54  70   6   0   5 0.00    M    M  5.5 20 280   M    M   1 18     29 280
 5  82  53  68   3   0   3 0.47    M    M  9.0 24  20   M    M   4 13     33 360
 6  61  51  56  -9   9   0 0.08    M    M  4.8 15  30   M    M  10 18     21  30
 7  66  50  58  -7   7   0 0.00    M    M  5.2 14 210   M    M   7 18     22 200
 8  68  52  60  -5   5   0 0.04    M    M  5.7 17  20   M    M   7 18     23  30
 9  69  47  58  -7   7   0 0.00    M    M  4.0 13 180   M    M   2 18     18 200
10  75  52  64  -2   1   0 0.00    M    M  4.6 14 290   M    M   1 1      18 190
11  82  54  68   2   0   3 0.00    M    M  8.9 22 250   M    M   1        31 250
12  85  57  71   5   0   6 0.00    M    M  7.8 24 270   M    M   0        35 260
13  84  52  68   2   0   3 0.00    M    M  6.9 17 270   M    M   0        24 270
14  78  59  69   3   0   4 0.00    M    M  7.5 14 110   M    M   1 3      22  70
15  79  55  67   1   0   2 0.34    M    M  7.1 21 300   M    M   4 13     30 300
16  77  53  65  -1   0   0 0.00    M    M  7.3 17 280   M    M   1        24 300
17  76  52  64  -2   1   0 0.02    M    M  5.3 21 280   M    M   2 3      28 280
18  72  48  60  -6   5   0    T    M    M  4.4 16 280   M    M   4        23 280
19  79  49  64  -2   1   0    T    M    M  7.5 17 240   M    M   2        25 240
20  74  55  65  -1   0   0 0.00    M    M  4.7 14  70   M    M   4 3      16 220
21  70  54  62  -4   3   0    T    M    M  6.3 15 210   M    M   5        24 220
22  86  53  70   4   0   5    T    M    M  5.7 16 100   M    M   0 3      22 240
23  87  61  74   8   0   9    T    M    M  8.3 22 260   M    M   0        31 240
24  85  55  70   4   0   5 0.00    M    M  5.3 18 290   M    M   0 3      33 290
25  84  57  71   5   0   6 0.00    M    M  5.7 17 280   M    M   1        26 280
26  90  55  73   7   0   8 0.00    M    M  5.2 15 280   M    M   1 1      20 170
27  89  52  71   5   0   6 1.28    M    M  5.9 35 300   M    M   1 123    52 320
28  68  45  57  -9   8   0 0.00    M    M 10.3 25 270   M    M   0        36 270
29  74  42  58  -8   7   0 0.00    M    M  6.6 16 280   M    M   0        22 280
30  81  47  64  -2   1   0 0.00    M    M  5.1 16 110   M    M   0        21 120
================================================================================
SM 2339 1576        56  69  2.30    M    189.2          M       66
================================================================================
AV 78.0 52.5                               6.3 FASTST   M    M   2    MAX(MPH)
                                 MISC ---->  # 35 300               # 52  320
================================================================================
NOTES:
# LAST OF SEVERAL OCCURRENCES

COLUMN 17 PEAK WIND IN M.P.H.

PRELIMINARY LOCAL CLIMATOLOGICAL DATA (WS FORM: F-6) , PAGE 2

                                          STATION:  CUSTER COUNTY AIRPORT SD
                                          MONTH:    JULY
                                          YEAR:     2015
                                          LATITUDE:   43 43 N
                                          LONGITUDE: 103 37 W

[TEMPERATURE DATA]      [PRECIPITATION DATA]       SYMBOLS USED IN COLUMN 16

AVERAGE MONTHLY: 65.2   TOTAL FOR MONTH:   2.30    1 = FOG OR MIST
DPTR FM NORMAL:  -0.3   DPTR FM NORMAL:   -0.07    2 = FOG REDUCING VISIBILITY
HIGHEST:    90 ON 26    GRTST 24HR  1.28 ON 27-27      TO 1/4 MILE OR LESS
LOWEST:     42 ON 29                               3 = THUNDER
                        SNOW, ICE PELLETS, HAIL    4 = ICE PELLETS
                        TOTAL MONTH:    M          5 = HAIL
                        GRTST 24HR    M  ON   M    6 = FREEZING RAIN OR DRIZZLE
                        GRTST DEPTH:  M  ON   M    7 = DUSTSTORM OR SANDSTORM:
                                                       VSBY 1/2 MILE OR LESS
                                                   8 = SMOKE OR HAZE
[NO. OF DAYS WITH]      [WEATHER - DAYS WITH]      9 = BLOWING SNOW
                                                   X = TORNADO
MAX 32 OR BELOW:   0    0.01 INCH OR MORE:   8
MAX 90 OR ABOVE:   1    0.10 INCH OR MORE:   3
MIN 32 OR BELOW:   0    0.50 INCH OR MORE:   1
MIN  0 OR BELOW:   0    1.00 INCH OR MORE:   1

[HDD (BASE 65) ]
TOTAL THIS MO.    56    CLEAR  (SCALE 0-3)  22
DPTR FM NORMAL    -8    PTCLDY (SCALE 4-7)   7
TOTAL FM JUL 1    56    CLOUDY (SCALE 8-10)  1
DPTR FM NORMAL    -8

[CDD (BASE 65) ]
TOTAL THIS MO.    69
DPTR FM NORMAL   -11    [PRESSURE DATA]
TOTAL FM JAN 1    96    HIGHEST SLP M ON M
DPTR FM NORMAL   -10    LOWEST  SLP 29.28 ON 27

[REMARKS]
