000
CXUS54 KHGX 271415
CF6CXO
PRELIMINARY LOCAL CLIMATOLOGICAL DATA (WS FORM: F-6)

                                          STATION:   CONROE
                                          MONTH:     MAY
                                          YEAR:      2016
                                          LATITUDE:   30 21 N
                                          LONGITUDE:  95 25 W

  TEMPERATURE IN F:       :PCPN:    SNOW:  WIND      :SUNSHINE: SKY     :PK WND
================================================================================
1   2   3   4   5  6A  6B    7    8   9   10  11  12  13   14  15   16   17  18
                                     12Z  AVG MX 2MIN
DY MAX MIN AVG DEP HDD CDD  WTR  SNW DPTH SPD SPD DIR MIN PSBL S-S WX    SPD DR
================================================================================

 1  84  69  77   6   0  12 0.19  0.0    0  5.7 16 140   M    M   8 13     21 140
 2  74  59  67  -4   0   2 0.17  0.0    0 10.1 20 350   M    M   9 13     26 340
 3  75  54  65  -6   0   0 0.00  0.0    0  6.9 16 340   M    M   2        22 340
 4  82  49  66  -5   0   1 0.00  0.0    0  4.7 17 300   M    M   0        23 290
 5  83  53  68  -4   0   3 0.00  0.0    0  4.4 16 330   M    M   0        21 340
 6  84  50  67  -5   0   2 0.00  0.0    0  1.4  8  90   M    M   0        12 120
 7  84  52  68  -4   0   3 0.00  0.0    0  6.7 18 170   M    M   0        22 170
 8  80  59  70  -2   0   5    T  0.0    0 10.2 32 150   M    M   1        43 140
 9  85  71  78   5   0  13    T  0.0    0 13.4 29 160   M    M   5        37 150
10  89  72  81   8   0  16 0.00  0.0    0 10.6 21 160   M    M   8 18     25 160
11  88  67  78   5   0  13 0.00  0.0    0  8.6 21 150   M    M   3 13     25 140
12  87  68  78   4   0  13 0.00  0.0    0  3.1 13 110   M    M   5 12     16 100
13  88  66  77   3   0  12 0.00  0.0    0  3.7 12 170   M    M   3 1      18  80
14  88  65  77   3   0  12 0.35  0.0    0  3.5 16 220   M    M   5 123    21 230
15  78  66  72  -2   0   7 0.42  0.0    0  3.7 17 160   M    M   8 13     22 160
16  74  65  70  -5   0   5 0.03  0.0    0  5.9 17 160   M    M   9 1      21 160
17  83  66  75   0   0  10 0.00  0.0    0  3.6 12  60   M    M   7 12     17  70
18  80  67  74  -1   0   9 0.01  0.0    0  6.3 13 350   M    M   6        18  40
19  67  63  65 -10   0   0 0.75  0.0    0  6.6 17  90   M    M  10 13     24 100
20  79  59  69  -7   0   4 0.00  0.0    0  3.2 12 340   M    M   6 12     17 340
21  83  61  72  -4   0   7 0.04  0.0    0  2.3 16 160   M    M   4 1      20 150
22  85  67  76   0   0  11 0.01  0.0    0  6.3 15 120   M    M   6 12     20 120
23  86  69  78   2   0  13 0.00  0.0    0  8.1 18 140   M    M   4 1      24 140
24  89  71  80   4   0  15    T  0.0    0  9.9 21 150   M    M   6        26 160
25  92  76  84   7   0  19 0.00  0.0    0 11.0 20 160   M    M   7 1      26 150
26  80  69  75  -2   0  10 5.02  0.0    0  8.9 54 330   M    M   9 13     66 330
================================================================================
SM 2147 1653         0 217  6.99     0.0 168.8          M      131
================================================================================
AV 82.6 63.6                               6.5 FASTST   M    M   5    MAX(MPH)
                                 MISC ---->  # 54 330               # 66  330
================================================================================
NOTES:
# LAST OF SEVERAL OCCURRENCES

COLUMN 17 PEAK WIND IN M.P.H.

PRELIMINARY LOCAL CLIMATOLOGICAL DATA (WS FORM: F-6) , PAGE 2

                                          STATION:  CONROE
                                          MONTH:    MAY
                                          YEAR:     2016
                                          LATITUDE:   30 21 N
                                          LONGITUDE:  95 25 W

[TEMPERATURE DATA]      [PRECIPITATION DATA]       SYMBOLS USED IN COLUMN 16

AVERAGE MONTHLY: 73.1   TOTAL FOR MONTH:   6.99    1 = FOG OR MIST
DPTR FM NORMAL:  -0.8   DPTR FM NORMAL:    3.21    2 = FOG REDUCING VISIBILITY
HIGHEST:    92 ON 25    GRTST 24HR  5.02 ON 26-26      TO 1/4 MILE OR LESS
LOWEST:     49 ON  4                               3 = THUNDER
                        SNOW, ICE PELLETS, HAIL    4 = ICE PELLETS
                        TOTAL MONTH:   0.0 INCH    5 = HAIL
                        GRTST 24HR     0.0         6 = FREEZING RAIN OR DRIZZLE
                        GRTST DEPTH:   0           7 = DUSTSTORM OR SANDSTORM:
                                                       VSBY 1/2 MILE OR LESS
                                                   8 = SMOKE OR HAZE
[NO. OF DAYS WITH]      [WEATHER - DAYS WITH]      9 = BLOWING SNOW
                                                   X = TORNADO
MAX 32 OR BELOW:   0    0.01 INCH OR MORE:  10
MAX 90 OR ABOVE:   1    0.10 INCH OR MORE:   6
MIN 32 OR BELOW:   0    0.50 INCH OR MORE:   2
MIN  0 OR BELOW:   0    1.00 INCH OR MORE:   1

[HDD (BASE 65) ]
TOTAL THIS MO.     0    CLEAR  (SCALE 0-3)   7
DPTR FM NORMAL     0    PTCLDY (SCALE 4-7)  14
TOTAL FM JUL 1  1318    CLOUDY (SCALE 8-10)  5
DPTR FM NORMAL  -419

[CDD (BASE 65) ]
TOTAL THIS MO.   217
DPTR FM NORMAL   -17    [PRESSURE DATA]
TOTAL FM JAN 1   468    HIGHEST SLP M ON M
DPTR FM NORMAL    45    LOWEST  SLP 29.71 ON  9

[REMARKS]
