000
CXUS54 KHGX 181515
CF6CXO
PRELIMINARY LOCAL CLIMATOLOGICAL DATA (WS FORM: F-6)

                                          STATION:   CONROE
                                          MONTH:     JANUARY
                                          YEAR:      2017
                                          LATITUDE:   30 21 N
                                          LONGITUDE:  95 25 W

  TEMPERATURE IN F:       :PCPN:    SNOW:  WIND      :SUNSHINE: SKY     :PK WND
================================================================================
1   2   3   4   5  6A  6B    7    8   9   10  11  12  13   14  15   16   17  18
                                     12Z  AVG MX 2MIN
DY MAX MIN AVG DEP HDD CDD  WTR  SNW DPTH SPD SPD DIR MIN PSBL S-S WX    SPD DR
================================================================================

 1  74  62  68  18   0   3 0.00  0.0    0  2.3  7 140   M    M   7 12     11 160
 2  73  47  60  10   5   0 0.95  0.0    0  6.2 28 340   M    M   5 13     36 310
 3  74  42  58   8   7   0 0.00  0.0    0  6.7 18 330   M    M   0        25 330
 4  50  39  45  -5  20   0 0.00  0.0    0  5.2 18 340   M    M   7        24 330
 5  56  41  49  -1  16   0 0.02  0.0    0  3.3 17  20   M    M  10 18     24  10
 6  42  24  33 -17  32   0 0.03  0.0    0 11.2 20 330   M    M   9 16     27 330
 7  41  18  30 -20  35   0 0.00  0.0    0  6.3 20 340   M    M   1        27 340
 8  49  18  34 -16  31   0 0.00  0.0    0  3.8 15 150   M    M   0        20 180
 9  66  39  53   3  12   0 0.00  0.0    0  8.6 22 150   M    M   8        28 170
10  78  59  69  19   0   4    T  0.0    0 11.8 25 200   M    M   8        33 210
11  79  63  71  21   0   6 0.00  0.0    0 14.2 28 200   M    M   9        38 190
12  81  66  74  24   0   9 0.00  0.0    0  9.9 22 180   M    M   8        26 180
13  79  68  74  24   0   9 0.15  0.0    0  8.1 17 150   M    M   7 1      21 140
14  78  58  68  18   0   3 0.01  0.0    0  6.1 16 170   M    M   5 1      22 170
15  74  56  65  15   0   0 0.06  0.0    0 10.4 25 150   M    M  10 13     31 140
16  80  66  73  23   0   8 0.36  0.0    0  9.3 21 160   M    M   9 1      27 150
17  69  55  62  11   3   0 1.02  0.0    0  5.8 13  10   M    M  10 13     20  10
================================================================================
SM 1143  821       161  42  2.60     0.0 129.2          M      113
================================================================================
AV 67.2 48.3                               7.6 FASTST   M    M   7    MAX(MPH)
                                 MISC ---->  # 28 340               # 38  190
================================================================================
NOTES:
# LAST OF SEVERAL OCCURRENCES

COLUMN 17 PEAK WIND IN M.P.H.

PRELIMINARY LOCAL CLIMATOLOGICAL DATA (WS FORM: F-6) , PAGE 2

                                          STATION:  CONROE
                                          MONTH:    JANUARY
                                          YEAR:     2017
                                          LATITUDE:   30 21 N
                                          LONGITUDE:  95 25 W

[TEMPERATURE DATA]      [PRECIPITATION DATA]       SYMBOLS USED IN COLUMN 16

AVERAGE MONTHLY: 57.8   TOTAL FOR MONTH:   2.60    1 = FOG OR MIST
DPTR FM NORMAL:   7.7   DPTR FM NORMAL:    0.89    2 = FOG REDUCING VISIBILITY
HIGHEST:    81 ON 12    GRTST 24HR  1.02 ON 17-17      TO 1/4 MILE OR LESS
LOWEST:     18 ON  8, 7                            3 = THUNDER
                        SNOW, ICE PELLETS, HAIL    4 = ICE PELLETS
                        TOTAL MONTH:   0.0 INCH    5 = HAIL
                        GRTST 24HR     0.0         6 = FREEZING RAIN OR DRIZZLE
                        GRTST DEPTH:   0           7 = DUSTSTORM OR SANDSTORM:
                                                       VSBY 1/2 MILE OR LESS
                                                   8 = SMOKE OR HAZE
[NO. OF DAYS WITH]      [WEATHER - DAYS WITH]      9 = BLOWING SNOW
                                                   X = TORNADO
MAX 32 OR BELOW:   0    0.01 INCH OR MORE:   8
MAX 90 OR ABOVE:   0    0.10 INCH OR MORE:   4
MIN 32 OR BELOW:   3    0.50 INCH OR MORE:   2
MIN  0 OR BELOW:   0    1.00 INCH OR MORE:   1

[HDD (BASE 65) ]
TOTAL THIS MO.   161    CLEAR  (SCALE 0-3)   3
DPTR FM NORMAL   -94    PTCLDY (SCALE 4-7)   7
TOTAL FM JUL 1   579    CLOUDY (SCALE 8-10)  7
DPTR FM NORMAL  -370

[CDD (BASE 65) ]
TOTAL THIS MO.    42
DPTR FM NORMAL    42    [PRESSURE DATA]
TOTAL FM JAN 1    42    HIGHEST SLP M ON M
DPTR FM NORMAL    42    LOWEST  SLP 29.75 ON  2

[REMARKS]
