000
CXUS55 KCYS 231000
CF6CYS
PRELIMINARY LOCAL CLIMATOLOGICAL DATA (WS FORM: F-6)

                                          STATION:   CHEYENNE WYOMING AIRPORT
                                          MONTH:     NOVEMBER
                                          YEAR:      2017
                                          LATITUDE:   41  9 N
                                          LONGITUDE: 104 49 W

  TEMPERATURE IN F:       :PCPN:    SNOW:  WIND      :SUNSHINE: SKY     :PK WND
================================================================================
1   2   3   4   5  6A  6B    7    8   9   10  11  12  13   14  15   16   17  18
                                     12Z  AVG MX 2MIN
DY MAX MIN AVG DEP HDD CDD  WTR  SNW DPTH SPD SPD DIR MIN PSBL S-S WX    SPD DR
================================================================================

 1  64  31  48   7  17   0 0.00  0.0    0 24.0 51 270   M    M   1 1      66 270
 2  39  30  35  -6  30   0    T    T    0 12.2 24 200   M    M  10 12     28 190
 3  59  30  45   4  20   0 0.00  0.0    0  9.0 18 200   M    M   3 128    22 200
 4  63  34  49   9  16   0    T  0.0    0 13.3 35 260   M    M   2        45 260
 5  44  33  39  -1  26   0 0.07    T    0  9.9 21 210   M    M  10 12     25 210
 6  51  21  36  -3  29   0 0.14  2.8    3  6.8 20  10   M    M   8 12     27  10
 7  29  17  23 -16  42   0 0.05  0.8    4  5.0 14  10   M    M   8 12     18  20
 8  53  16  35  -4  30   0 0.00  0.0    0  7.8 20 220   M    M   0        23 230
 9  38  22  30  -8  35   0 0.00  0.0    0 10.2 20 190   M    M   1        23 190
10  58  26  42   4  23   0 0.00  0.0    0  6.1 14 280   M    M   0        16 280
11  54  28  41   4  24   0 0.00  0.0    0 12.3 33 280   M    M   1        40 270
12  49  21  35  -2  30   0 0.00  0.0    0 10.4 26 200   M    M   0        33 200
13  65  33  49  13  16   0 0.00  0.0    0 10.1 26 280   M    M   1        32 270
14  65  30  48  12  17   0 0.00  0.0    0 15.0 32 310   M    M   0        43 320
15  45  23  34  -2  31   0 0.00  0.0    0 12.0 24 200   M    M   1        31 210
16  68  30  49  14  16   0 0.00  0.0    0  9.2 26 270   M    M   0        36 260
17  55  26  41   6  24   0 0.16  0.6    0 16.2 35 290   M    M   3 1      44 290
18  39  21  30  -4  35   0 0.02    T    1 12.7 29 340   M    M   1 1      41 350
19  53  28  41   7  24   0 0.00  0.0    0 19.7 36 270   M    M   0        43 280
20  58  42  50  17  15   0 0.00  0.0    0 21.8 51 280   M    M   0        64 280
21  45  32  39   6  26   0    T    M    0 12.8 38 280   M    M   4 1      48 280
22  62  37  50  18  15   0 0.00  0.0    0 16.2 32 280   M    M   3        39 300
================================================================================
SM 1156  611       541   0  0.44     4.2 272.7          M       57
================================================================================
AV 52.6 27.8                              12.4 FASTST   M    M   3    MAX(MPH)
                                 MISC ---->  # 51 270               # 66  270
================================================================================
NOTES:
# LAST OF SEVERAL OCCURRENCES

COLUMN 17 PEAK WIND IN M.P.H.

PRELIMINARY LOCAL CLIMATOLOGICAL DATA (WS FORM: F-6) , PAGE 2

                                          STATION:  CHEYENNE WYOMING AIRPORT
                                          MONTH:    NOVEMBER
                                          YEAR:     2017
                                          LATITUDE:   41  9 N
                                          LONGITUDE: 104 49 W

[TEMPERATURE DATA]      [PRECIPITATION DATA]       SYMBOLS USED IN COLUMN 16

AVERAGE MONTHLY: 40.2   TOTAL FOR MONTH:   0.44    1 = FOG OR MIST
DPTR FM NORMAL:   3.2   DPTR FM NORMAL:    0.00    2 = FOG REDUCING VISIBILITY
HIGHEST:    68 ON 16    GRTST 24HR  0.16 ON 17-17      TO 1/4 MILE OR LESS
LOWEST:     16 ON  8                               3 = THUNDER
                        SNOW, ICE PELLETS, HAIL    4 = ICE PELLETS
                        TOTAL MONTH:   4.2 INCHES  5 = HAIL
                        GRTST 24HR   2.8 ON  6- 6  6 = FREEZING RAIN OR DRIZZLE
                        GRTST DEPTH:   4 ON  7     7 = DUSTSTORM OR SANDSTORM:
                                                       VSBY 1/2 MILE OR LESS
                                                   8 = SMOKE OR HAZE
[NO. OF DAYS WITH]      [WEATHER - DAYS WITH]      9 = BLOWING SNOW
                                                   X = TORNADO
MAX 32 OR BELOW:   1    0.01 INCH OR MORE:   5
MAX 90 OR ABOVE:   0    0.10 INCH OR MORE:   2
MIN 32 OR BELOW:  17    0.50 INCH OR MORE:   0
MIN  0 OR BELOW:   0    1.00 INCH OR MORE:   0

[HDD (BASE 65) ]
TOTAL THIS MO.   541    CLEAR  (SCALE 0-3)  17
DPTR FM NORMAL   -75    PTCLDY (SCALE 4-7)   2
TOTAL FM JUL 1  1362    CLOUDY (SCALE 8-10)  3
DPTR FM NORMAL  -113

[CDD (BASE 65) ]
TOTAL THIS MO.     0
DPTR FM NORMAL     0    [PRESSURE DATA]
TOTAL FM JAN 1   404    HIGHEST SLP M ON M
DPTR FM NORMAL    56    LOWEST  SLP 29.30 ON  1

[REMARKS]
