000
CXUS54 KFWD 051957
CF6DAL
PRELIMINARY LOCAL CLIMATOLOGICAL DATA (WS FORM: F-6)

                                          STATION:   DALLAS LOVE FIELD
                                          MONTH:     NOVEMBER
                                          YEAR:      2016
                                          LATITUDE:   32 50 N
                                          LONGITUDE:  96 51 W

  TEMPERATURE IN F:       :PCPN:    SNOW:  WIND      :SUNSHINE: SKY     :PK WND
================================================================================
1   2   3   4   5  6A  6B    7    8   9   10  11  12  13   14  15   16   17  18
                                     12Z  AVG MX 2MIN
DY MAX MIN AVG DEP HDD CDD  WTR  SNW DPTH SPD SPD DIR MIN PSBL S-S WX    SPD DR
================================================================================

 1  87  71  79  16   0  14 0.00  0.0    0 14.9 25 170   M    M   6        33 170
 2  84  73  79  16   0  14    T  0.0    0 10.9 21 180   M    M   8 38     27 160
 3  77  68  73  11   0   8 0.81  0.0    0  8.6 23 340   M    M   9 13     31 350
 4  76  66  71   9   0   6    T  0.0    0  5.7 14  80   M    M   9 18     19  50
 5  72  61  67   5   0   2    T  0.0    0  7.5 16 130   M    M   9        19 150
 6  70  62  66   5   0   1 0.35  0.0    0  7.7 18 110   M    M   9 1      24 110
 7  69  62  66   5   0   1 3.23  0.0    0  8.4 31 130   M    M   9 13     35 130
 8  66  62  64   4   1   0 0.16  0.0    0  7.0 14  20   M    M  10 18     22  30
 9  70  56  63   3   2   0    T  0.0    0  6.6 16  20   M    M   7        24  20
10  72  53  63   3   2   0 0.00  0.0    0  2.5  8 140   M    M   5 1      11  30
11  77  53  65   6   0   0 0.00  0.0    0  2.5 12 280   M    M   3 18     17 290
12  71  52  62   3   3   0 0.00  0.0    0  4.6 14  30   M    M   2        21  40
13  72  54  63   5   2   0 0.00  0.0    0  8.0 15 160   M    M   4        20 160
14  80  56  68  10   0   3 0.00  0.0    0  6.7 14 270   M    M   2 1      20 360
15  85  52  69  11   0   4 0.00  0.0    0  2.2  9 260   M    M   0        12 250
16  86  54  70  13   0   5 0.00  0.0    0  6.8 17 180   M    M   0        21 220
17  81  59  70  13   0   5 0.00  0.0    0 16.2 28 190   M    M   5        36 190
18  73  50  62   6   3   0 0.01  0.0    0 15.4 28 350   M    M   4        35 350
19  59  40  50  -6  15   0 0.00  0.0    0  8.7 21  10   M    M   0        29  10
20  65  37  51  -5  14   0 0.00  0.0    0  8.2 20 170   M    M   1        23 170
21  74  45  60   5   5   0 0.00  0.0    0 12.8 23 170   M    M   4        28 190
22  72  61  67  12   0   2 0.14  0.0    0 12.0 21 310   M    M   9 13     27 150
23  67  49  58   4   7   0 0.00  0.0    0  8.5 22 320   M    M   1        29 320
24  72  47  60   6   5   0 0.00  0.0    0  6.9 14 160   M    M   4        17 160
25  65  50  58   5   7   0 0.00  0.0    0  6.9 16  30   M    M   8        24  30
26  66  48  57   4   8   0 0.00  0.0    0  5.2 13 100   M    M   9 18     16  80
27  69  54  62   9   3   0    T  0.0    0 15.6 24 160   M    M  10 18     31 150
28  73  57  65  13   0   0 0.26  0.0    0 11.3 29 260   M    M   6 13     39 190
29  74  53  64  12   1   0 0.00  0.0    0  7.3 14 250   M    M   5        20 260
30  62  43  53   1  12   0 0.00  0.0    0  8.1 18 320   M    M   3        26 320
================================================================================
SM 2186 1648        90  65  4.96     0.0 253.7          M      161
================================================================================
AV 72.9 54.9                               8.5 FASTST   M    M   5    MAX(MPH)
                                 MISC ---->  # 31 130               # 39  190
================================================================================
NOTES:
# LAST OF SEVERAL OCCURRENCES

COLUMN 17 PEAK WIND IN M.P.H.

PRELIMINARY LOCAL CLIMATOLOGICAL DATA (WS FORM: F-6) , PAGE 2

                                          STATION:  DALLAS LOVE FIELD
                                          MONTH:    NOVEMBER
                                          YEAR:     2016
                                          LATITUDE:   32 50 N
                                          LONGITUDE:  96 51 W

[TEMPERATURE DATA]      [PRECIPITATION DATA]       SYMBOLS USED IN COLUMN 16

AVERAGE MONTHLY: 63.9   TOTAL FOR MONTH:   4.96    1 = FOG OR MIST
DPTR FM NORMAL:   6.5   DPTR FM NORMAL:    2.08    2 = FOG REDUCING VISIBILITY
HIGHEST:    87 ON  1    GRTST 24HR  3.38 ON  7- 8      TO 1/4 MILE OR LESS
LOWEST:     37 ON 20                               3 = THUNDER
                        SNOW, ICE PELLETS, HAIL    4 = ICE PELLETS
                        TOTAL MONTH:   0.0 INCH    5 = HAIL
                        GRTST 24HR     0.0         6 = FREEZING RAIN OR DRIZZLE
                        GRTST DEPTH:   0           7 = DUSTSTORM OR SANDSTORM:
                                                       VSBY 1/2 MILE OR LESS
                                                   8 = SMOKE OR HAZE
[NO. OF DAYS WITH]      [WEATHER - DAYS WITH]      9 = BLOWING SNOW
                                                   X = TORNADO
MAX 32 OR BELOW:   0    0.01 INCH OR MORE:   7
MAX 90 OR ABOVE:   0    0.10 INCH OR MORE:   6
MIN 32 OR BELOW:   0    0.50 INCH OR MORE:   2
MIN  0 OR BELOW:   0    1.00 INCH OR MORE:   1

[HDD (BASE 65) ]
TOTAL THIS MO.    90    CLEAR  (SCALE 0-3)   8
DPTR FM NORMAL  -173    PTCLDY (SCALE 4-7)  12
TOTAL FM JUL 1    91    CLOUDY (SCALE 8-10) 10
DPTR FM NORMAL  -235

[CDD (BASE 65) ]
TOTAL THIS MO.    65
DPTR FM NORMAL    32    [PRESSURE DATA]
TOTAL FM JAN 1  3330    HIGHEST SLP 30.64 ON 19
DPTR FM NORMAL   390    LOWEST  SLP 29.41 ON 28

[REMARKS]
EDITED WX ON 1ST, 6TH, 12TH, 15TH, AND 23RD; PRECIP ON 19TH, 20TH, AND 21ST
