000
CXUS51 KRNK 280530 AAA
CF6DAN

PRELIMINARY LOCAL CLIMATOLOGICAL DATA (WS FORM: F-6)

                                          STATION:   DANVILLE VA
                                          MONTH:     APRIL
                                          YEAR:      2016
                                          LATITUDE:   36 34 N
                                          LONGITUDE:  79 20 W

  TEMPERATURE IN F:       :PCPN:    SNOW:  WIND      :SUNSHINE: SKY     :PK WND
================================================================================
1   2   3   4   5  6A  6B    7    8   9   10  11  12  13   14  15   16   17  18
                                     12Z  AVG MX 2MIN
DY MAX MIN AVG DEP HDD CDD  WTR  SNW DPTH SPD SPD DIR MIN PSBL S-S WX    SPD DR
================================================================================

 1  74  62  68  14   0   3 0.08  0.0    0  9.6 25 230   M    M   6 1      32 240
 2  71  56  64  10   1   0 0.04  0.0    0 13.4 29 250   M    M   5        36 250
 3  64  40  52  -2  13   0 0.00  0.0    0  9.4 26 360   M    M   0        36 320
 4  77  37  57   2   8   0    T  0.0    0 10.4 25 230   M    M   2        33 230
 5  59  31  45 -10  20   0 0.00  0.0    0  9.5 24 330   M    M   1        31 340
 6  60  25  43 -13  22   0 0.00  0.0    0  5.6 16 230   M    M   0        31 110
 7  66  50  58   2   7   0 0.31  0.0    0 12.8 28 240   M    M   5 1      41 240
 8  60  34  47  -9  18   0    T  0.0    0  7.7 23 250   M    M   3        31 240
 9  48  32  40 -16  25   0 0.00  0.0    0 14.5 30 280   M    M   2        43 290
10  59  24  42 -15  23   0 0.00  0.0    0  4.2 14 230   M    M   1        19 240
11  73  47  60   3   5   0 0.00  0.0    0 10.8 24 240   M    M   4        32 220
12  73  50  62   5   3   0 0.11  0.0    0  6.9 14 310   M    M   7 1      21 200
13  63  41  52  -6  13   0 0.00  0.0    0  6.6 17  50   M    M   0        22  50
14  66  35  51  -7  14   0 0.00  0.0    0  4.8 14  70   M    M   0        19  90
15  65  36  51  -7  14   0 0.00  0.0    0  5.9 20  50   M    M   0        25  40
16  70  35  53  -6  12   0 0.00  0.0    0  3.5 13  40   M    M   0        21  60
17  74  35  55  -4  10   0 0.00  0.0    0  2.1 13  50   M    M   0        16  60
18  87  40  64   5   1   0 0.00  0.0    0  3.5 10 360   M    M   0        15  30
19  87  49  68   9   0   3 0.00  0.0    0  4.7 14 330   M    M   0        21 320
20  74  51  63   3   2   0 0.00  0.0    0  6.9 17  70   M    M   0        26  80
21  78  52  65   5   0   0 0.00  0.0    0  5.3 16 220   M    M   5        23 230
22  68  57  63   3   2   0 0.62  0.0    0  4.7 15 320   M    M   7 13     19 210
23  76  55  66   6   0   1    T  0.0    0  8.5 18 360   M    M   5        30 280
24  73  43  58  -3   7   0 0.00  0.0    0  2.8 12  40   M    M   0        15  60
25  83  46  65   4   0   0 0.00  0.0    0  6.9 17 230   M    M   0        23 210
26  84  57  71  10   0   6 0.00  0.0    0  7.5 21 240   M    M   1        25 230
27  85  57  71   9   0   6 0.87  0.0    0  4.7 23 340   M    M   3 138    28 340
================================================================================
SM 1917 1177       220  19  2.03     0.0 193.2          M       57
================================================================================
AV 71.0 43.6                               7.2 FASTST   M    M   2    MAX(MPH)
                                 MISC ---->  # 30 280               # 43  290
================================================================================
NOTES:
# LAST OF SEVERAL OCCURRENCES

COLUMN 17 PEAK WIND IN M.P.H.

PRELIMINARY LOCAL CLIMATOLOGICAL DATA (WS FORM: F-6) , PAGE 2

                                          STATION:  DANVILLE VA
                                          MONTH:    APRIL
                                          YEAR:     2016
                                          LATITUDE:   36 34 N
                                          LONGITUDE:  79 20 W

[TEMPERATURE DATA]      [PRECIPITATION DATA]       SYMBOLS USED IN COLUMN 16

AVERAGE MONTHLY: 57.3   TOTAL FOR MONTH:   2.03    1 = FOG OR MIST
DPTR FM NORMAL:  -0.6   DPTR FM NORMAL:   -1.12    2 = FOG REDUCING VISIBILITY
HIGHEST:    87 ON 19,18 GRTST 24HR  0.87 ON 27-27      TO 1/4 MILE OR LESS
LOWEST:     24 ON 10                               3 = THUNDER
                        SNOW, ICE PELLETS, HAIL    4 = ICE PELLETS
                        TOTAL MONTH:   0.0 INCH    5 = HAIL
                        GRTST 24HR     0.0         6 = FREEZING RAIN OR DRIZZLE
                        GRTST DEPTH:   0           7 = DUSTSTORM OR SANDSTORM:
                                                       VSBY 1/2 MILE OR LESS
                                                   8 = SMOKE OR HAZE
[NO. OF DAYS WITH]      [WEATHER - DAYS WITH]      9 = BLOWING SNOW
                                                   X = TORNADO
MAX 32 OR BELOW:   0    0.01 INCH OR MORE:   6
MAX 90 OR ABOVE:   0    0.10 INCH OR MORE:   4
MIN 32 OR BELOW:   4    0.50 INCH OR MORE:   2
MIN  0 OR BELOW:   0    1.00 INCH OR MORE:   0

[HDD (BASE 65) ]
TOTAL THIS MO.   220    CLEAR  (SCALE 0-3)  18
DPTR FM NORMAL     3    PTCLDY (SCALE 4-7)   9
TOTAL FM JUL 1  2975    CLOUDY (SCALE 8-10)  0
DPTR FM NORMAL  -753

[CDD (BASE 65) ]
TOTAL THIS MO.    19
DPTR FM NORMAL    -7    [PRESSURE DATA]
TOTAL FM JAN 1    40    HIGHEST SLP M ON M
DPTR FM NORMAL    11    LOWEST  SLP 29.47 ON  2

[REMARKS]
DUE TO A SENSOR FAILURE CAUSING MISSING TEMPERATURES ON FEBRUARY
25...THE SEASONAL HEATING DEGREE DAY TOTAL AND DEPARTURE FROM NORMAL
WILL BE CALCULATED WITHOUT DATA FROM THIS DATE.
