000
CXUS54 KHUN 271015
CF6DCU
PRELIMINARY LOCAL CLIMATOLOGICAL DATA (WS FORM: F-6)

                                          STATION:   DECATUR
                                          MONTH:     MAY
                                          YEAR:      2016
                                          LATITUDE:   34 39 N
                                          LONGITUDE:  86 56 W

  TEMPERATURE IN F:       :PCPN:    SNOW:  WIND      :SUNSHINE: SKY     :PK WND
================================================================================
1   2   3   4   5  6A  6B    7    8   9   10  11  12  13   14  15   16   17  18
                                     12Z  AVG MX 2MIN
DY MAX MIN AVG DEP HDD CDD  WTR  SNW DPTH SPD SPD DIR MIN PSBL S-S WX    SPD DR
================================================================================

 1  75  61  68   3   0   3 0.00  0.0    0  6.6 17 220   M    M   4 1      23 220
 2  73  59  66   1   0   1 0.03  0.0    0  5.1 14 310   M    M   7 13     16 310
 3  71  53  62  -4   3   0 0.00  0.0    0  8.1 16 300   M    M   6 1      22 300
 4  74  49  62  -4   3   0 0.09  0.0    0  7.2 28 320   M    M   2 13     37 310
 5  69  45  57  -9   8   0 0.00  0.0    0 10.2 25 320   M    M   1        33 330
 6  73  44  59  -8   6   0 0.00  0.0    0  7.3 21 350   M    M   2        24 360
 7  82  47  65  -2   0   0 0.00  0.0    0  6.8 16 290   M    M   0        21 270
 8  87  53  70   3   0   5 0.00  0.0    0  6.8 17 240   M    M   0        22 210
 9  73  62  68   1   0   3    T  0.0    0  9.2 17 190   M    M   2        21 160
10  84  65  75   7   0  10    T  0.0    0 12.7 23 190   M    M   4        27 190
11  86  67  77   9   0  12 0.00  0.0    0  7.6 15 150   M    M   2 1      20 190
12  83  64  74   6   0   9 0.95  0.0    0  6.3 36 220   M    M   1 13     53 200
13  75  55  65  -4   0   0 0.00  0.0    0  6.4 15 330   M    M   2        20 300
14  72  50  61  -8   4   0 0.00  0.0    0  7.9 22 310   M    M   1        27 300
15  69  46  58 -11   7   0 0.00  0.0    0  6.1 16  10   M    M   0        21 360
16  72  52  62  -7   3   0 0.00  0.0    0  4.6 14 140   M    M   7        17 150
17  81  60  71   1   0   6 0.01  0.0    0  5.2 14 140   M    M   7        20 140
18  75  58  67  -3   0   2 0.00  0.0    0  8.4 17 360   M    M   9 18     21 360
19  77  57  67  -3   0   2 0.00  0.0    0  4.8 12  10   M    M   5        14 360
20  78  60  69  -1   0   4    T  0.0    0  6.9 20  20   M    M   7        24  20
21  77  56  67  -4   0   2 0.00  0.0    0  7.6 18 300   M    M   5        24 300
22  80  52  66  -5   0   1 0.00  0.0    0  4.9 18 360   M    M   0        22 360
23  84  52  68  -3   0   3 0.00  0.0    0  3.6 13 270   M    M   0        15 260
24  86  55  71  -1   0   6 0.00  0.0    0  3.6 15 180   M    M   0        22 190
25  87  63  75   3   0  10    T  0.0    0  7.7 25 290   M    M   3        31 300
26  89  61  75   3   0  10 0.00  0.0    0  6.8 16 200   M    M   1        21 180
================================================================================
SM 2032 1446        34  89  1.08     0.0 178.4          M       78
================================================================================
AV 78.2 55.6                               6.9 FASTST   M    M   3    MAX(MPH)
                                 MISC ---->  # 36 220               # 53  200
================================================================================
NOTES:
# LAST OF SEVERAL OCCURRENCES

COLUMN 17 PEAK WIND IN M.P.H.

PRELIMINARY LOCAL CLIMATOLOGICAL DATA (WS FORM: F-6) , PAGE 2

                                          STATION:  DECATUR
                                          MONTH:    MAY
                                          YEAR:     2016
                                          LATITUDE:   34 39 N
                                          LONGITUDE:  86 56 W

[TEMPERATURE DATA]      [PRECIPITATION DATA]       SYMBOLS USED IN COLUMN 16

AVERAGE MONTHLY: 66.9   TOTAL FOR MONTH:   1.08    1 = FOG OR MIST
DPTR FM NORMAL:  -1.8   DPTR FM NORMAL:   -2.64    2 = FOG REDUCING VISIBILITY
HIGHEST:    89 ON 26    GRTST 24HR  0.95 ON 11-12      TO 1/4 MILE OR LESS
LOWEST:     44 ON  6                               3 = THUNDER
                        SNOW, ICE PELLETS, HAIL    4 = ICE PELLETS
                        TOTAL MONTH:   0.0 INCH    5 = HAIL
                        GRTST 24HR     0.0         6 = FREEZING RAIN OR DRIZZLE
                        GRTST DEPTH:   0           7 = DUSTSTORM OR SANDSTORM:
                                                       VSBY 1/2 MILE OR LESS
                                                   8 = SMOKE OR HAZE
[NO. OF DAYS WITH]      [WEATHER - DAYS WITH]      9 = BLOWING SNOW
                                                   X = TORNADO
MAX 32 OR BELOW:   0    0.01 INCH OR MORE:   4
MAX 90 OR ABOVE:   0    0.10 INCH OR MORE:   1
MIN 32 OR BELOW:   0    0.50 INCH OR MORE:   1
MIN  0 OR BELOW:   0    1.00 INCH OR MORE:   0

[HDD (BASE 65) ]
TOTAL THIS MO.    34    CLEAR  (SCALE 0-3)  16
DPTR FM NORMAL     3    PTCLDY (SCALE 4-7)   9
TOTAL FM JUL 1  2670    CLOUDY (SCALE 8-10)  1
DPTR FM NORMAL  -553

[CDD (BASE 65) ]
TOTAL THIS MO.    89
DPTR FM NORMAL   -37    [PRESSURE DATA]
TOTAL FM JAN 1   147    HIGHEST SLP M ON M
DPTR FM NORMAL   -35    LOWEST  SLP 29.67 ON  4

[REMARKS]
