000
CXUS55 KALY 290710
CF6DDH
PRELIMINARY LOCAL CLIMATOLOGICAL DATA (WS FORM: F-6)

                                          STATION:   BENNINGTON VT
                                          MONTH:     MAY
                                          YEAR:      2016
                                          LATITUDE:   42 53 N
                                          LONGITUDE:  73 15 W

  TEMPERATURE IN F:       :PCPN:    SNOW:  WIND      :SUNSHINE: SKY     :PK WND
================================================================================
1   2   3   4   5  6A  6B    7    8   9   10  11  12  13   14  15   16   17  18
                                     12Z  AVG MX 2MIN
DY MAX MIN AVG DEP HDD CDD  WTR  SNW DPTH SPD SPD DIR MIN PSBL S-S WX    SPD DR
================================================================================

 1  51  42  47  -4  18   0 0.10    M    M  6.3 18 140   M    M   8        27 130
 2  50  44  47  -4  18   0 0.49    M    M  2.8 15 270   M    M  10 1      19 280
 3  54  45  50  -2  15   0 0.06    M    M  2.0  8 320   M    M  10 1       9 290
 4  50  45  48  -4  17   0 0.23    M    M  4.6 14 110   M    M  10 1      21 110
 5  55  45  50  -2  15   0 0.00    M    M  5.8 13  10   M    M  10        19  20
 6  70  42  56   4   9   0 0.17    M    M  5.0 14 110   M    M   9 1      19 110
 7  62  46  54   1  11   0 0.02    M    M  5.2 14 150   M    M   8        18 160
 8  59  45  52  -1  13   0 0.18    M    M  8.3 23 270   M    M   8 1      35 280
 9  57  32  45  -8  20   0 0.00    M    M  5.8 24 270   M    M   4        34 280
10  66  28  47  -7  18   0 0.00    M    M  2.8 14 290   M    M   0        18 290
11  74  33  54   0  11   0 0.00    M    M  3.5 13 330   M    M   0        19 320
12  80  38  59   5   6   0 0.00  0.0    0  2.4 10 300   M    M   0        14 300
13  65  51  58   4   7   0 0.76  0.0    0  5.0 18 170   M    M   6 12     27 170
14  71  42  57   2   8   0 0.19    M    M  5.9 20 230   M    M   4 12     28 230
15  51  38  45 -10  20   0 0.01    M    M 11.0 25 280   M    M  10 1      34 280
16  56  36  46  -9  19   0 0.00    M    M 11.3 24 270   M    M   8        36 270
17  65  39  52  -3  13   0    T    M    M  6.1 16 220   M    M   7        26 240
18  67  33  50  -6  15   0 0.00    M    M  3.1 12 280   M    M   2        16 320
19  70  43  57   1   8   0 0.06    M    M  3.2 14 240   M    M   6        19 300
20  72  37  55  -1  10   0 0.00    M    M  3.1 14 280   M    M   0 1      18 280
21  69  41  55  -1  10   0 0.00  0.0    0  1.7  8 330   M    M   3        10 330
22  72  50  61   4   4   0 0.01    M    M  2.0 18  20   M    M   6        29  10
23  79  45  62   5   3   0 0.00    M    M  3.9 17 360   M    M   2 1      26 360
24  66  51  59   2   6   0 0.58    M    M  2.6 16 130   M    M   7 1      21 130
25  83  45  64   6   1   0    T    M    M  3.2 22 280   M    M   3 12     30 300
26  85  51  68  10   0   3 0.00    M    M  1.7  9 350   M    M   2 1      11 290
27  86  63  75  17   0  10 0.01    M    M  4.0 14 190   M    M   3 1      19 240
28  89  61  75  17   0  10 0.00    M    M  2.4  9 280   M    M   0 128    15 290
================================================================================
SM 1874 1211       295  23  2.87     0.0 124.7          M      146
================================================================================
AV 66.9 43.2                               4.5 FASTST   M    M   5    MAX(MPH)
                                 MISC ---->  # 25 280               # 36  270
================================================================================
NOTES:
# LAST OF SEVERAL OCCURRENCES

COLUMN 17 PEAK WIND IN M.P.H.

PRELIMINARY LOCAL CLIMATOLOGICAL DATA (WS FORM: F-6) , PAGE 2

                                          STATION:  BENNINGTON VT
                                          MONTH:    MAY
                                          YEAR:     2016
                                          LATITUDE:   42 53 N
                                          LONGITUDE:  73 15 W

[TEMPERATURE DATA]      [PRECIPITATION DATA]       SYMBOLS USED IN COLUMN 16

AVERAGE MONTHLY: 55.1   TOTAL FOR MONTH:   2.87    1 = FOG OR MIST
DPTR FM NORMAL:   0.4   DPTR FM NORMAL:   -0.35    2 = FOG REDUCING VISIBILITY
HIGHEST:    89 ON 28    GRTST 24HR  0.76 ON 13-13      TO 1/4 MILE OR LESS
LOWEST:     28 ON 10                               3 = THUNDER
                        SNOW, ICE PELLETS, HAIL    4 = ICE PELLETS
                        TOTAL MONTH:   0.0 INCH    5 = HAIL
                        GRTST 24HR     0.0         6 = FREEZING RAIN OR DRIZZLE
                        GRTST DEPTH:   0           7 = DUSTSTORM OR SANDSTORM:
                                                       VSBY 1/2 MILE OR LESS
                                                   8 = SMOKE OR HAZE
[NO. OF DAYS WITH]      [WEATHER - DAYS WITH]      9 = BLOWING SNOW
                                                   X = TORNADO
MAX 32 OR BELOW:   0    0.01 INCH OR MORE:  14
MAX 90 OR ABOVE:   0    0.10 INCH OR MORE:   8
MIN 32 OR BELOW:   2    0.50 INCH OR MORE:   2
MIN  0 OR BELOW:   0    1.00 INCH OR MORE:   0

[HDD (BASE 65) ]
TOTAL THIS MO.   295    CLEAR  (SCALE 0-3)   8
DPTR FM NORMAL    -1    PTCLDY (SCALE 4-7)  13
TOTAL FM JUL 1  6036    CLOUDY (SCALE 8-10)  7
DPTR FM NORMAL -1083

[CDD (BASE 65) ]
TOTAL THIS MO.    23
DPTR FM NORMAL    22    [PRESSURE DATA]
TOTAL FM JAN 1    24    HIGHEST SLP M ON M
DPTR FM NORMAL    20    LOWEST  SLP 29.53 ON 14

[REMARKS]
