000
CXUS55 KBOU 290810
CF6DEN
PRELIMINARY LOCAL CLIMATOLOGICAL DATA (WS FORM: F-6)

                                          STATION:   DENVER CO
                                          MONTH:     DECEMBER
                                          YEAR:      2014
                                          LATITUDE:   39 52 N
                                          LONGITUDE: 104 40 W

  TEMPERATURE IN F:       :PCPN:    SNOW:  WIND      :SUNSHINE: SKY     :PK WND
================================================================================
1   2   3   4   5  6A  6B    7    8   9   10  11  12  13   14  15   16   17  18
                                     12Z  AVG MX 2MIN
DY MAX MIN AVG DEP HDD CDD  WTR  SNW DPTH SPD SPD DIR MIN PSBL S-S WX    SPD DR
================================================================================

 1  39  17  28  -4  37   0 0.00  0.0    0  6.3 14 150   M    M   4        18 140
 2  64  21  43  11  22   0 0.00  0.0    0  7.6 16 160   M    M   4        17  30
 3  44  23  34   3  31   0 0.00  0.0    0  9.2 26 170   M    M   8        32 160
 4  57  27  42  11  23   0 0.00  0.0    0  5.9 17 160   M    M   9        18 160
 5  59  30  45  14  20   0 0.00  0.0    0  9.0 16 180   M    M   4        18 180
 6  47  26  37   6  28   0 0.00  0.0    0  5.9 15 180   M    M   7        17 180
 7  60  27  44  14  21   0 0.00  0.0    0  9.8 20 300   M    M   3        25 310
 8  49  24  37   7  28   0 0.00  0.0    0  8.5 15 160   M    M   4        16 190
 9  47  25  36   6  29   0 0.00  0.0    0  7.9 17 170   M    M   4        21 170
10  62  28  45  15  20   0 0.00  0.0    0  9.0 17 210   M    M   5        19 210
11  64  29  47  17  18   0 0.00  0.0    0  7.8 15 220   M    M   2        15 220
12  66  32  49  19  16   0 0.00  0.0    0  9.0 18 210   M    M   5        25 220
13  58  31  45  15  20   0 0.00  0.0    0  6.5 12 230   M    M   6        13 230
14  36  29  33   3  32   0 0.08    T    0 11.4 21 360   M    M   8 12     35 350
15  43  17  30   1  35   0    T  0.0    T 10.4 29  10   M    M   5 12     34  10
16  33  13  23  -6  42   0    T    T    0  5.3 14 170   M    M   5        16 160
17  40  19  30   1  35   0 0.00  0.0    0  3.8  9 160   M    M   8 1      16 260
18  44  22  33   4  32   0 0.00  0.0    0  3.8 12  30   M    M   6 18     13  30
19  46  22  34   5  31   0 0.00  0.0    0  8.2 15 200   M    M   4 1      17 200
20  49  21  35   6  30   0 0.00  0.0    0  7.4 15 200   M    M   6        17 220
21  54  24  39  10  26   0 0.07    T    0 11.0 35  20   M    M   7 1      43  20
22  37  25  31   2  34   0 0.05  1.0    T 11.4 28 330   M    M   8 12     35 330
23  34  19  27  -2  38   0 0.00  0.0    T 22.1 41 340   M    M   6        52 330
24  52  16  34   4  31   0 0.00  0.0    0 11.0 22 220   M    M   5        26 210
25  46  19  33   3  32   0 0.10  3.4    0 13.6 25  30   M    M   8 1      29  30
26  20   8  14 -16  51   0 0.07  1.7    4  6.2 17  20   M    M   9 18     20  30
27  26   5  16 -14  49   0 0.00  0.0    2 10.7 17 210   M    M   2        21 210
28  40   6  23  -7  42   0 0.00  0.0    1  7.2 15 170   M    M   5 1      16 170
================================================================================
SM 1316  605       853   0  0.37     6.1 245.9            M    157
================================================================================
AV 47.0 21.6                               8.8 FASTST            6    MAX(MPH)
                                 MISC ---->  # 41 340     M   M     # 52  330
================================================================================
NOTES: SUNSHINE DATA WILL NO LONGER BE AVAILABLE EFFECTIVE OCTOBER 1ST 2009.

# LAST OF SEVERAL OCCURRENCES

COLUMN 17 PEAK WIND IN M.P.H.

PRELIMINARY LOCAL CLIMATOLOGICAL DATA (WS FORM: F-6) , PAGE 2

                                          STATION:  DENVER CO
                                          MONTH:    DECEMBER
                                          YEAR:     2014
                                          LATITUDE:   39 52 N
                                          LONGITUDE: 104 40 W

[TEMPERATURE DATA]      [PRECIPITATION DATA]       SYMBOLS USED IN COLUMN 16

AVERAGE MONTHLY: 34.3   TOTAL FOR MONTH:   0.37    1 = FOG OR MIST
DPTR FM NORMAL:   4.3   DPTR FM NORMAL:    0.05    2 = FOG REDUCING VISIBILITY
HIGHEST:    66 ON 12    GRTST 24HR  0.15 ON 25-26      TO 1/4 MILE OR LESS
LOWEST:      5 ON 27                               3 = THUNDER
                        SNOW, ICE PELLETS, HAIL    4 = ICE PELLETS
                        TOTAL MONTH:   6.1 INCHES  5 = HAIL
                        GRTST 24HR   3.4 ON 25-25  6 = FREEZING RAIN OR DRIZZLE
                        GRTST DEPTH:   4 ON 26     7 = DUSTSTORM OR SANDSTORM:
                                                       VSBY 1/2 MILE OR LESS
                                                   8 = SMOKE OR HAZE
[NO. OF DAYS WITH]      [WEATHER - DAYS WITH]      9 = BLOWING SNOW
                                                   X = TORNADO
MAX 32 OR BELOW:   2    0.01 INCH OR MORE:   5
MAX 90 OR ABOVE:   0    0.10 INCH OR MORE:   1
MIN 32 OR BELOW:  28    0.50 INCH OR MORE:   0
MIN  0 OR BELOW:   0    1.00 INCH OR MORE:   0

[HDD (BASE 65) ]
TOTAL THIS MO.   853    CLEAR  (SCALE 0-3)   2
DPTR FM NORMAL  -129    PTCLDY (SCALE 4-7)  22
TOTAL FM JUL 1  2107    CLOUDY (SCALE 8-10)  4
DPTR FM NORMAL  -257

[CDD (BASE 65) ]
TOTAL THIS MO.     0
DPTR FM NORMAL     0    [PRESSURE DATA]
TOTAL FM JAN 1   701    HIGHEST SLP M ON M
DPTR FM NORMAL   -68    LOWEST  SLP 29.27 ON 25

[REMARKS]
