000
CXUS55 KBOU 230757
CF6DEN
PRELIMINARY LOCAL CLIMATOLOGICAL DATA (WS FORM: F-6)

                                          STATION:   DENVER CO
                                          MONTH:     AUGUST
                                          YEAR:      2017
                                          LATITUDE:   39 52 N
                                          LONGITUDE: 104 40 W

  TEMPERATURE IN F:       :PCPN:    SNOW:  WIND      :SUNSHINE: SKY     :PK WND
================================================================================
1   2   3   4   5  6A  6B    7    8   9   10  11  12  13   14  15   16   17  18
                                     12Z  AVG MX 2MIN
DY MAX MIN AVG DEP HDD CDD  WTR  SNW DPTH SPD SPD DIR MIN PSBL S-S WX    SPD DR
================================================================================

 1  88  59  74  -1   0   9 0.00  0.0    0  9.2 17 160   M    M   2        25 110
 2  90  62  76   1   0  11 0.00  0.0    0 11.8 28  10   M    M   4        34  10
 3  67  52  60 -14   5   0 0.18  0.0    0  9.2 30 310   M    M   9 13     35 310
 4  92  51  72  -2   0   7 0.01  0.0    0  7.0 49 320   M    M   4 138    62 320
 5  86  57  72  -2   0   7 0.62  0.0    0  9.9 32 340   M    M   7 13     40 330
 6  76  53  65  -9   0   0 0.00  0.0    0  8.1 15  30   M    M   7 13     20  20
 7  68  56  62 -12   3   0 0.90  0.0    0  8.3 18  50   M    M  10 13     22  50
 8  77  57  67  -7   0   2    T  0.0    0  7.8 24 270   M    M   8 12     32 280
 9  80  57  69  -5   0   4    T  0.0    0  7.9 23 350   M    M   6        27 330
10  78  53  66  -8   0   1    T  0.0    0  7.6 35  40   M    M   6 13     42  10
11  82  53  68  -6   0   3 0.00  0.0    0  8.2 23 210   M    M   5 12     26 200
12  87  57  72  -2   0   7    T  0.0    0  9.2 31 320   M    M   6 138    37 300
13  87  56  72  -1   0   7    T  0.0    0  8.0 31 230   M    M   6 3      38 220
14  90  57  74   1   0   9 0.01  0.0    0  9.2 25 190   M    M   6 3      28 200
15  85  56  71  -2   0   6 0.14  0.0    0  9.9 37 360   M    M   6 137    50 340
16  76  57  67  -6   0   2 0.00  0.0    0  7.3 18  10   M    M   6        26  10
17  87  55  71  -2   0   6 0.00  0.0    0 11.2 17 320   M    M   4        22 330
18  89  56  73   1   0   8 0.00  0.0    0  6.6 15 200   M    M   2        19 190
19  95  61  78   6   0  13    T  0.0    0 10.4 33 110   M    M   4 3      48  70
20  89  60  75   3   0  10 0.00  0.0    0  9.1 18  40   M    M   6        23  70
21  87  61  74   2   0   9 0.00  0.0    0 10.8 21 360   M    M   5        30  10
22  88  56  72   0   0   7 0.00  0.0    0 10.9 25 150   M    M   6 3      31 160
================================================================================
SM 1844 1242         8 128  1.86     0.0 197.6            M    125
================================================================================
AV 83.8 56.5                               9.0 FASTST            6    MAX(MPH)
                                 MISC ---->  # 49 320     M   M     # 62  320
================================================================================
NOTES: SUNSHINE DATA WILL NO LONGER BE AVAILABLE EFFECTIVE OCTOBER 1ST 2009.

# LAST OF SEVERAL OCCURRENCES

COLUMN 17 PEAK WIND IN M.P.H.

PRELIMINARY LOCAL CLIMATOLOGICAL DATA (WS FORM: F-6) , PAGE 2

                                          STATION:  DENVER CO
                                          MONTH:    AUGUST
                                          YEAR:     2017
                                          LATITUDE:   39 52 N
                                          LONGITUDE: 104 40 W

[TEMPERATURE DATA]      [PRECIPITATION DATA]       SYMBOLS USED IN COLUMN 16

AVERAGE MONTHLY: 70.1   TOTAL FOR MONTH:   1.86    1 = FOG OR MIST
DPTR FM NORMAL:  -3.3   DPTR FM NORMAL:    0.53    2 = FOG REDUCING VISIBILITY
HIGHEST:    95 ON 19    GRTST 24HR  0.90 ON  7- 7      TO 1/4 MILE OR LESS
LOWEST:     51 ON  4                               3 = THUNDER
                        SNOW, ICE PELLETS, HAIL    4 = ICE PELLETS
                        TOTAL MONTH:   0.0 INCH    5 = HAIL
                        GRTST 24HR     0.0         6 = FREEZING RAIN OR DRIZZLE
                        GRTST DEPTH:   0           7 = DUSTSTORM OR SANDSTORM:
                                                       VSBY 1/2 MILE OR LESS
                                                   8 = SMOKE OR HAZE
[NO. OF DAYS WITH]      [WEATHER - DAYS WITH]      9 = BLOWING SNOW
                                                   X = TORNADO
MAX 32 OR BELOW:   0    0.01 INCH OR MORE:   6
MAX 90 OR ABOVE:   4    0.10 INCH OR MORE:   4
MIN 32 OR BELOW:   0    0.50 INCH OR MORE:   2
MIN  0 OR BELOW:   0    1.00 INCH OR MORE:   0

[HDD (BASE 65) ]
TOTAL THIS MO.     8    CLEAR  (SCALE 0-3)   2
DPTR FM NORMAL     8    PTCLDY (SCALE 4-7)  18
TOTAL FM JUL 1     8    CLOUDY (SCALE 8-10)  2
DPTR FM NORMAL     2

[CDD (BASE 65) ]
TOTAL THIS MO.   128
DPTR FM NORMAL   -62    [PRESSURE DATA]
TOTAL FM JAN 1   661    HIGHEST SLP M ON M
DPTR FM NORMAL    27    LOWEST  SLP 29.62 ON 15

[REMARKS]
