964
CXUS56 KOTX 190900
CF6DEW
PRELIMINARY LOCAL CLIMATOLOGICAL DATA (WS FORM: F-6)

                                          STATION:   DEER_PARK WA AIRPORT
                                          MONTH:     AUGUST
                                          YEAR:      2017
                                          LATITUDE:   47 58 N
                                          LONGITUDE: 117 25 W

  TEMPERATURE IN F:       :PCPN:    SNOW:  WIND      :SUNSHINE: SKY     :PK WND
================================================================================
1   2   3   4   5  6A  6B    7    8   9   10  11  12  13   14  15   16   17  18
                                     12Z  AVG MX 2MIN
DY MAX MIN AVG DEP HDD CDD  WTR  SNW DPTH SPD SPD DIR MIN PSBL S-S WX    SPD DR
================================================================================

 1  95  46  71   4   0   6 0.00    M    M  2.5 13 220   M    M   0 8      19 240
 2  93  53  73   6   0   8 0.00    M    M  8.4 22  50   M    M   0 8      26  50
 3  96  59  78  11   0  13 0.00    M    M  5.4 13 280   M    M   0 8      17 280
 4  93  52  73   6   0   8 0.00    M    M  2.8 15 310   M    M   0 8      18 300
 5  90  52  71   4   0   6 0.00    M    M  6.5 17  30   M    M   0 8      22  30
 6  91  54  73   6   0   8 0.00    M    M  3.7 13 360   M    M   0 8      16  10
 7  95  51  73   6   0   8 0.00    M    M  3.3 14 310   M    M   0 8      16 310
 8  94  56  75   8   0  10 0.00    M    M  3.4  9  40   M    M   0 8      12 260
 9  90  54  72   6   0   7 0.00    M    M  2.7 10  40   M    M   0 8      13  50
10  93  50  72   6   0   7 0.00    M    M  2.4  7 260   M    M   0 8       9  30
11  96  52  74   8   0   9 0.00    M    M  3.3  9 230   M    M   0 8      12 230
12  85  52  69   3   0   4    T    M    M  3.6 13 210   M    M   1 8      17 180
13  73  54  64  -2   1   0 0.02    M    M  9.5 17 200   M    M   5 8      22 210
14  77  46  62  -4   3   0 0.00    M    M  5.5 15 250   M    M   0        19 240
15  83  37  60  -6   5   0 0.00    M    M  2.4 10 270   M    M   0 8      16 290
16  86  42  64  -1   1   0 0.00    M    M  5.8 14 240   M    M   0        23 160
17  85  47  66   1   0   1 0.00    M    M  4.9 14 160   M    M   0        18 170
18  88  43  66   1   0   1 0.00    M    M  7.6 22 190   M    M   0        25 190
================================================================================
SM 1603  900        10  96  0.02    M     83.7          M        6
================================================================================
AV 89.1 50.0                               4.7 FASTST   M    M   0    MAX(MPH)
                                 MISC ---->  # 22  50               # 26   50
================================================================================
NOTES:
# LAST OF SEVERAL OCCURRENCES

COLUMN 17 PEAK WIND IN M.P.H.

PRELIMINARY LOCAL CLIMATOLOGICAL DATA (WS FORM: F-6) , PAGE 2

                                          STATION:  DEER_PARK WA AIRPORT
                                          MONTH:    AUGUST
                                          YEAR:     2017
                                          LATITUDE:   47 58 N
                                          LONGITUDE: 117 25 W

[TEMPERATURE DATA]      [PRECIPITATION DATA]       SYMBOLS USED IN COLUMN 16

AVERAGE MONTHLY: 69.5   TOTAL FOR MONTH:   0.02    1 = FOG OR MIST
DPTR FM NORMAL:   3.2   DPTR FM NORMAL:   -0.38    2 = FOG REDUCING VISIBILITY
HIGHEST:    96 ON 11, 3 GRTST 24HR  0.02 ON 13-13      TO 1/4 MILE OR LESS
LOWEST:     37 ON 15                               3 = THUNDER
                        SNOW, ICE PELLETS, HAIL    4 = ICE PELLETS
                        TOTAL MONTH:    M          5 = HAIL
                        GRTST 24HR    M  ON   M    6 = FREEZING RAIN OR DRIZZLE
                        GRTST DEPTH:  M  ON   M    7 = DUSTSTORM OR SANDSTORM:
                                                       VSBY 1/2 MILE OR LESS
                                                   8 = SMOKE OR HAZE
[NO. OF DAYS WITH]      [WEATHER - DAYS WITH]      9 = BLOWING SNOW
                                                   X = TORNADO
MAX 32 OR BELOW:   0    0.01 INCH OR MORE:   1
MAX 90 OR ABOVE:  11    0.10 INCH OR MORE:   0
MIN 32 OR BELOW:   0    0.50 INCH OR MORE:   0
MIN  0 OR BELOW:   0    1.00 INCH OR MORE:   0

[HDD (BASE 65) ]
TOTAL THIS MO.    10    CLEAR  (SCALE 0-3)  17
DPTR FM NORMAL   -22    PTCLDY (SCALE 4-7)   1
TOTAL FM JUL 1    21    CLOUDY (SCALE 8-10)  0
DPTR FM NORMAL   -79

[CDD (BASE 65) ]
TOTAL THIS MO.    96
DPTR FM NORMAL    44    [PRESSURE DATA]
TOTAL FM JAN 1   238    HIGHEST SLP M ON M
DPTR FM NORMAL    89    LOWEST  SLP 29.68 ON  4

[REMARKS]
