000
CXUS53 KIWX 250800
CF6DFI
PRELIMINARY LOCAL CLIMATOLOGICAL DATA (WS FORM: F-6)

                                          STATION:   DEFIANCE MEMORIAL
                                          MONTH:     JUNE
                                          YEAR:      2017
                                          LATITUDE:   41 20 N
                                          LONGITUDE:  84 26 W

  TEMPERATURE IN F:       :PCPN:    SNOW:  WIND      :SUNSHINE: SKY     :PK WND
================================================================================
1   2   3   4   5  6A  6B    7    8   9   10  11  12  13   14  15   16   17  18
                                     12Z  AVG MX 2MIN
DY MAX MIN AVG DEP HDD CDD  WTR  SNW DPTH SPD SPD DIR MIN PSBL S-S WX    SPD DR
================================================================================

 1  76  47  62  -2   3   0 0.00  0.0    0  5.0 15 300   M    M   0        20 310
 2  79  46  63  -2   2   0 0.00  0.0    0  2.9 10 230   M    M   0        15 250
 3  85  51  68   3   0   3 0.00  0.0    0  2.3  9 230   M    M   2        13 270
 4  86  66  76  11   0  11 0.00  0.0    0  7.0 16 300   M    M   2 3      24 300
 5  77  58  68   2   0   3 0.00  0.0    0  8.0 21 360   M    M   1 1      26  20
 6  74  50  62  -4   3   0 0.01  0.0    0 11.2 22 360   M    M   3        31 330
 7  71  53  62  -4   3   0 0.00  0.0    0 10.8 24  60   M    M   2        32  60
 8  76  46  61  -5   4   0 0.00  0.0    0  1.3 10  30   M    M   1        14 360
 9  83  52  68   1   0   3 0.01  0.0    0  6.2 18 190   M    M   4        27 240
10  86  58  72   5   0   7 0.00  0.0    0 10.1 23 200   M    M   1        31 200
11  89  64  77  10   0  12 0.00  0.0    0 11.0 21 220   M    M   0        35 240
12  90  68  79  11   0  14 0.00  0.0    0  6.7 18 210   M    M   2        27 220
13  94  67  81  13   0  16 0.42  0.0    0  5.5 18 170   M    M   2 3      29 270
14  83  66  75   7   0  10    T  0.0    0  4.6 14 260   M    M   2 1      22 250
15  84  65  75   6   0  10 0.00  0.0    0  5.3 14 220   M    M   3        20 220
16  86  63  75   6   0  10 0.40  0.0    0  3.3 14 180   M    M   3 123    23 190
17  88  64  76   7   0  11 0.15  0.0    0  8.2 21 230   M    M   3 1      30 220
18  82  70  76   7   0  11 0.05  0.0    0 11.7 20 200   M    M   4        33 200
19  77  57  67  -3   0   2 0.44  0.0    0  7.1 28 300   M    M   3 13     40 300
20  78  56  67  -3   0   2    T  0.0    0  6.2 21 360   M    M   3        26  20
21  79  54  67  -3   0   2 0.00  0.0    0  2.4  8 120   M    M   2 1      13 190
22  88  64  76   6   0  11 0.01  0.0    0  9.9 24 200   M    M   5 3      34 210
23  75  59  67  -4   0   2 1.04  0.0    0  7.1 17 200   M    M   7 13     26 200
24  75  57  66  -5   0   1 0.00  0.0    0  6.4 17 300   M    M   3        22 300
================================================================================
SM 1961 1401        15 141  2.53     0.0 160.2          M       58
================================================================================
AV 81.7 58.4                               6.7 FASTST   M    M   2    MAX(MPH)
                                 MISC ---->  # 28 300               # 40  300
================================================================================
NOTES:
# LAST OF SEVERAL OCCURRENCES

COLUMN 17 PEAK WIND IN M.P.H.

PRELIMINARY LOCAL CLIMATOLOGICAL DATA (WS FORM: F-6) , PAGE 2

                                          STATION:  DEFIANCE MEMORIAL
                                          MONTH:    JUNE
                                          YEAR:     2017
                                          LATITUDE:   41 20 N
                                          LONGITUDE:  84 26 W

[TEMPERATURE DATA]      [PRECIPITATION DATA]       SYMBOLS USED IN COLUMN 16

AVERAGE MONTHLY: 70.0   TOTAL FOR MONTH:   2.53    1 = FOG OR MIST
DPTR FM NORMAL:   2.3   DPTR FM NORMAL:   -0.30    2 = FOG REDUCING VISIBILITY
HIGHEST:    94 ON 13    GRTST 24HR  1.04 ON 23-23      TO 1/4 MILE OR LESS
LOWEST:     46 ON  8, 2                            3 = THUNDER
                        SNOW, ICE PELLETS, HAIL    4 = ICE PELLETS
                        TOTAL MONTH:   0.0 INCH    5 = HAIL
                        GRTST 24HR     0.0         6 = FREEZING RAIN OR DRIZZLE
                        GRTST DEPTH:   0           7 = DUSTSTORM OR SANDSTORM:
                                                       VSBY 1/2 MILE OR LESS
                                                   8 = SMOKE OR HAZE
[NO. OF DAYS WITH]      [WEATHER - DAYS WITH]      9 = BLOWING SNOW
                                                   X = TORNADO
MAX 32 OR BELOW:   0    0.01 INCH OR MORE:   9
MAX 90 OR ABOVE:   2    0.10 INCH OR MORE:   5
MIN 32 OR BELOW:   0    0.50 INCH OR MORE:   1
MIN  0 OR BELOW:   0    1.00 INCH OR MORE:   1

[HDD (BASE 65) ]
TOTAL THIS MO.    15    CLEAR  (SCALE 0-3)  17
DPTR FM NORMAL   -26    PTCLDY (SCALE 4-7)   7
TOTAL FM JUL 1  5140    CLOUDY (SCALE 8-10)  0
DPTR FM NORMAL -1095

[CDD (BASE 65) ]
TOTAL THIS MO.   141
DPTR FM NORMAL    35    [PRESSURE DATA]
TOTAL FM JAN 1   175    HIGHEST SLP M ON M
DPTR FM NORMAL    24    LOWEST  SLP 29.55 ON 17

[REMARKS]
