000
CXUS55 KCYS 271000
CF6DGW
PRELIMINARY LOCAL CLIMATOLOGICAL DATA (WS FORM: F-6)

                                          STATION:   CONVERSE CO (DOUGLAS) WY ARPT
                                          MONTH:     MARCH
                                          YEAR:      2015
                                          LATITUDE:   42 46 N
                                          LONGITUDE: 105 22 W

  TEMPERATURE IN F:       :PCPN:    SNOW:  WIND      :SUNSHINE: SKY     :PK WND
================================================================================
1   2   3   4   5  6A  6B    7    8   9   10  11  12  13   14  15   16   17  18
                                     12Z  AVG MX 2MIN
DY MAX MIN AVG DEP HDD CDD  WTR  SNW DPTH SPD SPD DIR MIN PSBL S-S WX    SPD DR
================================================================================

 1  29  10  20 -10  45   0    T    M    M  6.8 21 140   M    M   5 1      25 140
 2  38  22  30  -1  35   0 0.09    M    M 11.8 23  10   M    M   6 128    30  20
 3  26  -7  10 -21  55   0 0.01    M    M 10.4 29 360   M    M   8 18     36 360
 4  18 -11   4 -27  61   0 0.00    M    M  4.3 13 320   M    M   0        16 320
 5  36 -12  12 -20  53   0 0.00    M    M  5.2 21 310   M    M   1        25 310
 6  45  13  29  -3  36   0 0.00  0.0    0  5.7 15 300   M    M   1        17 300
 7  52  17  35   3  30   0 0.00    M    M  4.2 13 320   M    M   0        16 320
 8  52  20  36   3  29   0 0.00    M    M  2.9  9 310   M    M   0        11 320
 9  55  20  38   5  27   0 0.00    M    M  6.0 17 290   M    M   0        21 280
10  59  27  43   9  22   0 0.00    M    M  5.4 12 310   M    M   0        15 310
11  66  23  45  11  20   0 0.00    M    M  5.5 23 240   M    M   0        30 240
12  60  36  48  14  17   0 0.00    M    M  6.8 18 310   M    M   3        23 300
13  60  32  46  11  19   0 0.00    M    M  5.6 13 290   M    M   3        16 290
14  69  24  47  12  18   0 0.00    M    M 11.5 28 250   M    M   0        35 250
15  77  54  66  31   0   1 0.00    M    M 13.8 30 280   M    M   0        38 280
16  65  36  51  15  14   0 0.00    M    M 12.8 25 360   M    M   3 1      33 300
17  42  31  37   1  28   0 0.00    M    M 17.5 26 130   M    M   7 1      32 150
18  61  31  46  10  19   0    T    M    M 10.3 23 350   M    M   3        27 330
19  57  28  43   7  22   0    T    M    M  5.4 15 310   M    M   5        19 330
20  68  20  44   7  21   0 0.00    M    M  6.9 20 320   M    M   0        24 290
21  72  26  49  12  16   0 0.00    M    M  6.5 21 300   M    M   0        27 270
22  63  39  51  14  14   0 0.00    M    M  8.6 18 330   M    M   2        23 320
23  64  41  53  15  12   0    T    M    M 12.7 30 240   M    M   5 3      40 230
24  54  33  44   6  21   0    T    M    M 14.2 38 290   M    M   5        48 290
25  48  24  36  -2  29   0 0.01    M    M  7.4 22 320   M    M   7 1      29 310
26  55  21  38   0  27   0 0.00    M    M  8.9 26 310   M    M   8        32 310
================================================================================
SM 1391  598       690   1  0.11     0.0 217.1          M       72
================================================================================
AV 53.5 23.0                               8.3 FASTST   M    M   3    MAX(MPH)
                                 MISC ---->  # 38 290               # 48  290
================================================================================
NOTES:
# LAST OF SEVERAL OCCURRENCES

COLUMN 17 PEAK WIND IN M.P.H.

PRELIMINARY LOCAL CLIMATOLOGICAL DATA (WS FORM: F-6) , PAGE 2

                                          STATION:  CONVERSE CO (DOUGLAS) WY ARPT
                                          MONTH:    MARCH
                                          YEAR:     2015
                                          LATITUDE:   42 46 N
                                          LONGITUDE: 105 22 W

[TEMPERATURE DATA]      [PRECIPITATION DATA]       SYMBOLS USED IN COLUMN 16

AVERAGE MONTHLY: 38.2   TOTAL FOR MONTH:   0.11    1 = FOG OR MIST
DPTR FM NORMAL:   3.7   DPTR FM NORMAL:   -0.57    2 = FOG REDUCING VISIBILITY
HIGHEST:    77 ON 15    GRTST 24HR  0.09 ON  2- 2      TO 1/4 MILE OR LESS
LOWEST:    -12 ON  5                               3 = THUNDER
                        SNOW, ICE PELLETS, HAIL    4 = ICE PELLETS
                        TOTAL MONTH:   0.0 INCH    5 = HAIL
                        GRTST 24HR     0.0         6 = FREEZING RAIN OR DRIZZLE
                        GRTST DEPTH:   0           7 = DUSTSTORM OR SANDSTORM:
                                                       VSBY 1/2 MILE OR LESS
                                                   8 = SMOKE OR HAZE
[NO. OF DAYS WITH]      [WEATHER - DAYS WITH]      9 = BLOWING SNOW
                                                   X = TORNADO
MAX 32 OR BELOW:   3    0.01 INCH OR MORE:   3
MAX 90 OR ABOVE:   0    0.10 INCH OR MORE:   0
MIN 32 OR BELOW:  20    0.50 INCH OR MORE:   0
MIN  0 OR BELOW:   3    1.00 INCH OR MORE:   0

[HDD (BASE 65) ]
TOTAL THIS MO.   690    CLEAR  (SCALE 0-3)  15
DPTR FM NORMAL   -98    PTCLDY (SCALE 4-7)   9
TOTAL FM JUL 1  5693    CLOUDY (SCALE 8-10)  2
DPTR FM NORMAL  -495

[CDD (BASE 65) ]
TOTAL THIS MO.     1
DPTR FM NORMAL     1    [PRESSURE DATA]
TOTAL FM JAN 1     1    HIGHEST SLP M ON M
DPTR FM NORMAL     1    LOWEST  SLP 29.48 ON M

[REMARKS]
