000
CXUS55 KCYS 231000
CF6DGW
PRELIMINARY LOCAL CLIMATOLOGICAL DATA (WS FORM: F-6)

                                          STATION:   CONVERSE CO (DOUGLAS) WY ARPT
                                          MONTH:     MARCH
                                          YEAR:      2017
                                          LATITUDE:   42 46 N
                                          LONGITUDE: 105 22 W

  TEMPERATURE IN F:       :PCPN:    SNOW:  WIND      :SUNSHINE: SKY     :PK WND
================================================================================
1   2   3   4   5  6A  6B    7    8   9   10  11  12  13   14  15   16   17  18
                                     12Z  AVG MX 2MIN
DY MAX MIN AVG DEP HDD CDD  WTR  SNW DPTH SPD SPD DIR MIN PSBL S-S WX    SPD DR
================================================================================

 1  32   5  19 -11  46   0 0.00    M    M 17.5 32 260   M    M   0        41 260
 2  34   7  21 -10  44   0 0.00    M    M  6.5 15 350   M    M   0        18 240
 3  48  17  33   2  32   0 0.00    M    M  7.3 16 300   M    M   0        20 300
 4  54  29  42  11  23   0 0.00    M    M  8.8 25 260   M    M   0        32 270
 5  60  28  44  12  21   0 0.00    M    M 10.1 37 240   M    M   1        48 230
 6  49  20  35   3  30   0 0.01    M    M 19.3 45 300   M    M   5 12     54 300
 7  37  15  26  -6  39   0 0.00    M    M 19.6 38 280   M    M   1 8      49 300
 8  53  30  42   9  23   0 0.00    M    M 20.9 36 260   M    M   0        46 270
 9  56  24  40   7  25   0 0.00    M    M 18.8 35 270   M    M   3        45 250
10  63  24  44  10  21   0 0.08    M    M 13.4 31 270   M    M   6 1      39 290
11  53  35  44  10  21   0 0.05    M    M  7.5 23 150   M    M   5 1      30 160
12  51  26  39   5  26   0 0.02    M    M 13.5 37 360   M    M   8 1      43 360
13  58  22  40   5  25   0 0.00    M    M  7.2 26 300   M    M   5        33 310
14  58  32  45  10  20   0 0.00    M    M  5.3 15 350   M    M   7        20 350
15  69  30  50  15  15   0 0.00    M    M 11.8 28 280   M    M   0        33 290
16  71  34  53  17  12   0 0.00    M    M 15.4 39 280   M    M   0        49 270
17  57  28  43   7  22   0 0.00    M    M  6.6 16 130   M    M   0        19 130
18  80  30  55  19  10   0 0.00    M    M  9.3 26 250   M    M   0        32 260
19  73  41  57  21   8   0 0.00    M    M 14.8 38 280   M    M   0        46 280
20  64  32  48  11  17   0 0.19    M    M  7.6 21 130   M    M   2 1      27 130
21  56  36  46   9  19   0 0.02    M    M 15.2 26 160   M    M   5        34 160
22  72  35  54  17  11   0 0.00    M    M 11.5 29 140   M    M   2        38 150
================================================================================
SM 1248  580       510   0  0.37    M    267.9          M       50
================================================================================
AV 56.7 26.4                              12.2 FASTST   M    M   2    MAX(MPH)
                                 MISC ---->  # 45 300               # 54  300
================================================================================
NOTES:
# LAST OF SEVERAL OCCURRENCES

COLUMN 17 PEAK WIND IN M.P.H.

PRELIMINARY LOCAL CLIMATOLOGICAL DATA (WS FORM: F-6) , PAGE 2

                                          STATION:  CONVERSE CO (DOUGLAS) WY ARPT
                                          MONTH:    MARCH
                                          YEAR:     2017
                                          LATITUDE:   42 46 N
                                          LONGITUDE: 105 22 W

[TEMPERATURE DATA]      [PRECIPITATION DATA]       SYMBOLS USED IN COLUMN 16

AVERAGE MONTHLY: 41.6   TOTAL FOR MONTH:   0.37    1 = FOG OR MIST
DPTR FM NORMAL:   7.6   DPTR FM NORMAL:   -0.17    2 = FOG REDUCING VISIBILITY
HIGHEST:    80 ON 18    GRTST 24HR  0.19 ON 20-20      TO 1/4 MILE OR LESS
LOWEST:      5 ON  1                               3 = THUNDER
                        SNOW, ICE PELLETS, HAIL    4 = ICE PELLETS
                        TOTAL MONTH:    M          5 = HAIL
                        GRTST 24HR    M  ON   M    6 = FREEZING RAIN OR DRIZZLE
                        GRTST DEPTH:  M  ON   M    7 = DUSTSTORM OR SANDSTORM:
                                                       VSBY 1/2 MILE OR LESS
                                                   8 = SMOKE OR HAZE
[NO. OF DAYS WITH]      [WEATHER - DAYS WITH]      9 = BLOWING SNOW
                                                   X = TORNADO
MAX 32 OR BELOW:   1    0.01 INCH OR MORE:   6
MAX 90 OR ABOVE:   0    0.10 INCH OR MORE:   1
MIN 32 OR BELOW:  17    0.50 INCH OR MORE:   0
MIN  0 OR BELOW:   0    1.00 INCH OR MORE:   0

[HDD (BASE 65) ]
TOTAL THIS MO.   510    CLEAR  (SCALE 0-3)  14
DPTR FM NORMAL  -171    PTCLDY (SCALE 4-7)   8
TOTAL FM JUL 1  5478    CLOUDY (SCALE 8-10)  0
DPTR FM NORMAL  -603

[CDD (BASE 65) ]
TOTAL THIS MO.     0
DPTR FM NORMAL     0    [PRESSURE DATA]
TOTAL FM JAN 1     0    HIGHEST SLP M ON M
DPTR FM NORMAL     0    LOWEST  SLP 29.14 ON  6

[REMARKS]
