000
CXUS52 KTAE 230800
CF6DHN
PRELIMINARY LOCAL CLIMATOLOGICAL DATA (WS FORM: F-6)

                                          STATION:   DOTHAN
                                          MONTH:     APRIL
                                          YEAR:      2014
                                          LATITUDE:   31 19 N
                                          LONGITUDE:  85 27 W

  TEMPERATURE IN F:       :PCPN:    SNOW:  WIND      :SUNSHINE: SKY     :PK WND
================================================================================
1   2   3   4   5  6A  6B    7    8   9   10  11  12  13   14  15   16   17  18
                                     12Z  AVG MX 2MIN
DY MAX MIN AVG DEP HDD CDD  WTR  SNW DPTH SPD SPD DIR MIN PSBL S-S WX    SPD DR
================================================================================

 1  81  47  64   2   1   0 0.00  0.0    0  5.5 14 200   M    M   0        18 210
 2  81  48  65   3   0   0 0.00  0.0    0  4.9 15 210   M    M   1 1      18 200
 3  83  58  71   9   0   6 0.00  0.0    0 10.0 21 200   M    M   2 1      25 210
 4  80  61  71   9   0   6    T  0.0    0  7.0 26 290   M    M   6 1      30 290
 5  75  61  68   5   0   3 0.20  0.0    0  2.4 10  20   M    M  10 1      13  30
 6  68  55  62  -1   3   0 2.07  0.0    0  7.9 23  60   M    M   8 123    26  60
 7  72  57  65   2   0   0 1.48  0.0    0 11.9 23 320   M    M   7 13     28 320
 8  68  49  59  -5   6   0 0.00  0.0    0  9.3 18 300   M    M   2        24 300
 9  71  48  60  -4   5   0 0.00  0.0    0  8.6 21 340   M    M   2        26 350
10  76  45  61  -3   4   0 0.00  0.0    0  4.6 14 220   M    M   0        18 190
11  77  47  62  -2   3   0 0.00  0.0    0  3.2 12 220   M    M   2 18     16 180
12  82  51  67   3   0   2 0.00  0.0    0  4.2 13 160   M    M   1 1      15 160
13  83  57  70   5   0   5 0.00  0.0    0  7.0 17 180   M    M   3 1      23 180
14  81  64  73   8   0   8 0.44  0.0    0 10.3 23 150   M    M   5 13     30 140
15  65  42  54 -11  11   0 0.34  0.0    0 13.1 26 320   M    M   7 1      33 330
16  65  36  51 -15  14   0 0.00  0.0    0  9.0 22  60   M    M   0        29  40
17  68  49  59  -7   6   0    T  0.0    0 11.6 18  70   M    M   7        25  60
18  61  53  57  -9   8   0 3.89  0.0    0 13.8 28  30   M    M  10 1      38  40
19  64  53  59  -7   6   0    T  0.0    0 10.4 21 360   M    M  10 1      28 360
20  68  53  61  -6   4   0 0.00  0.0    0  7.2 12  50   M    M   8        21  40
21  78  49  64  -3   1   0 0.00  0.0    0  2.2  9  50   M    M   0 1      12 110
22  80  57  69   1   0   4 0.00  0.0    0  6.7 15 270   M    M   4        20 260
================================================================================
SM 1627 1140        72  34  8.42     0.0 170.8          M       95
================================================================================
AV 74.0 51.8                               7.8 FASTST   M    M   4    MAX(MPH)
                                 MISC ---->  # 28  30               # 38   40
================================================================================
NOTES:
# LAST OF SEVERAL OCCURRENCES

COLUMN 17 PEAK WIND IN M.P.H.

PRELIMINARY LOCAL CLIMATOLOGICAL DATA (WS FORM: F-6) , PAGE 2

                                          STATION:  DOTHAN
                                          MONTH:    APRIL
                                          YEAR:     2014
                                          LATITUDE:   31 19 N
                                          LONGITUDE:  85 27 W

[TEMPERATURE DATA]      [PRECIPITATION DATA]       SYMBOLS USED IN COLUMN 16

AVERAGE MONTHLY: 62.9   TOTAL FOR MONTH:   8.42    1 = FOG OR MIST
DPTR FM NORMAL:  -1.6   DPTR FM NORMAL:    5.55    2 = FOG REDUCING VISIBILITY
HIGHEST:    83 ON 13, 3 GRTST 24HR  3.89 ON 18-18      TO 1/4 MILE OR LESS
LOWEST:     36 ON 16                               3 = THUNDER
                        SNOW, ICE PELLETS, HAIL    4 = ICE PELLETS
                        TOTAL MONTH:   0.0 INCH    5 = HAIL
                        GRTST 24HR     0.0         6 = FREEZING RAIN OR DRIZZLE
                        GRTST DEPTH:   0           7 = DUSTSTORM OR SANDSTORM:
                                                       VSBY 1/2 MILE OR LESS
                                                   8 = SMOKE OR HAZE
[NO. OF DAYS WITH]      [WEATHER - DAYS WITH]      9 = BLOWING SNOW
                                                   X = TORNADO
MAX 32 OR BELOW:   0    0.01 INCH OR MORE:   6
MAX 90 OR ABOVE:   0    0.10 INCH OR MORE:   6
MIN 32 OR BELOW:   0    0.50 INCH OR MORE:   3
MIN  0 OR BELOW:   0    1.00 INCH OR MORE:   3

[HDD (BASE 65) ]
TOTAL THIS MO.    72    CLEAR  (SCALE 0-3)  11
DPTR FM NORMAL    10    PTCLDY (SCALE 4-7)   7
TOTAL FM JUL 1  2003    CLOUDY (SCALE 8-10)  4
DPTR FM NORMAL   171

[CDD (BASE 65) ]
TOTAL THIS MO.    34
DPTR FM NORMAL   -18    [PRESSURE DATA]
TOTAL FM JAN 1    45    HIGHEST SLP M ON M
DPTR FM NORMAL   -38    LOWEST  SLP 29.69 ON  7

[REMARKS]
