000
CXUS54 KAMA 211015
CF6DHT
PRELIMINARY LOCAL CLIMATOLOGICAL DATA (WS FORM: F-6)

                                          STATION:   DALHART
                                          MONTH:     JANUARY
                                          YEAR:      2017
                                          LATITUDE:   36  1 N
                                          LONGITUDE: 102 33 W

  TEMPERATURE IN F:       :PCPN:    SNOW:  WIND      :SUNSHINE: SKY     :PK WND
================================================================================
1   2   3   4   5  6A  6B    7    8   9   10  11  12  13   14  15   16   17  18
                                     12Z  AVG MX 2MIN
DY MAX MIN AVG DEP HDD CDD  WTR  SNW DPTH SPD SPD DIR MIN PSBL S-S WX    SPD DR
================================================================================

 1  63  22  43   9  22   0 0.00  0.0    0 12.5 31 220   M    M   0        39 230
 2  57  21  39   5  26   0 0.00  0.0    0  9.5 23  20   M    M   0 1      27  20
 3  32  22  27  -7  38   0 0.00  0.0    0 11.6 23  10   M    M   5 1      27  10
 4  58  15  37   3  28   0 0.00  0.0    0 11.6 33  20   M    M   0        41  20
 5  16   9  13 -21  52   0 0.02    M    0 12.9 24  30   M    M   7 18     32  30
 6  26   9  18 -16  47   0 0.04    M    3  6.3 14 270   M    M   5 18     17 260
 7  36   7  22 -12  43   0 0.00  0.0    M  7.6 17 200   M    M   0        22 210
 8  61  20  41   7  24   0 0.00  0.0    0  8.2 24 190   M    M   0        27 190
 9  72  27  50  16  15   0 0.00  0.0    0 16.2 35 230   M    M   0        42 230
10  63  39  51  17  14   0 0.00  0.0    0 14.7 33 230   M    M   0        42 230
11  76  39  58  24   7   0 0.00  0.0    0 20.0 41 240   M    M   0        53 240
12  57  22  40   6  25   0 0.00  0.0    0  9.6 17  80   M    M   0        23  80
13  38  21  30  -5  35   0 0.00  0.0    0  5.5 13  30   M    M   9        15  30
14  34  30  32  -3  33   0 0.02    M    0  6.1 10  10   M    M  10 1368   13  80
15  34  33  34  -1  31   0 0.70    M    0 10.0 18  10   M    M   9 136    21  10
16  42  31  37   2  28   0 0.12    M    3 10.9 24 340   M    M   9 1      30 340
17  53  31  42   7  23   0 0.00  0.0    0  7.6 16 350   M    M   4        23 350
18  58  29  44   9  21   0 0.00  0.0    0 11.1 22 210   M    M   3 1      27 220
19  66  22  44   9  21   0 0.00  0.0    0  8.0 18 290   M    M   0        23 290
20  58  28  43   8  22   0    T  0.0    0 16.6 39 260   M    M   1 1      47 260
================================================================================
SM 1000  477       555   0  0.90     0.0 216.5          M       62
================================================================================
AV 50.0 23.9                              10.8 FASTST   M    M   3    MAX(MPH)
                                 MISC ---->  # 41 240               # 53  240
================================================================================
NOTES:
# LAST OF SEVERAL OCCURRENCES

COLUMN 17 PEAK WIND IN M.P.H.

PRELIMINARY LOCAL CLIMATOLOGICAL DATA (WS FORM: F-6) , PAGE 2

                                          STATION:  DALHART
                                          MONTH:    JANUARY
                                          YEAR:     2017
                                          LATITUDE:   36  1 N
                                          LONGITUDE: 102 33 W

[TEMPERATURE DATA]      [PRECIPITATION DATA]       SYMBOLS USED IN COLUMN 16

AVERAGE MONTHLY: 36.9   TOTAL FOR MONTH:   0.90    1 = FOG OR MIST
DPTR FM NORMAL:   2.5   DPTR FM NORMAL:    0.60    2 = FOG REDUCING VISIBILITY
HIGHEST:    76 ON 11    GRTST 24HR  0.71 ON 14-15      TO 1/4 MILE OR LESS
LOWEST:      7 ON  7                               3 = THUNDER
                        SNOW, ICE PELLETS, HAIL    4 = ICE PELLETS
                        TOTAL MONTH:   0.0 INCH    5 = HAIL
                        GRTST 24HR     0.0         6 = FREEZING RAIN OR DRIZZLE
                        GRTST DEPTH:   3 ON 16, 6  7 = DUSTSTORM OR SANDSTORM:
                                                       VSBY 1/2 MILE OR LESS
                                                   8 = SMOKE OR HAZE
[NO. OF DAYS WITH]      [WEATHER - DAYS WITH]      9 = BLOWING SNOW
                                                   X = TORNADO
MAX 32 OR BELOW:   3    0.01 INCH OR MORE:   5
MAX 90 OR ABOVE:   0    0.10 INCH OR MORE:   2
MIN 32 OR BELOW:  17    0.50 INCH OR MORE:   1
MIN  0 OR BELOW:   0    1.00 INCH OR MORE:   0

[HDD (BASE 65) ]
TOTAL THIS MO.   555    CLEAR  (SCALE 0-3)  11
DPTR FM NORMAL   -56    PTCLDY (SCALE 4-7)   5
TOTAL FM JUL 1  2023    CLOUDY (SCALE 8-10)  4
DPTR FM NORMAL  -531

[CDD (BASE 65) ]
TOTAL THIS MO.     0
DPTR FM NORMAL     0    [PRESSURE DATA]
TOTAL FM JAN 1     0    HIGHEST SLP M ON M
DPTR FM NORMAL     0    LOWEST  SLP 29.39 ON 20

[REMARKS]
