000
CXUS56 KTFX 261205
CF6DLN
PRELIMINARY LOCAL CLIMATOLOGICAL DATA (WS FORM: F-6)

                                          STATION:   DILLON AIRPORT MT
                                          MONTH:     FEBRUARY
                                          YEAR:      2015
                                          LATITUDE:   45 15 N
                                          LONGITUDE: 112 33 W

  TEMPERATURE IN F:       :PCPN:    SNOW:  WIND      :SUNSHINE: SKY     :PK WND
================================================================================
1   2   3   4   5  6A  6B    7    8   9   10  11  12  13   14  15   16   17  18
                                     12Z  AVG MX 2MIN
DY MAX MIN AVG DEP HDD CDD  WTR  SNW DPTH SPD SPD DIR MIN PSBL S-S WX    SPD DR
================================================================================

 1  31   8  20  -4  45   0 0.00    M    0  6.7 23 220   M    M   5        28 220
 2  44  31  38  14  27   0    T    M    0 14.6 25 250   M    M   4 8      34 240
 3  45  31  38  14  27   0 0.03    M    0  9.3 28 250   M    M   6 1      33 250
 4  39  24  32   8  33   0 0.00    M    T  6.3 15 210   M    M   7 1      18 220
 5  57  32  45  21  20   0 0.00    M    0 11.3 23 200   M    M   2        31 180
 6  59  38  49  25  16   0 0.00    M    0 16.2 30 180   M    M   1        42 180
 7  54  41  48  24  17   0    T    M    0 20.6 45 240   M    M   5        53 240
 8  56  33  45  20  20   0 0.00    M    0 10.3 28 240   M    M   2        35 240
 9  52  33  43  18  22   0 0.10    M    0  8.8 28 250   M    M   6 1      33 250
10  48  33  41  16  24   0 0.00    M    0  7.4 15 260   M    M  10        19 240
11  52  27  40  15  25   0 0.00    M    0 10.2 22 220   M    M   2        26 220
12  59  37  48  23  17   0 0.00    M    0 11.3 22 220   M    M   5        26 220
13  59  29  44  18  21   0 0.00    M    0  9.5 17 220   M    M   0        21 210
14  61  34  48  22  17   0 0.00    M    0 11.0 24 220   M    M   3        28 220
15  46  22  34   8  31   0 0.00    M    0  5.9 13  50   M    M   2        15  50
16  36  17  27   1  38   0 0.02    M    T  6.9 26  30   M    M   6        31  20
17  45  11  28   2  37   0 0.00    M    0  5.4 17 230   M    M   0        20 230
18  57  19  38  11  27   0 0.00    M    0  7.6 22 210   M    M   0        25 210
19  53  32  43  16  22   0 0.00    M    0 13.0 25 220   M    M   4        29 220
20  44  29  37  10  28   0 0.03    M    0  5.0 21 250   M    M   9 18     25 260
21  30   6  18 -10  47   0 0.01    M    T 18.6 32  10   M    M   7 1      39  20
22  20  -6   7 -21  58   0 0.00    M    M  4.9 18  50   M    M   0        22  40
23  35  -2  17 -11  48   0 0.00    M    0  4.3 14 200   M    M   2        17 190
24  47  14  31   3  34   0 0.00    M    0  6.2 26 260   M    M   2        34 260
25  38  18  28  -1  37   0    T    M    0  9.5 28  40   M    M   8        33  40
================================================================================
SM 1167  591       738   0  0.19    M    240.8          M       98
================================================================================
AV 46.7 23.6                               9.6 FASTST   M    M   4    MAX(MPH)
                                 MISC ---->  # 45 240               # 53  240
================================================================================
NOTES:
# LAST OF SEVERAL OCCURRENCES

COLUMN 17 PEAK WIND IN M.P.H.

PRELIMINARY LOCAL CLIMATOLOGICAL DATA (WS FORM: F-6) , PAGE 2

                                          STATION:  DILLON AIRPORT MT
                                          MONTH:    FEBRUARY
                                          YEAR:     2015
                                          LATITUDE:   45 15 N
                                          LONGITUDE: 112 33 W

[TEMPERATURE DATA]      [PRECIPITATION DATA]       SYMBOLS USED IN COLUMN 16

AVERAGE MONTHLY: 35.2   TOTAL FOR MONTH:   0.19    1 = FOG OR MIST
DPTR FM NORMAL:   9.4   DPTR FM NORMAL:   -0.02    2 = FOG REDUCING VISIBILITY
HIGHEST:    61 ON 14    GRTST 24HR  0.10 ON  9- 9      TO 1/4 MILE OR LESS
LOWEST:     -6 ON 22                               3 = THUNDER
                        SNOW, ICE PELLETS, HAIL    4 = ICE PELLETS
                        TOTAL MONTH:    M          5 = HAIL
                        GRTST 24HR    M  ON   M    6 = FREEZING RAIN OR DRIZZLE
                        GRTST DEPTH:   0           7 = DUSTSTORM OR SANDSTORM:
                                                       VSBY 1/2 MILE OR LESS
                                                   8 = SMOKE OR HAZE
[NO. OF DAYS WITH]      [WEATHER - DAYS WITH]      9 = BLOWING SNOW
                                                   X = TORNADO
MAX 32 OR BELOW:   3    0.01 INCH OR MORE:   5
MAX 90 OR ABOVE:   0    0.10 INCH OR MORE:   1
MIN 32 OR BELOW:  18    0.50 INCH OR MORE:   0
MIN  0 OR BELOW:   2    1.00 INCH OR MORE:   0

[HDD (BASE 65) ]
TOTAL THIS MO.   738    CLEAR  (SCALE 0-3)  12
DPTR FM NORMAL  -241    PTCLDY (SCALE 4-7)  11
TOTAL FM JUL 1  4976    CLOUDY (SCALE 8-10)  2
DPTR FM NORMAL  -834

[CDD (BASE 65) ]
TOTAL THIS MO.     0
DPTR FM NORMAL     0    [PRESSURE DATA]
TOTAL FM JAN 1     0    HIGHEST SLP M ON M
DPTR FM NORMAL     0    LOWEST  SLP 29.58 ON  7

[REMARKS]
