000
CXUS56 KTFX 261205
CF6DLN
PRELIMINARY LOCAL CLIMATOLOGICAL DATA (WS FORM: F-6)

                                          STATION:   DILLON AIRPORT MT
                                          MONTH:     DECEMBER
                                          YEAR:      2014
                                          LATITUDE:   45 15 N
                                          LONGITUDE: 112 33 W

  TEMPERATURE IN F:       :PCPN:    SNOW:  WIND      :SUNSHINE: SKY     :PK WND
================================================================================
1   2   3   4   5  6A  6B    7    8   9   10  11  12  13   14  15   16   17  18
                                     12Z  AVG MX 2MIN
DY MAX MIN AVG DEP HDD CDD  WTR  SNW DPTH SPD SPD DIR MIN PSBL S-S WX    SPD DR
================================================================================

 1  37  -7  15  -8  50   0 0.00    M    0  8.1 17 220   M    M   3        22 220
 2  40  17  29   6  36   0 0.00    M    0 10.1 23 250   M    M   1        29 250
 3  39  15  27   5  38   0    T    M    0  5.5 14 220   M    M   5 1      16 220
 4  50  28  39  17  26   0 0.00    M    T  7.9 18 220   M    M   8        23 220
 5  51  30  41  19  24   0 0.00    M    0  8.3 16 240   M    M   3        19 210
 6  50  28  39  18  26   0 0.03    M    0  8.7 22 230   M    M   3        26 200
 7  47  29  38  17  27   0 0.00    M    0  9.8 24 210   M    M   0        28 210
 8  43  27  35  14  30   0 0.00    M    0  8.0 14 200   M    M   2        17 200
 9  50  30  40  19  25   0 0.00    M    0  9.5 16 170   M    M   2        20 200
10  47  29  38  17  27   0 0.00    M    0  6.9 15 200   M    M   0        18 210
11  53  35  44  24  21   0 0.00    M    0 11.4 31 170   M    M   1        44 180
12  55  42  49  29  16   0 0.00    M    0 22.7 31 200   M    M   0        47 180
13  47  30  39  19  26   0 0.14    M    0  7.9 32 170   M    M   6        43 170
14  31  21  26   6  39   0 0.03    M    1  7.4 18  30   M    M   M 18     23  30
15  32  10  21   1  44   0 0.00    M    1  5.0 10 140   M    M   M        13 220
16  27  11  19  -1  46   0 0.11    M    1  1.0  5 190   M    M   8 1       8 180
17  32  14  23   3  42   0 0.01    M    2  5.9 16 220   M    M   5 1      19 220
18  31  11  21   1  44   0 0.00    M    2  6.9 13 210   M    M   5        15 210
19  37  25  31  11  34   0    T    M    2  6.9 16 210   M    M   8        19 220
20  38  24  31  11  34   0 0.00    M    1  7.4 15 190   M    M   5        19 180
21  43  32  38  18  27   0 0.01    M    T 17.5 35 290   M    M   8        44 290
22  35  23  29   9  36   0    T    M    0  9.5 22 260   M    M   8        26 260
23  34  20  27   7  38   0 0.00    M    0 11.6 21 180   M    M   5        25 170
24  38  27  33  13  32   0 0.10    M    0  9.1 22 220   M    M   5 1      29 220
25  28   4  16  -4  49   0 0.05    M    M 10.2 20  30   M    M   7 1      25  30
================================================================================
SM 1015  555       837   0  0.48    M    223.2          M       98
================================================================================
AV 40.6 22.2                               8.9 FASTST   M    M   4    MAX(MPH)
                                 MISC ---->  # 35 290                 47    M
================================================================================
NOTES:
# LAST OF SEVERAL OCCURRENCES

COLUMN 17 PEAK WIND IN M.P.H.

PRELIMINARY LOCAL CLIMATOLOGICAL DATA (WS FORM: F-6) , PAGE 2

                                          STATION:  DILLON AIRPORT MT
                                          MONTH:    DECEMBER
                                          YEAR:     2014
                                          LATITUDE:   45 15 N
                                          LONGITUDE: 112 33 W

[TEMPERATURE DATA]      [PRECIPITATION DATA]       SYMBOLS USED IN COLUMN 16

AVERAGE MONTHLY: 31.4   TOTAL FOR MONTH:   0.48    1 = FOG OR MIST
DPTR FM NORMAL:  10.7   DPTR FM NORMAL:    0.25    2 = FOG REDUCING VISIBILITY
HIGHEST:    55 ON 12    GRTST 24HR  0.15 ON 24-25      TO 1/4 MILE OR LESS
LOWEST:     -7 ON  1                               3 = THUNDER
                        SNOW, ICE PELLETS, HAIL    4 = ICE PELLETS
                        TOTAL MONTH:    M          5 = HAIL
                        GRTST 24HR    M  ON   M    6 = FREEZING RAIN OR DRIZZLE
                        GRTST DEPTH:   2 ON 19,18  7 = DUSTSTORM OR SANDSTORM:
                                                       VSBY 1/2 MILE OR LESS
                                                   8 = SMOKE OR HAZE
[NO. OF DAYS WITH]      [WEATHER - DAYS WITH]      9 = BLOWING SNOW
                                                   X = TORNADO
MAX 32 OR BELOW:   6    0.01 INCH OR MORE:   8
MAX 90 OR ABOVE:   0    0.10 INCH OR MORE:   3
MIN 32 OR BELOW:  23    0.50 INCH OR MORE:   0
MIN  0 OR BELOW:   1    1.00 INCH OR MORE:   0

[HDD (BASE 65) ]
TOTAL THIS MO.   837    CLEAR  (SCALE 0-3)   8
DPTR FM NORMAL  -271    PTCLDY (SCALE 4-7)  15
TOTAL FM JUL 1  2811    CLOUDY (SCALE 8-10)  0
DPTR FM NORMAL  -448

[CDD (BASE 65) ]
TOTAL THIS MO.     0
DPTR FM NORMAL     0    [PRESSURE DATA]
TOTAL FM JAN 1   170    HIGHEST SLP M ON M
DPTR FM NORMAL    14    LOWEST  SLP 29.48 ON 24

[REMARKS]
