000
CXUS55 KEAX 220736
CF6DMO
PRELIMINARY LOCAL CLIMATOLOGICAL DATA (WS FORM: F-6)

                                          STATION:   SEDALIA MO
                                          MONTH:     OCTOBER
                                          YEAR:      2014
                                          LATITUDE:   38 42 N
                                          LONGITUDE:  93  6 W

  TEMPERATURE IN F:       :PCPN:    SNOW:  WIND      :SUNSHINE: SKY     :PK WND
================================================================================
1   2   3   4   5  6A  6B    7    8   9   10  11  12  13   14  15   16   17  18
                                     12Z  AVG MX 2MIN
DY MAX MIN AVG DEP HDD CDD  WTR  SNW DPTH SPD SPD DIR MIN PSBL S-S WX    SPD DR
================================================================================

 1  81  64  73  10   0   8 2.29    M    M  9.1 32 290   M    M   4 138    48 290
 2  74  60  67   4   0   2 1.57    M    M 11.1 28 240   M    M   9 13     36 240
 3  60  44  52 -10  13   0 0.02    M    M 13.0 28 330   M    M   5 1      38 310
 4  59  39  49 -13  16   0 0.00    M    M 11.1 23 290   M    M   0        32 280
 5  75  47  61  -1   4   0 0.12    M    M 10.7 24 280   M    M   3 3      32 290
 6  72  52  62   1   3   0 0.08    M    M  8.3 18 220   M    M   3 13     26 230
 7  80  56  68   7   0   3 0.01    M    M  7.8 18 280   M    M   2 8      25 290
 8  77  50  64   3   1   0 0.02    M    M  4.8 15 340   M    M   2 3      20 340
 9  67  56  62   2   3   0 2.11    M    M  8.9 25 320   M    M  10 123    50  50
10  56  51  54  -6  11   0 0.19    M    M  9.4 16  50   M    M  10 1      22  50
11  62  47  55  -5  10   0 0.00    M    M  7.6 16  60   M    M   8        20  70
12  62  50  56  -4   9   0 0.08    M    M  6.8 14 210   M    M  10 1      17 220
13  69  53  61   2   4   0 1.89    M    M 12.8 24 300   M    M  10 13     37 300
14  60  52  56  -3   9   0 0.24    M    M 14.9 25 340   M    M  10 18     35 310
15  70  47  59   0   6   0 0.00    M    M  8.9 18 300   M    M   0        26 320
16  77  44  61   3   4   0 0.00    M    M  8.1 16 190   M    M   0        21 190
17  68  50  59   1   6   0 0.00    M    M  9.3 18 320   M    M   0        25 310
18  65  43  54  -4  11   0 0.00    M    M  6.0 15  20   M    M   0        20  20
19  68  40  54  -3  11   0 0.00    M    M  8.4 15 220   M    M   0        20 220
20  76  52  64   7   1   0 0.00    M    M  5.3 13 340   M    M   0 8      16 320
21  75  46  61   4   4   0 0.00    M    M  3.7  8 120   M    M   0 18     14  40
================================================================================
SM 1453 1043       126  13  8.62    M    186.0          M       86
================================================================================
AV 69.2 49.7                               8.9 FASTST   M    M   4    MAX(MPH)
                                 MISC ---->  # 32 290               # 50   50
================================================================================
NOTES:
# LAST OF SEVERAL OCCURRENCES

COLUMN 17 PEAK WIND IN M.P.H.

PRELIMINARY LOCAL CLIMATOLOGICAL DATA (WS FORM: F-6) , PAGE 2

                                          STATION:  SEDALIA MO
                                          MONTH:    OCTOBER
                                          YEAR:     2014
                                          LATITUDE:   38 42 N
                                          LONGITUDE:  93  6 W

[TEMPERATURE DATA]      [PRECIPITATION DATA]       SYMBOLS USED IN COLUMN 16

AVERAGE MONTHLY: 59.4   TOTAL FOR MONTH:   8.62    1 = FOG OR MIST
DPTR FM NORMAL:  -0.4   DPTR FM NORMAL:    5.95    2 = FOG REDUCING VISIBILITY
HIGHEST:    81 ON  1    GRTST 24HR  3.48 ON  1- 2      TO 1/4 MILE OR LESS
LOWEST:     39 ON  4                               3 = THUNDER
                        SNOW, ICE PELLETS, HAIL    4 = ICE PELLETS
                        TOTAL MONTH:    M          5 = HAIL
                        GRTST 24HR    M  ON   M    6 = FREEZING RAIN OR DRIZZLE
                        GRTST DEPTH:  M  ON   M    7 = DUSTSTORM OR SANDSTORM:
                                                       VSBY 1/2 MILE OR LESS
                                                   8 = SMOKE OR HAZE
[NO. OF DAYS WITH]      [WEATHER - DAYS WITH]      9 = BLOWING SNOW
                                                   X = TORNADO
MAX 32 OR BELOW:   0    0.01 INCH OR MORE:  12
MAX 90 OR ABOVE:   0    0.10 INCH OR MORE:   7
MIN 32 OR BELOW:   0    0.50 INCH OR MORE:   4
MIN  0 OR BELOW:   0    1.00 INCH OR MORE:   4

[HDD (BASE 65) ]
TOTAL THIS MO.   126    CLEAR  (SCALE 0-3)  12
DPTR FM NORMAL   -13    PTCLDY (SCALE 4-7)   2
TOTAL FM JUL 1   169    CLOUDY (SCALE 8-10)  7
DPTR FM NORMAL   -15

[CDD (BASE 65) ]
TOTAL THIS MO.    13
DPTR FM NORMAL   -18    [PRESSURE DATA]
TOTAL FM JAN 1  1389    HIGHEST SLP  0.00 ON M
DPTR FM NORMAL   -92    LOWEST  SLP  0.00 ON M

[REMARKS]
