756
CXUS55 KEAX 260736
CF6DMO
PRELIMINARY LOCAL CLIMATOLOGICAL DATA (WS FORM: F-6)

                                          STATION:   SEDALIA MO
                                          MONTH:     AUGUST
                                          YEAR:      2016
                                          LATITUDE:   38 42 N
                                          LONGITUDE:  93  6 W

  TEMPERATURE IN F:       :PCPN:    SNOW:  WIND      :SUNSHINE: SKY     :PK WND
================================================================================
1   2   3   4   5  6A  6B    7    8   9   10  11  12  13   14  15   16   17  18
                                     12Z  AVG MX 2MIN
DY MAX MIN AVG DEP HDD CDD  WTR  SNW DPTH SPD SPD DIR MIN PSBL S-S WX    SPD DR
================================================================================

 1  79  68  74  -6   0   9 1.22    M    M  7.6 25  50   M    M   5 13     29  60
 2  91  73  82   3   0  17    T    M    M  7.5 21 100   M    M   2        27 110
 3  91  72  82   3   0  17 0.00    M    M  4.1  8  70   M    M   1 1      12  50
 4  95  75  85   6   0  20 0.00    M    M  7.9 15 220   M    M   0        19 200
 5  90  72  81   2   0  16 0.00    M    M  8.6 17  20   M    M   5 3      23  80
 6  84  68  76  -3   0  11 0.00    M    M  5.2 12  30   M    M   6        14  20
 7  83  66  75  -4   0  10    T    M    M  4.5 13 120   M    M   6 8      16 140
 8  83  71  77  -2   0  12    T    M    M  6.3 16 110   M    M   7 18     22  90
 9  92  73  83   4   0  18    T    M    M  4.8 22 260   M    M   4 3      26 260
10  93  76  85   6   0  20 0.00    M    M  6.4 10 120   M    M   2        15 160
11  95  77  86   7   0  21 0.00    M    M  8.8 15 200   M    M   0 1      18 200
12  89  74  82   3   0  17    T    M    M  7.4 18 320   M    M   5 1      23 330
13  85  68  77  -2   0  12 0.00    M    M  7.7 16 350   M    M   1        20  10
14  87  66  77  -2   0  12 0.00    M    M  4.6 14 130   M    M   1        17 130
15  80  66  73  -6   0   8 0.00    M    M  5.2 13  10   M    M   1        17  30
16  87  66  77  -1   0  12 0.00    M    M  4.6 10 170   M    M   1        15 170
17  90  65  78   0   0  13 0.00    M    M  7.5 14 210   M    M   0        18 200
18  90  70  80   2   0  15 0.00    M    M  7.3 15 220   M    M   1        19 220
19  87  69  78   0   0  13 0.78    M    M  6.9 33 310   M    M   2 138    46 300
20  79  61  70  -8   0   5 0.01    M    M  8.4 16 320   M    M   4 1      22 290
21  81  58  70  -8   0   5 0.00    M    M  5.1 12 350   M    M   0        16 340
22  83  58  71  -7   0   6 0.00    M    M  8.8 17 190   M    M   0        21 190
23  83  63  73  -4   0   8 0.08    M    M 11.2 21 170   M    M   5 13     25 160
24  90  71  81   4   0  16 0.16    M    M  9.3 30 310   M    M   3 13     40 310
25  88  68  78   1   0  13 0.03    M    M  5.4 12 220   M    M   4 3      15 220
================================================================================
SM 2175 1714         0 326  2.28    M    171.1          M       66
================================================================================
AV 87.0 68.6                               6.8 FASTST   M    M   3    MAX(MPH)
                                 MISC ---->  # 33 310               # 46  300
================================================================================
NOTES:
# LAST OF SEVERAL OCCURRENCES

COLUMN 17 PEAK WIND IN M.P.H.

PRELIMINARY LOCAL CLIMATOLOGICAL DATA (WS FORM: F-6) , PAGE 2

                                          STATION:  SEDALIA MO
                                          MONTH:    AUGUST
                                          YEAR:     2016
                                          LATITUDE:   38 42 N
                                          LONGITUDE:  93  6 W

[TEMPERATURE DATA]      [PRECIPITATION DATA]       SYMBOLS USED IN COLUMN 16

AVERAGE MONTHLY: 77.8   TOTAL FOR MONTH:   2.28    1 = FOG OR MIST
DPTR FM NORMAL:  -0.7   DPTR FM NORMAL:   -0.36    2 = FOG REDUCING VISIBILITY
HIGHEST:    95 ON 11, 4 GRTST 24HR  1.24 ON 31- 1      TO 1/4 MILE OR LESS
LOWEST:     58 ON 22,21                            3 = THUNDER
                        SNOW, ICE PELLETS, HAIL    4 = ICE PELLETS
                        TOTAL MONTH:    M          5 = HAIL
                        GRTST 24HR    M  ON   M    6 = FREEZING RAIN OR DRIZZLE
                        GRTST DEPTH:  M  ON   M    7 = DUSTSTORM OR SANDSTORM:
                                                       VSBY 1/2 MILE OR LESS
                                                   8 = SMOKE OR HAZE
[NO. OF DAYS WITH]      [WEATHER - DAYS WITH]      9 = BLOWING SNOW
                                                   X = TORNADO
MAX 32 OR BELOW:   0    0.01 INCH OR MORE:   6
MAX 90 OR ABOVE:  10    0.10 INCH OR MORE:   3
MIN 32 OR BELOW:   0    0.50 INCH OR MORE:   2
MIN  0 OR BELOW:   0    1.00 INCH OR MORE:   1

[HDD (BASE 65) ]
TOTAL THIS MO.     0    CLEAR  (SCALE 0-3)  15
DPTR FM NORMAL     0    PTCLDY (SCALE 4-7)  10
TOTAL FM JUL 1     0    CLOUDY (SCALE 8-10)  0
DPTR FM NORMAL     0

[CDD (BASE 65) ]
TOTAL THIS MO.   326
DPTR FM NORMAL   -11    [PRESSURE DATA]
TOTAL FM JAN 1  1327    HIGHEST SLP  0.00 ON M
DPTR FM NORMAL   110    LOWEST  SLP  0.00 ON M

[REMARKS]
