000
CXUS55 KCAE 231400
CF6DNL
PRELIMINARY LOCAL CLIMATOLOGICAL DATA (WS FORM: F-6)

                                          STATION:   AUGUSTA DANIEL FIELD GA
                                          MONTH:     APRIL
                                          YEAR:      2014
                                          LATITUDE:   33 28 N
                                          LONGITUDE:  82  2 W

  TEMPERATURE IN F:       :PCPN:    SNOW:  WIND      :SUNSHINE: SKY     :PK WND
================================================================================
1   2   3   4   5  6A  6B    7    8   9   10  11  12  13   14  15   16   17  18
                                     12Z  AVG MX 2MIN
DY MAX MIN AVG DEP HDD CDD  WTR  SNW DPTH SPD SPD DIR MIN PSBL S-S WX    SPD DR
================================================================================

 1  85  54  70   9   0   5 0.00    M    M  4.6 15 200   M    M   0        21 210
 2  88  56  72  11   0   7 0.00    M    M  5.2 18 190   M    M   0        26 200
 3  87  64  76  14   0  11 0.00    M    M  8.1 21 190   M    M   0 8      26 200
 4  84  59  72  10   0   7    T    M    M  8.4 18 200   M    M   1        30 250
 5  82  62  72  10   0   7 0.00    M    M  5.7 13 280   M    M   1        19 260
 6  65  57  61  -1   4   0    T    M    M  8.2 15  70   M    M   5        19  50
 7  66  53  60  -2   5   0 1.27    M    M  7.9 24 320   M    M  10 123    31 310
 8  69  54  62   0   3   0    T    M    M  7.1 17 290   M    M   4 1      29 290
 9  73  50  62  -1   3   0 0.00    M    M  6.9 16 320   M    M   1        20 290
10  77  52  65   2   0   0 0.00    M    M  5.9 15 170   M    M   0        20 170
11  79  53  66   3   0   1 0.00    M    M  6.6 21 200   M    M   0        26 200
12  84  57  71   8   0   6 0.00    M    M  3.7 12 200   M    M   0        17 180
13  82  58  70   6   0   5 0.00    M    M  7.6 15 130   M    M   3        18 130
14  84  63  74  10   0   9 0.67    M    M  7.2 16 170   M    M   5 13     22 160
15  71  45  58  -6   7   0 0.24    M    M 10.3 21 300   M    M   6 13     34 310
16  62  38  50 -14  15   0 0.00    M    M  9.9 20  30   M    M   0        25  40
17  70  43  57  -7   8   0 0.00    M    M  9.6 16  60   M    M   1        21  40
18  59  52  56  -9   9   0 1.63    M    M 11.9 23  30   M    M   6 1      31  40
19  59  52  56  -9   9   0 0.27    M    M 12.8 21  50   M    M  10 1      29  30
20  74  50  62  -3   3   0 0.01    M    M 10.1 20  30   M    M   8 1      24  40
21  79  50  65  -1   0   0 0.00    M    M  5.3 13 360   M    M   0        17 330
22  82  59  71   5   0   6 0.05    M    M  4.8 17 300   M    M   2 1      24 290
================================================================================
SM 1661 1181        66  64  4.14    M    167.8          M       63
================================================================================
AV 75.5 53.7                               7.6 FASTST   M    M   3    MAX(MPH)
                                 MISC ---->  # 24 320               # 34  310
================================================================================
NOTES:
# LAST OF SEVERAL OCCURRENCES

COLUMN 17 PEAK WIND IN M.P.H.

PRELIMINARY LOCAL CLIMATOLOGICAL DATA (WS FORM: F-6) , PAGE 2

                                          STATION:  AUGUSTA DANIEL FIELD GA
                                          MONTH:    APRIL
                                          YEAR:     2014
                                          LATITUDE:   33 28 N
                                          LONGITUDE:  82  2 W

[TEMPERATURE DATA]      [PRECIPITATION DATA]       SYMBOLS USED IN COLUMN 16

AVERAGE MONTHLY: 64.6   TOTAL FOR MONTH:   4.14    1 = FOG OR MIST
DPTR FM NORMAL:   1.3   DPTR FM NORMAL:    1.68    2 = FOG REDUCING VISIBILITY
HIGHEST:    88 ON  2    GRTST 24HR  1.85 ON 18-19      TO 1/4 MILE OR LESS
LOWEST:     38 ON 16                               3 = THUNDER
                        SNOW, ICE PELLETS, HAIL    4 = ICE PELLETS
                        TOTAL MONTH:    M          5 = HAIL
                        GRTST 24HR    M  ON   M    6 = FREEZING RAIN OR DRIZZLE
                        GRTST DEPTH:  M  ON   M    7 = DUSTSTORM OR SANDSTORM:
                                                       VSBY 1/2 MILE OR LESS
                                                   8 = SMOKE OR HAZE
[NO. OF DAYS WITH]      [WEATHER - DAYS WITH]      9 = BLOWING SNOW
                                                   X = TORNADO
MAX 32 OR BELOW:   0    0.01 INCH OR MORE:   7
MAX 90 OR ABOVE:   0    0.10 INCH OR MORE:   5
MIN 32 OR BELOW:   0    0.50 INCH OR MORE:   3
MIN  0 OR BELOW:   0    1.00 INCH OR MORE:   2

[HDD (BASE 65) ]
TOTAL THIS MO.    66    CLEAR  (SCALE 0-3)  14
DPTR FM NORMAL   -17    PTCLDY (SCALE 4-7)   6
TOTAL FM JUL 1  2222    CLOUDY (SCALE 8-10)  2
DPTR FM NORMAL    76

[CDD (BASE 65) ]
TOTAL THIS MO.    64
DPTR FM NORMAL    19    [PRESSURE DATA]
TOTAL FM JAN 1    77    HIGHEST SLP M ON M
DPTR FM NORMAL     6    LOWEST  SLP 29.61 ON 15

[REMARKS]
