000
CXUS55 KCAE 231400
CF6DNL
PRELIMINARY LOCAL CLIMATOLOGICAL DATA (WS FORM: F-6)

                                          STATION:   AUGUSTA DANIEL FIELD GA
                                          MONTH:     FEBRUARY
                                          YEAR:      2018
                                          LATITUDE:   33 28 N
                                          LONGITUDE:  82  2 W

  TEMPERATURE IN F:       :PCPN:    SNOW:  WIND      :SUNSHINE: SKY     :PK WND
================================================================================
1   2   3   4   5  6A  6B    7    8   9   10  11  12  13   14  15   16   17  18
                                     12Z  AVG MX 2MIN
DY MAX MIN AVG DEP HDD CDD  WTR  SNW DPTH SPD SPD DIR MIN PSBL S-S WX    SPD DR
================================================================================

 1  70  38  54   6  11   0 0.00    M    M  7.5 18 200   M    M   5        24 210
 2  60  36  48   0  17   0 0.02    M    M  9.6 20 310   M    M   3        27 330
 3  50  33  42  -6  23   0 0.00    M    M  6.9 13  70   M    M   1 8      16  80
 4  57  40  49   1  16   0 0.54    M    M  5.5 25 310   M    M   8 1      34 310
 5  60  44  52   3  13   0 0.00    M    M  5.1 13 320   M    M   0        19 300
 6  71  39  55   6  10   0 0.00    M    M  3.9  9 110   M    M   1 12     12 110
 7  67  55  61  12   4   0 0.67    M    M  7.5 22 190   M    M   8 13     31 200
 8  62  47  55   6  10   0    T    M    0  6.1 15 300   M    M   2        20 290
 9  63  41  52   3  13   0 0.04    M    M  5.9 12 120   M    M   5 1      16 130
10  70  56  63  13   2   0    T    M    M  5.5 14 170   M    M   9 12     18 150
11  69  63  66  16   0   1 0.20    M    M  8.8 20 200   M    M   9 1      26 180
12  71  61  66  16   0   1 0.01    M    M  3.0  9 220   M    M   6        13 230
13  65  49  57   7   8   0 0.01    M    M  9.2 20  50   M    M  10        24  60
14  66  48  57   7   8   0 0.00    M    M  2.7  8  70   M    M  10 18     11 190
15  78  62  70  20   0   5 0.00    M    M  6.8 15 230   M    M   7        24 230
16  83  63  73  22   0   8 0.00    M    M  7.8 17 250   M    M   6        29 270
17  79  59  69  18   0   4 0.00    M    M  6.3 18 200   M    M   7        24 210
18  68  56  62  11   3   0    T    M    M  7.3 15 120   M    M  10        20 340
19  75  58  67  16   0   2 0.00    M    M  4.8 10 110   M    M   7 1      14 100
20  82  63  73  21   0   8 0.00    M    M  6.4 15 190   M    M   9 12     20 130
21  85  68  77  25   0  12 0.00    M    0  7.0 15 150   M    M   6 1      21 150
22  82  66  74  22   0   9 0.00    M    M  5.2 13 180   M    M   6        15 180
================================================================================
SM 1533 1145       138  50  1.49    M    138.8          M      135
================================================================================
AV 69.7 52.1                               6.3 FASTST   M    M   6    MAX(MPH)
                                 MISC ---->  # 25 310               # 34  310
================================================================================
NOTES:
# LAST OF SEVERAL OCCURRENCES

COLUMN 17 PEAK WIND IN M.P.H.

PRELIMINARY LOCAL CLIMATOLOGICAL DATA (WS FORM: F-6) , PAGE 2

                                          STATION:  AUGUSTA DANIEL FIELD GA
                                          MONTH:    FEBRUARY
                                          YEAR:     2018
                                          LATITUDE:   33 28 N
                                          LONGITUDE:  82  2 W

[TEMPERATURE DATA]      [PRECIPITATION DATA]       SYMBOLS USED IN COLUMN 16

AVERAGE MONTHLY: 60.9   TOTAL FOR MONTH:   1.49    1 = FOG OR MIST
DPTR FM NORMAL:  11.0   DPTR FM NORMAL:   -1.57    2 = FOG REDUCING VISIBILITY
HIGHEST:    85 ON 21    GRTST 24HR  0.67 ON  7- 7      TO 1/4 MILE OR LESS
LOWEST:     33 ON  3                               3 = THUNDER
                        SNOW, ICE PELLETS, HAIL    4 = ICE PELLETS
                        TOTAL MONTH:    M          5 = HAIL
                        GRTST 24HR    M  ON   M    6 = FREEZING RAIN OR DRIZZLE
                        GRTST DEPTH:   0           7 = DUSTSTORM OR SANDSTORM:
                                                       VSBY 1/2 MILE OR LESS
                                                   8 = SMOKE OR HAZE
[NO. OF DAYS WITH]      [WEATHER - DAYS WITH]      9 = BLOWING SNOW
                                                   X = TORNADO
MAX 32 OR BELOW:   0    0.01 INCH OR MORE:   7
MAX 90 OR ABOVE:   0    0.10 INCH OR MORE:   3
MIN 32 OR BELOW:   0    0.50 INCH OR MORE:   2
MIN  0 OR BELOW:   0    1.00 INCH OR MORE:   0

[HDD (BASE 65) ]
TOTAL THIS MO.   138    CLEAR  (SCALE 0-3)   5
DPTR FM NORMAL  -196    PTCLDY (SCALE 4-7)  10
TOTAL FM JUL 1  1406    CLOUDY (SCALE 8-10)  7
DPTR FM NORMAL  -334

[CDD (BASE 65) ]
TOTAL THIS MO.    50
DPTR FM NORMAL    50    [PRESSURE DATA]
TOTAL FM JAN 1    52    HIGHEST SLP M ON M
DPTR FM NORMAL    51    LOWEST  SLP 29.83 ON  4

[REMARKS]
