000
CXUS54 KFWD 210730
CF6DTO
PRELIMINARY LOCAL CLIMATOLOGICAL DATA (WS FORM: F-6)

                                          STATION:   DENTON
                                          MONTH:     NOVEMBER
                                          YEAR:      2017
                                          LATITUDE:   33 12 N
                                          LONGITUDE:  97 12 W

  TEMPERATURE IN F:       :PCPN:    SNOW:  WIND      :SUNSHINE: SKY     :PK WND
================================================================================
1   2   3   4   5  6A  6B    7    8   9   10  11  12  13   14  15   16   17  18
                                     12Z  AVG MX 2MIN
DY MAX MIN AVG DEP HDD CDD  WTR  SNW DPTH SPD SPD DIR MIN PSBL S-S WX    SPD DR
================================================================================

 1  80  49  65   5   0   0 0.00  0.0    0 11.4 22 160   M    M   4        27 150
 2  94  61  78  19   0  13 0.00  0.0    0 11.7 23 220   M    M   0        28 220
 3  67  48  58  -1   7   0 0.00  0.0    0  4.3 12 300   M    M   3 18     15 290
 4  88  50  69  10   0   4 0.00  0.0    0 12.5 24 200   M    M   3 1      30 190
 5  93  63  78  20   0  13 0.00  0.0    0 12.5 21 210   M    M   2        27 190
 6  70  53  62   4   3   0 0.00  0.0    0  8.7 17  30   M    M   2 8      21  40
 7  61  47  54  -4  11   0 0.00  0.0    0 11.3 22  10   M    M   7        27 360
 8  48  43  46 -11  19   0 0.68  0.0    0  8.8 18  10   M    M  10 1      24  10
 9  59  40  50  -7  15   0 0.00  0.0    0  3.8 10 110   M    M   5 1      13  80
10  65  37  51  -5  14   0 0.00  0.0    0  4.8 16 170   M    M   4 128    20 160
11  68  55  62   6   3   0 0.00  0.0    0 11.9 22 170   M    M  10        27 160
12  70  59  65   9   0   0 0.00  0.0    0  5.7 16  40   M    M  10        21  20
13  67  49  58   3   7   0    T  0.0    0  7.3 13 120   M    M   8        14  30
14  80  61  71  16   0   6 0.00  0.0    0 13.9 26 190   M    M   8        32 180
15  75  62  69  14   0   4    T  0.0    0 10.2 22  30   M    M   8        26  20
16  73  59  66  12   0   1    T  0.0    0  6.9 13 140   M    M   7 1      15  60
17  84  63  74  20   0   9 0.00  0.0    0 16.2 29 200   M    M   5 1      34 200
18  73  39  56   3   9   0 0.00  0.0    0 15.7 36 350   M    M   1        43 340
19  62  30  46  -7  19   0 0.00  0.0    0  3.6  9 110   M    M   0        11 110
20  66  31  49  -4  16   0 0.00  0.0    0  9.2 23 170   M    M   0        27 180
================================================================================
SM 1443  999       123  50  0.68     0.0 190.4          M       97
================================================================================
AV 72.2 50.0                               9.5 FASTST   M    M   5    MAX(MPH)
                                 MISC ---->  # 36 350               # 43  340
================================================================================
NOTES:
# LAST OF SEVERAL OCCURRENCES

COLUMN 17 PEAK WIND IN M.P.H.

PRELIMINARY LOCAL CLIMATOLOGICAL DATA (WS FORM: F-6) , PAGE 2

                                          STATION:  DENTON
                                          MONTH:    NOVEMBER
                                          YEAR:     2017
                                          LATITUDE:   33 12 N
                                          LONGITUDE:  97 12 W

[TEMPERATURE DATA]      [PRECIPITATION DATA]       SYMBOLS USED IN COLUMN 16

AVERAGE MONTHLY: 61.1   TOTAL FOR MONTH:   0.68    1 = FOG OR MIST
DPTR FM NORMAL:   4.8   DPTR FM NORMAL:   -1.38    2 = FOG REDUCING VISIBILITY
HIGHEST:    94 ON  2    GRTST 24HR  0.68 ON  8- 8      TO 1/4 MILE OR LESS
LOWEST:     30 ON 19                               3 = THUNDER
                        SNOW, ICE PELLETS, HAIL    4 = ICE PELLETS
                        TOTAL MONTH:   0.0 INCH    5 = HAIL
                        GRTST 24HR     0.0         6 = FREEZING RAIN OR DRIZZLE
                        GRTST DEPTH:   0           7 = DUSTSTORM OR SANDSTORM:
                                                       VSBY 1/2 MILE OR LESS
                                                   8 = SMOKE OR HAZE
[NO. OF DAYS WITH]      [WEATHER - DAYS WITH]      9 = BLOWING SNOW
                                                   X = TORNADO
MAX 32 OR BELOW:   0    0.01 INCH OR MORE:   1
MAX 90 OR ABOVE:   2    0.10 INCH OR MORE:   1
MIN 32 OR BELOW:   2    0.50 INCH OR MORE:   1
MIN  0 OR BELOW:   0    1.00 INCH OR MORE:   0

[HDD (BASE 65) ]
TOTAL THIS MO.   123    CLEAR  (SCALE 0-3)   7
DPTR FM NORMAL   -66    PTCLDY (SCALE 4-7)   7
TOTAL FM JUL 1   247    CLOUDY (SCALE 8-10)  6
DPTR FM NORMAL   -52

[CDD (BASE 65) ]
TOTAL THIS MO.    50
DPTR FM NORMAL    38    [PRESSURE DATA]
TOTAL FM JAN 1  2590    HIGHEST SLP M ON M
DPTR FM NORMAL   174    LOWEST  SLP 29.63 ON 18

[REMARKS]
