000
CXUS54 KFWD 260730
CF6DTO
PRELIMINARY LOCAL CLIMATOLOGICAL DATA (WS FORM: F-6)

                                          STATION:   DENTON
                                          MONTH:     MARCH
                                          YEAR:      2015
                                          LATITUDE:   33 12 N
                                          LONGITUDE:  97 12 W

  TEMPERATURE IN F:       :PCPN:    SNOW:  WIND      :SUNSHINE: SKY     :PK WND
================================================================================
1   2   3   4   5  6A  6B    7    8   9   10  11  12  13   14  15   16   17  18
                                     12Z  AVG MX 2MIN
DY MAX MIN AVG DEP HDD CDD  WTR  SNW DPTH SPD SPD DIR MIN PSBL S-S WX    SPD DR
================================================================================

 1  36  31  34 -17  31   0 0.01  0.0    M  7.7 15  10   M    M  10 16     18  10
 2  39  32  36 -15  29   0 0.01  0.0    M  6.4 15  10   M    M   8 12     20  10
 3  51  39  45  -6  20   0 0.01  0.0    0  4.2 10 130   M    M  10 12     13 140
 4  49  26  38 -14  27   0 0.27    M    0 16.2 29  10   M    M  10 126    36 360
 5  41  21  31 -21  34   0    T    M    M  7.4 22 360   M    M   1 1      27 360
 6  51  22  37 -15  28   0 0.00  0.0    M  5.1 13 200   M    M   0        16 190
 7  63  25  44  -8  21   0 0.00  0.0    0  5.8 14 180   M    M   3 1      17 180
 8  54  46  50  -3  15   0 0.04  0.0    0  9.2 16 150   M    M   9 1      20 160
 9  50  47  49  -4  16   0 0.31  0.0    0  7.3 13  50   M    M   9 1      15  50
10  60  48  54   1  11   0 0.00  0.0    0  6.1 12 360   M    M  10 12     14 310
11  69  41  55   1  10   0 0.00  0.0    0  5.5 15  20   M    M   5 12     20  40
12  70  46  58   4   7   0 0.00  0.0    0  7.5 16  30   M    M   2        21  10
13  61  53  57   3   8   0 0.37  0.0    0 10.0 21 330   M    M  10 1      25 320
14  66  54  60   5   5   0 0.00  0.0    0 14.4 28  10   M    M  10 1      36  10
15  68  50  59   4   6   0 0.00  0.0    0  5.0 18  40   M    M   8        22  30
16  78  45  62   7   3   0 0.00  0.0    0  6.2 15 210   M    M   0 1      18 180
17  80  59  70  14   0   5    T  0.0    0  5.9 14  20   M    M   3        17  40
18  66  53  60   4   5   0 0.14  0.0    0  5.3 12  20   M    M   9 1      14 320
19  70  54  62   6   3   0 0.13  0.0    0  7.9 20 310   M    M   8 138    27 300
20  57  50  54  -2  11   0 0.57  0.0    0  8.3 21  60   M    M   8 13     25  60
21  62  50  56  -1   9   0 0.12  0.0    0  6.1 12  40   M    M   9 1      14  50
22  68  51  60   3   5   0 0.07  0.0    0  4.1  9  40   M    M   5 1      13 360
23  76  49  63   6   2   0 0.00  0.0    0  9.1 18 160   M    M   0 12     22 140
24  86  59  73  15   0   8 0.00  0.0    0 13.3 24 200   M    M   1        30 200
25  83  62  73  15   0   8    T  0.0    0 16.8 28 180   M    M   2        37 290
================================================================================
SM 1554 1113       306  21  2.05     0.0 200.8          M      150
================================================================================
AV 62.2 44.5                               8.0 FASTST   M    M   6    MAX(MPH)
                                 MISC ---->  # 29  10               # 37  290
================================================================================
NOTES:
# LAST OF SEVERAL OCCURRENCES

COLUMN 17 PEAK WIND IN M.P.H.

PRELIMINARY LOCAL CLIMATOLOGICAL DATA (WS FORM: F-6) , PAGE 2

                                          STATION:  DENTON
                                          MONTH:    MARCH
                                          YEAR:     2015
                                          LATITUDE:   33 12 N
                                          LONGITUDE:  97 12 W

[TEMPERATURE DATA]      [PRECIPITATION DATA]       SYMBOLS USED IN COLUMN 16

AVERAGE MONTHLY: 53.3   TOTAL FOR MONTH:   2.05    1 = FOG OR MIST
DPTR FM NORMAL:  -1.0   DPTR FM NORMAL:   -0.86    2 = FOG REDUCING VISIBILITY
HIGHEST:    86 ON 24    GRTST 24HR  0.57 ON 20-20      TO 1/4 MILE OR LESS
LOWEST:     21 ON  5                               3 = THUNDER
                        SNOW, ICE PELLETS, HAIL    4 = ICE PELLETS
                        TOTAL MONTH:   0.0 INCH    5 = HAIL
                        GRTST 24HR     0.0         6 = FREEZING RAIN OR DRIZZLE
                        GRTST DEPTH:   0           7 = DUSTSTORM OR SANDSTORM:
                                                       VSBY 1/2 MILE OR LESS
                                                   8 = SMOKE OR HAZE
[NO. OF DAYS WITH]      [WEATHER - DAYS WITH]      9 = BLOWING SNOW
                                                   X = TORNADO
MAX 32 OR BELOW:   0    0.01 INCH OR MORE:  12
MAX 90 OR ABOVE:   0    0.10 INCH OR MORE:   7
MIN 32 OR BELOW:   6    0.50 INCH OR MORE:   1
MIN  0 OR BELOW:   0    1.00 INCH OR MORE:   0

[HDD (BASE 65) ]
TOTAL THIS MO.   306    CLEAR  (SCALE 0-3)   8
DPTR FM NORMAL    25    PTCLDY (SCALE 4-7)   3
TOTAL FM JUL 1  2585    CLOUDY (SCALE 8-10) 14
DPTR FM NORMAL    59

[CDD (BASE 65) ]
TOTAL THIS MO.    21
DPTR FM NORMAL    10    [PRESSURE DATA]
TOTAL FM JAN 1    21    HIGHEST SLP M ON M
DPTR FM NORMAL     6    LOWEST  SLP 29.71 ON 25

[REMARKS]
