000
CXUS55 KTWC 300855
CF6DUG
PRELIMINARY LOCAL CLIMATOLOGICAL DATA (WS FORM: F-6)

                                          STATION:   DOUGLAS AZ
                                          MONTH:     MARCH
                                          YEAR:      2015
                                          LATITUDE:   31 28 N
                                          LONGITUDE: 109 36 W

  TEMPERATURE IN F:       :PCPN:    SNOW:  WIND      :SUNSHINE: SKY     :PK WND
================================================================================
1   2   3   4   5  6A  6B    7    8   9   10  11  12  13   14  15   16   17  18
                                     12Z  AVG MX 2MIN
DY MAX MIN AVG DEP HDD CDD  WTR  SNW DPTH SPD SPD DIR MIN PSBL S-S WX    SPD DR
================================================================================

 1  72  40  56   4   9   0 0.00  0.0    0 11.2 25 190   M    M   1        33 190
 2  65  50  58   6   7   0 0.00  0.0    0 20.7 33 190   M    M   4        41 210
 3  64  43  54   2  11   0 0.39    M    0 10.0 24 240   M    M   6 1      31 240
 4  56  36  46  -7  19   0    T    M    0  4.7 20 230   M    M   7        25 230
 5  59  28  44  -9  21   0 0.00  0.0    0 11.9 28  90   M    M   0        33  90
 6  67  43  55   2  10   0 0.00  0.0    0 14.4 25  90   M    M   0        32  80
 7  67  37  52  -1  13   0 0.00  0.0    0  7.4 15 160   M    M   0        20 190
 8  69  32  51  -2  14   0 0.00  0.0    0  6.5 22  90   M    M   1        27  90
 9  73  37  55   2  10   0 0.00  0.0    0  4.5 22 290   M    M   2        27 280
10  74  34  54   0  11   0 0.00  0.0    0  4.9 12 360   M    M   0        17 170
11  75  34  55   1  10   0 0.00  0.0    0  8.9 24 110   M    M   0        31 110
12  71  51  61   7   4   0 0.00  0.0    0  5.3 14 360   M    M   4        18 320
13  73  47  60   6   5   0 0.00  0.0    0  9.8 25  80   M    M   4        34  90
14  71  43  57   3   8   0    T    M    0 15.2 31  70   M    M   1        44  80
15  71  47  59   5   6   0 0.00  0.0    0 15.6 32 100   M    M   0        39 100
16  75  53  64  10   1   0 0.00  0.0    0 12.4 21 110   M    M   0        26  90
17  73  44  59   4   6   0    T    M    0  5.6 14 270   M    M   6        18 270
18  63  51  57   2   8   0 0.47  0.0    0  5.7 16 230   M    M   M 13     28 300
19  64  47  56   1   9   0 0.06  0.0    0  5.8 18 300   M    M   M 1      22 290
20  70  40  55   0  10   0 0.00  0.0    0  4.5 15 160   M    M   M 12     18 170
21  74  40  57   2   8   0 0.00  0.0    0  8.3 20 310   M    M   M        25 320
22  77  41  59   3   6   0 0.00  0.0    0  4.3 13 320   M    M   M        16 260
23  82  40  61   5   4   0 0.00  0.0    0  5.9 24 230   M    M   0        32 230
24  81  38  60   4   5   0 0.00  0.0    0  7.1 24 250   M    M   0        32 250
25  75  41  58   2   7   0 0.00  0.0    0  8.1 20 320   M    M   0        27 280
26  77  40  59   3   6   0 0.00  0.0    0  7.0 16  90   M    M   0        23  30
27  84  34  59   3   6   0 0.00  0.0    0  4.0 13  20   M    M   0        14 240
28  87  37  62   5   3   0 0.00  0.0    0  5.7 15 280   M    M   0        23 210
29  83  44  64   7   1   0 0.00  0.0    0  4.5 14 180   M    M   0        18 190
================================================================================
SM 2092 1192       238   0  0.92     0.0 239.9          M       36
================================================================================
AV 72.1 41.1                               8.3 FASTST   M    M   2    MAX(MPH)
                                 MISC ---->  # 33 190               # 44   80
================================================================================
NOTES:
# LAST OF SEVERAL OCCURRENCES

COLUMN 17 PEAK WIND IN M.P.H.

PRELIMINARY LOCAL CLIMATOLOGICAL DATA (WS FORM: F-6) , PAGE 2

                                          STATION:  DOUGLAS AZ
                                          MONTH:    MARCH
                                          YEAR:     2015
                                          LATITUDE:   31 28 N
                                          LONGITUDE: 109 36 W

[TEMPERATURE DATA]      [PRECIPITATION DATA]       SYMBOLS USED IN COLUMN 16

AVERAGE MONTHLY: 56.6   TOTAL FOR MONTH:   0.92    1 = FOG OR MIST
DPTR FM NORMAL:   2.2   DPTR FM NORMAL:    0.44    2 = FOG REDUCING VISIBILITY
HIGHEST:    87 ON 28    GRTST 24HR  0.47 ON 18-18      TO 1/4 MILE OR LESS
LOWEST:     28 ON  5                               3 = THUNDER
                        SNOW, ICE PELLETS, HAIL    4 = ICE PELLETS
                        TOTAL MONTH:   0.0 INCH    5 = HAIL
                        GRTST 24HR     0.0         6 = FREEZING RAIN OR DRIZZLE
                        GRTST DEPTH:   0           7 = DUSTSTORM OR SANDSTORM:
                                                       VSBY 1/2 MILE OR LESS
                                                   8 = SMOKE OR HAZE
[NO. OF DAYS WITH]      [WEATHER - DAYS WITH]      9 = BLOWING SNOW
                                                   X = TORNADO
MAX 32 OR BELOW:   0    0.01 INCH OR MORE:   3
MAX 90 OR ABOVE:   0    0.10 INCH OR MORE:   2
MIN 32 OR BELOW:   2    0.50 INCH OR MORE:   0
MIN  0 OR BELOW:   0    1.00 INCH OR MORE:   0

[HDD (BASE 65) ]
TOTAL THIS MO.   238    CLEAR  (SCALE 0-3)  18
DPTR FM NORMAL   -71    PTCLDY (SCALE 4-7)   6
TOTAL FM JUL 1  2076    CLOUDY (SCALE 8-10)  0
DPTR FM NORMAL  -269

[CDD (BASE 65) ]
TOTAL THIS MO.     0
DPTR FM NORMAL     0    [PRESSURE DATA]
TOTAL FM JAN 1     0    HIGHEST SLP M ON M
DPTR FM NORMAL     0    LOWEST  SLP 29.77 ON  3

[REMARKS]
