000
CXUS54 KEWX 260910
CF6DZB
PRELIMINARY LOCAL CLIMATOLOGICAL DATA (WS FORM: F-6)

                                          STATION:   Horseshoe Bay
                                          MONTH:     MAY
                                          YEAR:      2016
                                          LATITUDE:   30 31 N
                                          LONGITUDE:  98 22 W

  TEMPERATURE IN F:       :PCPN:    SNOW:  WIND      :SUNSHINE: SKY     :PK WND
================================================================================
1   2   3   4   5  6A  6B    7    8   9   10  11  12  13   14  15   16   17  18
                                     12Z  AVG MX 2MIN
DY MAX MIN AVG DEP HDD CDD  WTR  SNW DPTH SPD SPD DIR MIN PSBL S-S WX    SPD DR
================================================================================

 1  76  60  68   M   0   3 0.00  0.0    0  5.5 12  40   M    M   8         M  M
 2  68  50  59   M   6   0 0.03    M    M  7.0 13 340   M    M   9 3      21 340
 3  77  45  61   M   4   0 0.00    M    0  2.2  7  50   M    M   0         M  M
 4  84  48  66   M   0   1 0.00    M    0  4.2 12 340   M    M   0        17 350
 5  86  49  68   M   0   3 0.00  0.0    0  2.2  6 340   M    M   0         M  M
 6  86  53  70   M   0   5 0.00  0.0    0  3.5  8 140   M    M   0         M  M
 7  84  62  73   M   0   8 0.00  0.0    0  9.1 16 160   M    M   0        29 160
 8  73  68  71   M   0   6 0.04  0.0    0 10.0 21 170   M    M   8        33 160
 9  89  69  79   M   0  14 0.00  0.0    0  9.0 15 180   M    M   4        25 200
10  94  66  80   M   0  15 0.00  0.0    0  6.2 13 360   M    M   5 13     25 360
11  90  64  77   M   0  12 0.06  0.0    0  6.3 22 150   M    M   4 3      30 150
12  85  63  74   M   0   9 0.44  0.0    0  3.1  8 150   M    M   5 3      17  30
13  88  69  79   M   0  14 0.00    M    0  2.1  6 130   M    M   4         M  M
14  80  63  72   M   0   7 1.77  0.0    0  2.4  7 110   M    M   6 3       M  M
15  72  59  66   M   0   1 0.06    M    M  1.5  6  70   M    M   8         M  M
16  81  64  73   M   0   8 0.01    M    M  5.2 12 140   M    M   7 1      17 140
17  82  64  73   M   0   8 0.32  0.0    0  5.2 14  40   M    M   9 13     23  40
18  69  61  65   M   0   0 0.02  0.0    0  4.7 13 120   M    M  10        22 120
19  73  59  66   M   0   1 2.23    M    0  3.0  8 340   M    M   8 13      M  M
20  83  58  71   M   0   6 0.00    M    0  1.6  7 130   M    M   5         M  M
21  87  69  78   M   0  13 0.00    M    0  4.1  8 120   M    M   7        16 100
22  87  72  80   M   0  15 0.00    M    0  5.0 12 160   M    M   8 1      21 160
23  87  71  79   M   0  14 0.00    M    0  7.9 14 140   M    M   8        21 160
24  86  72  79   M   0  14 0.00  0.0    0  7.9 13 160   M    M   8        21 160
25  85  75  80   M   0  15 0.00  0.0    0  6.0 12 190   M    M   8        20 190
================================================================================
SM 2052 1553        10 192  4.98     0.0 124.9          M      139
================================================================================
AV 82.1 62.1                               5.0 FASTST   M    M   6    MAX(MPH)
                                 MISC ---->    22   M                 33    M
================================================================================
NOTES:
# LAST OF SEVERAL OCCURRENCES

COLUMN 17 PEAK WIND IN M.P.H.

PRELIMINARY LOCAL CLIMATOLOGICAL DATA (WS FORM: F-6) , PAGE 2

                                          STATION:  Horseshoe Bay
                                          MONTH:    MAY
                                          YEAR:     2016
                                          LATITUDE:   30 31 N
                                          LONGITUDE:  98 22 W

[TEMPERATURE DATA]      [PRECIPITATION DATA]       SYMBOLS USED IN COLUMN 16

AVERAGE MONTHLY: 72.1   TOTAL FOR MONTH:   4.98    1 = FOG OR MIST
DPTR FM NORMAL:     M   DPTR FM NORMAL:       M    2 = FOG REDUCING VISIBILITY
HIGHEST:    94 ON 10    GRTST 24HR  2.23 ON 19-19      TO 1/4 MILE OR LESS
LOWEST:     45 ON  3                               3 = THUNDER
                        SNOW, ICE PELLETS, HAIL    4 = ICE PELLETS
                        TOTAL MONTH:   0.0 INCH    5 = HAIL
                        GRTST 24HR     0.0         6 = FREEZING RAIN OR DRIZZLE
                        GRTST DEPTH:   0           7 = DUSTSTORM OR SANDSTORM:
                                                       VSBY 1/2 MILE OR LESS
                                                   8 = SMOKE OR HAZE
[NO. OF DAYS WITH]      [WEATHER - DAYS WITH]      9 = BLOWING SNOW
                                                   X = TORNADO
MAX 32 OR BELOW:   0    0.01 INCH OR MORE:  10
MAX 90 OR ABOVE:   2    0.10 INCH OR MORE:   4
MIN 32 OR BELOW:   0    0.50 INCH OR MORE:   2
MIN  0 OR BELOW:   0    1.00 INCH OR MORE:   2

[HDD (BASE 65) ]
TOTAL THIS MO.    10    CLEAR  (SCALE 0-3)   5
DPTR FM NORMAL     M    PTCLDY (SCALE 4-7)  13
TOTAL FM JUL 1  1390    CLOUDY (SCALE 8-10)  7
DPTR FM NORMAL     M

[CDD (BASE 65) ]
TOTAL THIS MO.   192
DPTR FM NORMAL     M    [PRESSURE DATA]
TOTAL FM JAN 1   414    HIGHEST SLP M ON M
DPTR FM NORMAL     M    LOWEST  SLP M ON M

[REMARKS]
