000
CXUS54 KMAF 011100
CF6E38
PRELIMINARY LOCAL CLIMATOLOGICAL DATA (WS FORM: F-6)

                                          STATION:   Alpine-Casparis Municipal
                                          MONTH:     JANUARY
                                          YEAR:      2015
                                          LATITUDE:   30 23 N
                                          LONGITUDE: 103 41 W

  TEMPERATURE IN F:       :PCPN:    SNOW:  WIND      :SUNSHINE: SKY     :PK WND
================================================================================
1   2   3   4   5  6A  6B    7    8   9   10  11  12  13   14  15   16   17  18
                                     12Z  AVG MX 2MIN
DY MAX MIN AVG DEP HDD CDD  WTR  SNW DPTH SPD SPD DIR MIN PSBL S-S WX    SPD DR
================================================================================

 1  27  20  24   M  41   0 0.00  0.0    0  0.0  M   M   M    M  10         M  M
 2  31  24  28   M  37   0 0.00  0.0    0  0.9  4 120   M    M  10         M  M
 3  49  24  37   M  28   0 0.60    M    0  9.4 23 240   M    M   5        32 240
 4  48  28  38   M  27   0 0.00  0.0    0  4.1 10 230   M    M   1         M  M
 5  62  26  44   M  21   0 0.00  0.0    0  8.8 14 240   M    M   0         M  M
 6  68  36  52   M  13   0 0.00  0.0    0  8.9 18 220   M    M   0         M  M
 7  44  21  33   M  32   0 0.00  0.0    0 11.9 23  50   M    M   5        29  40
 8  50  21  36   M  29   0 0.00  0.0    0 14.8 28 230   M    M   6        35 230
 9  40  26  33   M  32   0 0.00  0.0    0  9.6 22 230   M    M   9        16  30
10  44  26  35   M  30   0 0.02    M    0  8.1 23 220   M    M  10        24 230
11  62  34  48   M  17   0 0.00  0.0    0 13.5 22 230   M    M   3        29 230
12  54  30  42   M  23   0 0.00  0.0    0  9.4 16  60   M    M   4        21  70
13  32  28  30   M  35   0 0.00  0.0    0  4.6  9  50   M    M  10         M  M
14  31  29  30   M  35   0 0.00  0.0    0  3.6  7  60   M    M  10         M  M
15  51  28  40   M  25   0 0.00  0.0    0  3.1  8  60   M    M   4         M  M
16  59  27  43   M  22   0 0.00  0.0    0  7.9 15 220   M    M   0        20 220
17  69  34  52   M  13   0 0.00  0.0    0  9.9 21 260   M    M   0        28 270
18  67  29  48   M  17   0 0.00  0.0    0 10.3 21 230   M    M   0        25 230
19  75  46  61   M   4   0 0.00  0.0    0  8.8 16 230   M    M   0         M  M
20  74  40  57   M   8   0 0.00  0.0    0  8.8 15 240   M    M   0        17 260
21  53  32  43   M  22   0 0.13    M    0  4.2 10  40   M    M   7 3       M  M
22  37  28  33   M  32   0 0.07    M    0  9.3 15  10   M    M  10        18  40
23  47  27  37   M  28   0 0.05    M    0  7.5 14 250   M    M   4        16 310
24  56  25  41   M  24   0 0.00  0.0    0  6.4 17 220   M    M   0         M  M
25  56  32  44   M  21   0 0.00  0.0    0  7.2 16 230   M    M   0        24 230
26  63  32  48   M  17   0 0.00  0.0    0  5.6  9 270   M    M   0         M  M
27  71  40  56   M   9   0 0.00  0.0    0  6.8  9 240   M    M   2        20 230
28  75  48  62   M   3   0 0.00  0.0    0  6.5 12 230   M    M   1        16 220
29  65  40  53   M  12   0 0.01    M    0 10.0 18  10   M    M   4        24  10
30  47  38  43   M  22   0 0.05    M    0  8.2 12  40   M    M   8        18  40
31  65  42  54   M  11   0 0.23    M    0 11.1 22 270   M    M   7 3      38 270
================================================================================
SM 1672  961       690   0  1.16     0.0 239.2          M      130
================================================================================
AV 53.9 31.0                               7.7 FASTST   M    M   4    MAX(MPH)
                                 MISC ---->    28   M               # 38  270
================================================================================
NOTES:
# LAST OF SEVERAL OCCURRENCES

COLUMN 17 PEAK WIND IN M.P.H.

PRELIMINARY LOCAL CLIMATOLOGICAL DATA (WS FORM: F-6) , PAGE 2

                                          STATION:  Alpine-Casparis Municipal
                                          MONTH:    JANUARY
                                          YEAR:     2015
                                          LATITUDE:   30 23 N
                                          LONGITUDE: 103 41 W

[TEMPERATURE DATA]      [PRECIPITATION DATA]       SYMBOLS USED IN COLUMN 16

AVERAGE MONTHLY: 42.5   TOTAL FOR MONTH:   1.16    1 = FOG OR MIST
DPTR FM NORMAL:     M   DPTR FM NORMAL:       M    2 = FOG REDUCING VISIBILITY
HIGHEST:    75 ON 28,19 GRTST 24HR  0.60 ON  3- 3      TO 1/4 MILE OR LESS
LOWEST:     20 ON  1                               3 = THUNDER
                        SNOW, ICE PELLETS, HAIL    4 = ICE PELLETS
                        TOTAL MONTH:   0.0 INCH    5 = HAIL
                        GRTST 24HR     0.0         6 = FREEZING RAIN OR DRIZZLE
                        GRTST DEPTH:   0           7 = DUSTSTORM OR SANDSTORM:
                                                       VSBY 1/2 MILE OR LESS
                                                   8 = SMOKE OR HAZE
[NO. OF DAYS WITH]      [WEATHER - DAYS WITH]      9 = BLOWING SNOW
                                                   X = TORNADO
MAX 32 OR BELOW:   4    0.01 INCH OR MORE:   8
MAX 90 OR ABOVE:   0    0.10 INCH OR MORE:   3
MIN 32 OR BELOW:  21    0.50 INCH OR MORE:   1
MIN  0 OR BELOW:   0    1.00 INCH OR MORE:   0

[HDD (BASE 65) ]
TOTAL THIS MO.   690    CLEAR  (SCALE 0-3)  13
DPTR FM NORMAL     M    PTCLDY (SCALE 4-7)  11
TOTAL FM JUL 1  1697    CLOUDY (SCALE 8-10)  7
DPTR FM NORMAL     M

[CDD (BASE 65) ]
TOTAL THIS MO.     0
DPTR FM NORMAL     M    [PRESSURE DATA]
TOTAL FM JAN 1     0    HIGHEST SLP M ON M
DPTR FM NORMAL     M    LOWEST  SLP M ON M

[REMARKS]
#FINAL-01-15#
