000
CXUS56 KOTX 011500
CF6EAT
PRELIMINARY LOCAL CLIMATOLOGICAL DATA (WS FORM: F-6)

                                          STATION:   WENATCHEE WA PANGBORN FIELD
                                          MONTH:     JUNE
                                          YEAR:      2015
                                          LATITUDE:   47 23 N
                                          LONGITUDE: 120 12 W

  TEMPERATURE IN F:       :PCPN:    SNOW:  WIND      :SUNSHINE: SKY     :PK WND
================================================================================
1   2   3   4   5  6A  6B    7    8   9   10  11  12  13   14  15   16   17  18
                                     12Z  AVG MX 2MIN
DY MAX MIN AVG DEP HDD CDD  WTR  SNW DPTH SPD SPD DIR MIN PSBL S-S WX    SPD DR
================================================================================

 1  85  64  75  11   0  10    T    M    M 11.2 28 310   M    M   2        35 310
 2  74  60  67   3   0   2 0.00    M    M 15.5 22 300   M    M   6        27 290
 3  76  58  67   3   0   2 0.00    M    M 10.6 20 350   M    M   4        34  20
 4  82  55  69   5   0   4 0.00    M    M  6.4 14 310   M    M   1        17 310
 5  89  60  75  10   0  10 0.00    M    M  6.8 14 340   M    M   0        17 330
 6  95  63  79  14   0  14 0.00    M    M  6.9 20 300   M    M   0        26 310
 7  99  69  84  19   0  19 0.00    M    M  8.2 16 300   M    M   0        20 300
 8 103  73  88  23   0  23 0.00    M    M 10.7 20 290   M    M   0        25 300
 9  99  70  85  20   0  20 0.00    M    M 12.2 22 310   M    M   0        26 300
10  96  68  82  16   0  17 0.00    M    M 15.9 31 290   M    M   0        38 290
11  91  66  79  13   0  14 0.00    M    M 18.6 31 310   M    M   0        40 320
12  78  56  67   1   0   2 0.00    M    M 18.5 33 310   M    M   0        39 300
13  79  52  66   0   0   1 0.00    M    M  7.2 14 290   M    M   1        23 310
14  85  54  70   4   0   5 0.00    M    M  7.3 13 200   M    M   0        19  30
15  89  59  74   8   0   9 0.00    M    M  6.8 13 260   M    M   0        18 240
16  93  63  78  11   0  13 0.00    M    M  7.5 16 300   0    0   0         M  M
17  92  68  80  13   0  15 0.00    M    M 12.9 23 300   M    M   0        26 300
18  88  69  79  12   0  14 0.00    M    M 10.7 21 290   M    M   2        24 280
19  80  63  72   5   0   7 0.00    M    M 17.3 31 310   M    M   0        38 320
20  83  56  70   2   0   5 0.00    M    M  7.8 16 290   M    M   0        20 320
21  83  61  72   4   0   7 0.00    M    M  6.7 16 310   M    M   0        20 300
22  88  63  76   8   0  11    T    M    M  9.2 20 300   M    M   0        23 300
23  90  62  76   8   0  11 0.00    M    M  9.3 16 300   M    M   0        20 290
24  88  70  79  11   0  14 0.00    M    M  9.8 18 310   M    M   2        23 310
25  96  65  81  12   0  16 0.00    M    M  7.4 14 150   M    M   0 8      18 150
26 102  72  87  18   0  22 0.00    M    M  7.0 14 120   M    M   0        18 120
27 105  74  90  21   0  25 0.00    M    M  6.1 12 110   M    M   0        17 110
28 109  77  93  23   0  28    T    M    M  8.8 18 310   M    M   1 8      23 240
29  99  73  86  16   0  21 0.04    M    M 11.6 25 290   M    M   0 3      30 290
30 100  74  87  17   0  22    T    M    M  9.6 20 280   M    M   0        26 290
================================================================================
SM 2716 1937         0 383  0.04    M    304.5            0     19
================================================================================
AV 90.5 64.6                              10.1 FASTST    0   0   1    MAX(MPH)
                                 MISC ---->  # 33 310               # 40  320
================================================================================
NOTES:
# LAST OF SEVERAL OCCURRENCES

COLUMN 17 PEAK WIND IN M.P.H.

PRELIMINARY LOCAL CLIMATOLOGICAL DATA (WS FORM: F-6) , PAGE 2

                                          STATION:  WENATCHEE WA PANGBORN FIELD
                                          MONTH:    JUNE
                                          YEAR:     2015
                                          LATITUDE:   47 23 N
                                          LONGITUDE: 120 12 W

[TEMPERATURE DATA]      [PRECIPITATION DATA]       SYMBOLS USED IN COLUMN 16

AVERAGE MONTHLY: 77.6   TOTAL FOR MONTH:   0.04    1 = FOG OR MIST
DPTR FM NORMAL:  10.9   DPTR FM NORMAL:   -0.56    2 = FOG REDUCING VISIBILITY
HIGHEST:   109 ON 28    GRTST 24HR  0.04 ON 29-29      TO 1/4 MILE OR LESS
LOWEST:     52 ON 13                               3 = THUNDER
                        SNOW, ICE PELLETS, HAIL    4 = ICE PELLETS
                        TOTAL MONTH:    M          5 = HAIL
                        GRTST 24HR    M  ON   M    6 = FREEZING RAIN OR DRIZZLE
                        GRTST DEPTH:  M  ON   M    7 = DUSTSTORM OR SANDSTORM:
                                                       VSBY 1/2 MILE OR LESS
                                                   8 = SMOKE OR HAZE
[NO. OF DAYS WITH]      [WEATHER - DAYS WITH]      9 = BLOWING SNOW
                                                   X = TORNADO
MAX 32 OR BELOW:   0    0.01 INCH OR MORE:   1
MAX 90 OR ABOVE:  15    0.10 INCH OR MORE:   0
MIN 32 OR BELOW:   0    0.50 INCH OR MORE:   0
MIN  0 OR BELOW:   0    1.00 INCH OR MORE:   0

[HDD (BASE 65) ]
TOTAL THIS MO.     0    CLEAR  (SCALE 0-3)  28
DPTR FM NORMAL   -58    PTCLDY (SCALE 4-7)   2
TOTAL FM JUL 1  4498    CLOUDY (SCALE 8-10)  0
DPTR FM NORMAL -1274

[CDD (BASE 65) ]
TOTAL THIS MO.   383
DPTR FM NORMAL    91    [PRESSURE DATA]
TOTAL FM JAN 1   482    HIGHEST SLP 30.09 ON 25
DPTR FM NORMAL    43    LOWEST  SLP 29.64 ON  1

[REMARKS]
#FINAL-06-15#
